This is the mail archive of the
gcc-testresults@gcc.gnu.org
mailing list for the GCC project.
Results for 3.4.5 20050601 (prerelease) testsuite on alpha-unknown-linux-gnu
- From: Richard Henderson <rth at redhat dot com>
- To: gcc-testresults at gcc dot gnu dot org
- Date: Wed, 1 Jun 2005 09:29:43 -0700
- Subject: Results for 3.4.5 20050601 (prerelease) testsuite on alpha-unknown-linux-gnu
LAST_UPDATED: Wed Jun 1 08:46:38 UTC 2005
Native configuration is alpha-unknown-linux-gnu
=== libffi tests ===
Running target unix
=== libffi Summary ===
# of expected passes 212
# of unsupported tests 2
=== libjava tests ===
Running target unix
=== libjava Summary ===
# of expected passes 3271
# of expected failures 10
# of untested testcases 8
=== libstdc++ tests ===
Running target unix
XPASS: 22_locale/locale/cons/12658_thread.cc execution test
FAIL: 26_numerics/complex/pow.cc execution test
FAIL: 26_numerics/fabs_inline.cc (test for excess errors)
WARNING: 26_numerics/fabs_inline.cc compilation failed to produce executable
XPASS: 27_io/fpos/14320-1.cc execution test
=== libstdc++ Summary ===
# of expected passes 2733
# of unexpected failures 2
# of unexpected successes 2
# of expected failures 5
=== g++ tests ===
Running target unix
XPASS: g++.dg/rtti/tinfo1.C scan-assembler _ZTIP9CTemplateIhE:
XPASS: g++.dg/rtti/tinfo1.C scan-assembler-not .globl[ \\t]+_ZTIP9CTemplateIhE
WARNING: g++.old-deja/g++.mike/p10769a.C compilation failed to produce executable
WARNING: g++.old-deja/g++.other/enum5.C compilation failed to produce executable
WARNING: g++.old-deja/g++.pt/friend44.C compilation failed to produce executable
=== g++ Summary ===
# of expected passes 9794
# of unexpected successes 2
# of expected failures 72
# of unsupported tests 81
/local/rth/gcc/bld-34/gcc/testsuite/../g++ version 3.4.5 20050601 (prerelease)
=== g77 tests ===
Running target unix
=== g77 Summary ===
# of expected passes 1812
# of unsupported tests 6
/local/rth/gcc/bld-34/gcc/testsuite/../g77 version 3.4.5 20050601 (prerelease)
=== gcc tests ===
Running target unix
FAIL: gcc.dg/20040123-1.c scan-assembler abort
FAIL: gcc.dg/pack-test-4.c execution test
FAIL: gcc.dg/special/gcsec-1.c (test for excess errors)
=== gcc Summary ===
# of expected passes 24747
# of unexpected failures 3
# of expected failures 79
# of untested testcases 7
# of unsupported tests 350
/local/rth/gcc/bld-34/gcc/xgcc version 3.4.5 20050601 (prerelease)
=== objc tests ===
Running target unix
=== objc Summary ===
# of expected passes 1352
# of unsupported tests 8
/local/rth/gcc/bld-34/gcc/xgcc version 3.4.5 20050601 (prerelease)
Compiler version: 3.4.5 20050601 (prerelease)
Platform: alpha-unknown-linux-gnu
configure flags: alpha-linux --prefix=/local/H-alpha-linux