This is the mail archive of the
gcc-testresults@gcc.gnu.org
mailing list for the GCC project.
Results for 4.1.0 20050530 (experimental) testsuite on hppa2.0w-hp-hpux11.11
- From: CodeSourcery Automatic Testing System <gcc at codesourcery dot com>
- To: gcc-testresults at gcc dot gnu dot org
- Date: Mon, 30 May 2005 08:24:28 -0700
- Subject: Results for 4.1.0 20050530 (experimental) testsuite on hppa2.0w-hp-hpux11.11
LAST_UPDATED: Mon May 30 09:29:58 UTC 2005
Native configuration is hppa2.0w-hp-hpux11.11
=== g++ tests ===
Running target unix
FAIL: g++.dg/tree-ssa/pr14814.C scan-tree-dump-times &this 0
=== g++ Summary ===
# of expected passes 10688
# of unexpected failures 1
# of expected failures 66
# of unsupported tests 133
/scratch/gcc/nightly-2005-05-30-mainline/hppa2.0w-hp-hpux11.11/build_gcc/install/bin/c++ version 4.1.0 20050530 (experimental)
=== gcc tests ===
Running target unix
FAIL: gcc.dg/special/weak-1.c execution test
=== gcc Summary ===
# of expected passes 34108
# of unexpected failures 1
# of expected failures 78
# of untested testcases 28
# of unsupported tests 574
/scratch/gcc/nightly-2005-05-30-mainline/hppa2.0w-hp-hpux11.11/build_gcc/install/bin/gcc version 4.1.0 20050530 (experimental)
=== libstdc++ tests ===
Running target unix
=== libstdc++ Summary ===
# of expected passes 2387
# of expected failures 11
# of unsupported tests 153
Compiler version: 4.1.0 20050530 (experimental)
Platform: hppa2.0w-hp-hpux11.11
configure flags: --disable-nls --build=hppa2.0w-hp-hpux11.11 --host=hppa2.0w-hp-hpux11.11 --target=hppa2.0w-hp-hpux11.11 --enable-threads=posix --disable-libmudflap --with-gnu-as --with-as=/scratch/gcc/nightly-2005-05-30-mainline/hppa2.0w-hp-hpux11.11/build_gcc/install/bin/as --without-gnu-ld --with-ld=/usr/ccs/bin/ld --prefix=/scratch/gcc/nightly-2005-05-30-mainline/hppa2.0w-hp-hpux11.11/build_gcc/install --enable-languages=c,c++