This is the mail archive of the
gcc-testresults@gcc.gnu.org
mailing list for the GCC project.
Results for 4.1.0 20050526 (experimental) gfortran testsuite on sparc-sun-solaris2.9
- From: Francois-Xavier Coudert <coudert at lcp dot u-psud dot fr>
- To: gcc-testresults at gcc dot gnu dot org
- Date: Fri, 27 May 2005 10:48:48 +0200
- Subject: Results for 4.1.0 20050526 (experimental) gfortran testsuite on sparc-sun-solaris2.9
LAST_UPDATED:
Native configuration is sparc-sun-solaris2.9
=== gfortran tests ===
Running target unix
XPASS: gfortran.dg/ret_pointer_1.f90 -O0 execution test
XPASS: gfortran.dg/ret_pointer_1.f90 -O1 execution test
XPASS: gfortran.dg/ret_pointer_1.f90 -O2 execution test
XPASS: gfortran.dg/ret_pointer_1.f90 -O3 -fomit-frame-pointer execution test
XPASS: gfortran.dg/ret_pointer_1.f90 -O3 -fomit-frame-pointer -funroll-loops execution test
XPASS: gfortran.dg/ret_pointer_1.f90 -O3 -fomit-frame-pointer -funroll-all-loops -finline-functions execution test
XPASS: gfortran.dg/ret_pointer_1.f90 -O3 -g execution test
XPASS: gfortran.dg/ret_pointer_1.f90 -Os execution test
=== gfortran Summary for unix ===
# of expected passes6850
# of unexpected successes8
# of expected failures21
# of unsupported tests21
Running target unix/-m64
FAIL: gfortran.dg/array_constructor_1.f90 -O0 (test for warnings, line 7)
FAIL: gfortran.dg/array_constructor_1.f90 -O0 (test for warnings, line 12)
XPASS: gfortran.dg/ret_pointer_1.f90 -O0 execution test
XPASS: gfortran.dg/ret_pointer_1.f90 -O1 execution test
XPASS: gfortran.dg/ret_pointer_1.f90 -O2 execution test
XPASS: gfortran.dg/ret_pointer_1.f90 -O3 -fomit-frame-pointer execution test
XPASS: gfortran.dg/ret_pointer_1.f90 -O3 -fomit-frame-pointer -funroll-loops execution test
XPASS: gfortran.dg/ret_pointer_1.f90 -O3 -fomit-frame-pointer -funroll-all-loops -finline-functions execution test
XPASS: gfortran.dg/ret_pointer_1.f90 -O3 -g execution test
XPASS: gfortran.dg/ret_pointer_1.f90 -Os execution test
=== gfortran Summary for unix/-m64 ===
# of expected passes6848
# of unexpected failures2
# of unexpected successes8
# of expected failures21
# of unsupported tests21
=== gfortran Summary ===
# of expected passes13698
# of unexpected failures2
# of unexpected successes16
# of expected failures42
# of unsupported tests42
/tmp/gfortran-20050526/ibin/gcc/testsuite/../gfortran version 4.1.0 20050526 (experimental)
Compiler version: 4.1.0 20050526 (experimental) gfortran
Platform: sparc-sun-solaris2.9
configure flags: --prefix=/tmp/gfortran-20050526/irun --enable-languages=c,f95,;t t