This is the mail archive of the
gcc-testresults@gcc.gnu.org
mailing list for the GCC project.
Results for 4.1.0 20050526 (experimental) testsuite on s390-ibm-linux-gnu
- From: Ulrich Weigand <uweigand at de dot ibm dot com>
- To: gcc-testresults at gcc dot gnu dot org
- Date: Thu, 26 May 2005 16:51:02 +0200
- Subject: Results for 4.1.0 20050526 (experimental) testsuite on s390-ibm-linux-gnu
LAST_UPDATED:
Native configuration is s390-ibm-linux-gnu
=== g++ tests ===
Running target unix
FAIL: g++.dg/tree-ssa/pr14814.C scan-tree-dump-times &this 0
XPASS: g++.old-deja/g++.other/init5.C execution test
=== g++ Summary ===
# of expected passes 10986
# of unexpected failures 1
# of unexpected successes 1
# of expected failures 65
# of unsupported tests 96
/mnt/dasdc1/fsf/gcc-head-build/gcc/testsuite/../g++ version 4.1.0 20050526 (experimental)
=== gcc tests ===
Running target unix
FAIL: gcc.c-torture/execute/built-in-setjmp.c execution, -O1
XPASS: gcc.dg/tree-ssa/20040204-1.c scan-tree-dump-times link_error 0
=== gcc Summary ===
# of expected passes 34630
# of unexpected failures 1
# of unexpected successes 1
# of expected failures 77
# of untested testcases 28
# of unsupported tests 492
/mnt/dasdc1/fsf/gcc-head-build/gcc/xgcc version 4.1.0 20050526 (experimental)
=== gfortran tests ===
Running target unix
FAIL: gfortran.dg/eoshift.f90 -O0 execution test
XPASS: gfortran.dg/ret_pointer_1.f90 -O0 execution test
XPASS: gfortran.dg/ret_pointer_1.f90 -O1 execution test
XPASS: gfortran.dg/ret_pointer_1.f90 -O2 execution test
XPASS: gfortran.dg/ret_pointer_1.f90 -O3 -fomit-frame-pointer execution test
XPASS: gfortran.dg/ret_pointer_1.f90 -O3 -fomit-frame-pointer -funroll-loops execution test
XPASS: gfortran.dg/ret_pointer_1.f90 -O3 -fomit-frame-pointer -funroll-all-loops -finline-functions execution test
XPASS: gfortran.dg/ret_pointer_1.f90 -O3 -g execution test
XPASS: gfortran.dg/ret_pointer_1.f90 -Os execution test
=== gfortran Summary ===
# of expected passes 6847
# of unexpected failures 1
# of unexpected successes 8
# of expected failures 18
# of unsupported tests 17
/mnt/dasdc1/fsf/gcc-head-build/gcc/testsuite/../gfortran version 4.1.0 20050526 (experimental)
=== obj-c++ tests ===
Running target unix
ERROR: tcl error sourcing /home/uweigand/fsf/gcc-head/gcc/testsuite/obj-c++.dg/dg.exp.
ERROR: can't read "srcdir": no such variable
=== obj-c++ Summary ===
/mnt/dasdc1/fsf/gcc-head-build/gcc/testsuite/../g++ version 4.1.0 20050526 (experimental)
=== objc tests ===
Running target unix
=== objc Summary ===
# of expected passes 1550
# of unsupported tests 13
/mnt/dasdc1/fsf/gcc-head-build/gcc/xgcc version 4.1.0 20050526 (experimental)
=== libffi tests ===
Running target unix
=== libffi Summary ===
# of expected passes 219
# of unsupported tests 2
=== libjava tests ===
Running target unix
=== libjava Summary ===
# of expected passes 3815
# of expected failures 10
# of untested testcases 8
=== libmudflap tests ===
Running target unix
=== libmudflap Summary ===
# of expected passes 1331
=== libstdc++ tests ===
Running target unix
XPASS: 26_numerics/cmath/c99_classification_macros_c.cc (test for excess errors)
=== libstdc++ Summary ===
# of expected passes 3764
# of unexpected successes 1
# of expected failures 12
Compiler version: 4.1.0 20050526 (experimental)
Platform: s390-ibm-linux-gnu
configure flags: --prefix=/home/uweigand/fsf/gcc-head-install --enable-__cxa_atexit --enable-languages=c,c++,f95,java,objc,obj-c++