This is the mail archive of the gcc-testresults@gcc.gnu.org mailing list for the GCC project.
Index Nav: | [Date Index] [Subject Index] [Author Index] [Thread Index] | |
---|---|---|
Message Nav: | [Date Prev] [Date Next] | [Thread Prev] [Thread Next] |
Other format: | [Raw text] |
LAST_UPDATED: Fri May 20 10:35:26 UTC 2005 Native configuration is i386-pc-solaris2.10 === g++ tests === Running target unix FAIL: g++.dg/tree-ssa/pr14814.C scan-tree-dump-times &this 0 ERROR: g++.old-deja/g++.jason/thunk3.C: syntax error in target selector "xfail rs6000-*-* powerpc-*-eabi m68k-*-coff mn10300-*-* v850-*-* sh-*-* sh64-*-* h8*-*-* xtensa-*-* m32r*-*" for " dg-do 1 run { xfail rs6000-*-* powerpc-*-eabi m68k-*-coff mn10300-*-* v850-*-* sh-*-* sh64-*-* h8*-*-* xtensa-*-* m32r*-* } " UNRESOLVED: g++.old-deja/g++.jason/thunk3.C: syntax error in target selector "xfail rs6000-*-* powerpc-*-eabi m68k-*-coff mn10300-*-* v850-*-* sh-*-* sh64-*-* h8*-*-* xtensa-*-* m32r*-*" for " dg-do 1 run { xfail rs6000-*-* powerpc-*-eabi m68k-*-coff mn10300-*-* v850-*-* sh-*-* sh64-*-* h8*-*-* xtensa-*-* m32r*-* } " === g++ Summary for unix === # of expected passes 10984 # of unexpected failures 1 # of expected failures 66 # of unresolved testcases 1 # of unsupported tests 98 Running target unix/-m64 FAIL: g++.dg/opt/inline9.C (test for excess errors) WARNING: g++.dg/opt/inline9.C compilation failed to produce executable FAIL: g++.dg/tree-ssa/pr14814.C scan-tree-dump-times &this 0 ERROR: g++.old-deja/g++.jason/thunk3.C: syntax error in target selector "xfail rs6000-*-* powerpc-*-eabi m68k-*-coff mn10300-*-* v850-*-* sh-*-* sh64-*-* h8*-*-* xtensa-*-* m32r*-*" for " dg-do 1 run { xfail rs6000-*-* powerpc-*-eabi m68k-*-coff mn10300-*-* v850-*-* sh-*-* sh64-*-* h8*-*-* xtensa-*-* m32r*-* } " UNRESOLVED: g++.old-deja/g++.jason/thunk3.C: syntax error in target selector "xfail rs6000-*-* powerpc-*-eabi m68k-*-coff mn10300-*-* v850-*-* sh-*-* sh64-*-* h8*-*-* xtensa-*-* m32r*-*" for " dg-do 1 run { xfail rs6000-*-* powerpc-*-eabi m68k-*-coff mn10300-*-* v850-*-* sh-*-* sh64-*-* h8*-*-* xtensa-*-* m32r*-* } " FAIL: g++.old-deja/g++.law/profile1.C execution test === g++ Summary for unix/-m64 === # of expected passes 10907 # of unexpected failures 3 # of expected failures 66 # of unresolved testcases 1 # of unsupported tests 121 === g++ Summary === # of expected passes 21891 # of unexpected failures 4 # of expected failures 132 # of unresolved testcases 2 # of unsupported tests 219 /amnt/figaro/volumes/obj-gcc/gcc/obj.sol86/gcc-4.1.0-20050520/10-gcc-gas/gcc/testsuite/../g++ version 4.1.0 20050520 (experimental) === gcc tests === Running target unix XPASS: gcc.dg/uninit-9.c uninitialized variable warning (test for bogus messages, line 26) FAIL: largefile.c (test for excess errors) FAIL: largefile.c (test for excess errors) FAIL: largefile.c (test for excess errors) FAIL: largefile.c (test for excess errors) FAIL: largefile.c (test for excess errors) FAIL: largefile.c (test for excess errors) FAIL: largefile.c (test for excess errors) XPASS: gcc.dg/tree-ssa/20040204-1.c scan-tree-dump-times link_error 0 FAIL: gcc.dg/vect/pr18400.c (test for excess errors) WARNING: gcc.dg/vect/pr18400.c compilation failed to produce executable FAIL: gcc.dg/vect/pr20122.c execution test FAIL: gcc.dg/vect/vect-11.c execution test FAIL: gcc.dg/vect/vect-11a.c (test for excess errors) WARNING: gcc.dg/vect/vect-11a.c compilation failed to produce executable FAIL: gcc.dg/vect/vect-11a.c scan-tree-dump-times vectorized 1 loops 2 FAIL: gcc.dg/vect/vect-17.c execution test FAIL: gcc.dg/vect/vect-18.c execution test FAIL: gcc.dg/vect/vect-19.c execution test FAIL: gcc.dg/vect/vect-2.c (test for excess errors) WARNING: gcc.dg/vect/vect-2.c compilation failed to produce executable FAIL: gcc.dg/vect/vect-20.c execution test FAIL: gcc.dg/vect/vect-22.c execution test XPASS: gcc.dg/vect/vect-22.c scan-tree-dump-times vectorized 3 loops 1 FAIL: gcc.dg/vect/vect-26.c execution test FAIL: gcc.dg/vect/vect-27.c execution test FAIL: gcc.dg/vect/vect-3.c execution test FAIL: gcc.dg/vect/vect-31.c execution test FAIL: gcc.dg/vect/vect-32.c execution test FAIL: gcc.dg/vect/vect-34.c (test for excess errors) WARNING: gcc.dg/vect/vect-34.c compilation failed to produce executable FAIL: gcc.dg/vect/vect-36.c execution test FAIL: gcc.dg/vect/vect-4.c execution test FAIL: gcc.dg/vect/vect-40.c execution test FAIL: gcc.dg/vect/vect-42.c execution test FAIL: gcc.dg/vect/vect-43.c execution test FAIL: gcc.dg/vect/vect-46.c execution test FAIL: gcc.dg/vect/vect-48.c execution test FAIL: gcc.dg/vect/vect-5.c execution test FAIL: gcc.dg/vect/vect-52.c execution test FAIL: gcc.dg/vect/vect-54.c execution test FAIL: gcc.dg/vect/vect-56.c execution test FAIL: gcc.dg/vect/vect-58.c execution test FAIL: gcc.dg/vect/vect-6.c execution test FAIL: gcc.dg/vect/vect-60.c execution test FAIL: gcc.dg/vect/vect-62.c execution test FAIL: gcc.dg/vect/vect-64.c execution test FAIL: gcc.dg/vect/vect-65.c execution test FAIL: gcc.dg/vect/vect-66.c (test for excess errors) WARNING: gcc.dg/vect/vect-66.c compilation failed to produce executable XPASS: gcc.dg/vect/vect-67.c scan-tree-dump-times vectorized 1 loops 1 FAIL: gcc.dg/vect/vect-68.c execution test FAIL: gcc.dg/vect/vect-7.c execution test FAIL: gcc.dg/vect/vect-72.c execution test FAIL: gcc.dg/vect/vect-73.c execution test FAIL: gcc.dg/vect/vect-89.c execution test FAIL: gcc.dg/vect/vect-92.c execution test FAIL: gcc.dg/vect/vect-93.c (test for excess errors) WARNING: gcc.dg/vect/vect-93.c compilation failed to produce executable FAIL: gcc.dg/vect/vect-97.c execution test FAIL: gcc.dg/vect/vect-all.c (test for excess errors) WARNING: gcc.dg/vect/vect-all.c compilation failed to produce executable FAIL: gcc.dg/vect/vect-dv-2.c execution test FAIL: gcc.dg/vect/vect-ifcvt-1.c execution test FAIL: gcc.dg/vect/vect-ifcvt-2.c execution test FAIL: gcc.dg/vect/vect-ifcvt-3.c execution test FAIL: gcc.dg/vect/vect-ifcvt-4.c execution test FAIL: gcc.dg/vect/vect-ifcvt-5.c execution test FAIL: gcc.dg/vect/vect-ifcvt-6.c execution test FAIL: gcc.dg/vect/vect-ifcvt-7.c execution test FAIL: gcc.dg/vect/vect-none.c scan-tree-dump-times vectorized 1 loops 1 FAIL: gcc.target/i386/abi-1.c scan-assembler xmm0 === gcc Summary for unix === # of expected passes 35454 # of unexpected failures 61 # of unexpected successes 4 # of expected failures 102 # of untested testcases 35 # of unsupported tests 350 Running target unix/-m64 FAIL: gcc.dg/i386-387-8.c (test for excess errors) ERROR: gcc.dg/i386-387-8.c: error executing dg-final: couldn't open "i386-387-8.s": no such file or directory UNRESOLVED: gcc.dg/i386-387-8.c: error executing dg-final: couldn't open "i386-387-8.s": no such file or directory WARNING: gcc.dg/i386-loop-1.c compilation failed to produce executable FAIL: gcc.dg/i386-ssefn-1.c scan-assembler-not movsd FAIL: gcc.dg/i386-ssefn-1.c scan-assembler-not mulsd FAIL: gcc.dg/ia64-sync-1.c (test for excess errors) WARNING: gcc.dg/ia64-sync-1.c compilation failed to produce executable FAIL: gcc.dg/ia64-sync-2.c (test for excess errors) WARNING: gcc.dg/ia64-sync-2.c compilation failed to produce executable FAIL: gcc.dg/ia64-sync-3.c (test for excess errors) WARNING: gcc.dg/ia64-sync-3.c compilation failed to produce executable FAIL: gcc.dg/ia64-sync-4.c (test for excess errors) FAIL: gcc.dg/nest.c execution test XPASS: gcc.dg/uninit-9.c uninitialized variable warning (test for bogus messages, line 26) FAIL: gcc.dg/pch/inline-4.c (test for excess errors) FAIL: gcc.dg/pch/inline-4.c (test for excess errors) FAIL: largefile.c (test for excess errors) FAIL: largefile.c (test for excess errors) FAIL: largefile.c (test for excess errors) FAIL: largefile.c (test for excess errors) FAIL: largefile.c (test for excess errors) FAIL: largefile.c (test for excess errors) FAIL: largefile.c (test for excess errors) FAIL: gcc.dg/tree-ssa/gen-vect-11.c (test for excess errors) WARNING: gcc.dg/tree-ssa/gen-vect-11.c compilation failed to produce executable FAIL: gcc.dg/tree-ssa/gen-vect-11b.c (test for excess errors) WARNING: gcc.dg/tree-ssa/gen-vect-11b.c compilation failed to produce executable FAIL: gcc.dg/tree-ssa/gen-vect-11b.c scan-tree-dump-times vectorized 0 loops 1 FAIL: gcc.dg/tree-ssa/gen-vect-11c.c scan-tree-dump-times vectorized 0 loops 1 FAIL: gcc.dg/tree-ssa/stdarg-2.c scan-tree-dump f3: va_list escapes 0, needs to save [1-9][0-9]* GPR units FAIL: gcc.dg/tree-ssa/stdarg-2.c scan-tree-dump f12: va_list escapes 0, needs to save [1-9][0-9]* GPR units FAIL: gcc.dg/tree-ssa/stdarg-2.c scan-tree-dump f13: va_list escapes 0, needs to save [1-9][0-9]* GPR units FAIL: gcc.dg/tree-ssa/stdarg-4.c scan-tree-dump f2: va_list escapes [01], needs to save all GPR units FAIL: gcc.dg/tree-ssa/stdarg-4.c scan-tree-dump f4: va_list escapes 0, needs to save [148] GPR units FAIL: gcc.dg/vect/pr18400.c (test for excess errors) WARNING: gcc.dg/vect/pr18400.c compilation failed to produce executable FAIL: gcc.dg/vect/vect-11a.c (test for excess errors) WARNING: gcc.dg/vect/vect-11a.c compilation failed to produce executable FAIL: gcc.dg/vect/vect-11a.c scan-tree-dump-times vectorized 1 loops 2 FAIL: gcc.dg/vect/vect-2.c (test for excess errors) WARNING: gcc.dg/vect/vect-2.c compilation failed to produce executable XPASS: gcc.dg/vect/vect-22.c scan-tree-dump-times vectorized 3 loops 1 FAIL: gcc.dg/vect/vect-34.c (test for excess errors) WARNING: gcc.dg/vect/vect-34.c compilation failed to produce executable FAIL: gcc.dg/vect/vect-66.c (test for excess errors) WARNING: gcc.dg/vect/vect-66.c compilation failed to produce executable XPASS: gcc.dg/vect/vect-67.c scan-tree-dump-times vectorized 1 loops 1 FAIL: gcc.dg/vect/vect-93.c (test for excess errors) WARNING: gcc.dg/vect/vect-93.c compilation failed to produce executable FAIL: gcc.dg/vect/vect-all.c (test for excess errors) WARNING: gcc.dg/vect/vect-all.c compilation failed to produce executable FAIL: gcc.dg/vect/vect-none.c scan-tree-dump-times vectorized 1 loops 1 FAIL: gcc.misc-tests/linkage.c link FAIL: gcc.target/i386/asm-1.c (test for errors, line 4) === gcc Summary for unix/-m64 === # of expected passes 35203 # of unexpected failures 37 # of unexpected successes 3 # of expected failures 108 # of unresolved testcases 1 # of untested testcases 37 # of unsupported tests 442 === gcc Summary === # of expected passes 70657 # of unexpected failures 98 # of unexpected successes 7 # of expected failures 210 # of unresolved testcases 1 # of untested testcases 72 # of unsupported tests 792 /amnt/figaro/volumes/obj-gcc/gcc/obj.sol86/gcc-4.1.0-20050520/10-gcc-gas/gcc/xgcc version 4.1.0 20050520 (experimental) === gfortran tests === Running target unix XPASS: gfortran.dg/ret_pointer_1.f90 execution test XPASS: gfortran.dg/ret_pointer_1.f90 execution test XPASS: gfortran.dg/ret_pointer_1.f90 execution test XPASS: gfortran.dg/ret_pointer_1.f90 execution test XPASS: gfortran.dg/ret_pointer_1.f90 execution test XPASS: gfortran.dg/ret_pointer_1.f90 execution test XPASS: gfortran.dg/ret_pointer_1.f90 execution test XPASS: gfortran.dg/ret_pointer_1.f90 execution test FAIL: gfortran.dg/g77/cpp3.F (test for excess errors) WARNING: gfortran.dg/g77/cpp3.F compilation failed to produce executable FAIL: gfortran.dg/vect/vect-5.f90 (test for excess errors) WARNING: gfortran.dg/vect/vect-5.f90 compilation failed to produce executable === gfortran Summary for unix === # of expected passes 6878 # of unexpected failures 2 # of unexpected successes 8 # of expected failures 24 # of unsupported tests 8 Running target unix/-m64 XPASS: gfortran.dg/ret_pointer_1.f90 execution test XPASS: gfortran.dg/ret_pointer_1.f90 execution test XPASS: gfortran.dg/ret_pointer_1.f90 execution test XPASS: gfortran.dg/ret_pointer_1.f90 execution test XPASS: gfortran.dg/ret_pointer_1.f90 execution test XPASS: gfortran.dg/ret_pointer_1.f90 execution test XPASS: gfortran.dg/ret_pointer_1.f90 execution test XPASS: gfortran.dg/ret_pointer_1.f90 execution test FAIL: gfortran.dg/g77/cpp3.F (test for excess errors) WARNING: gfortran.dg/g77/cpp3.F compilation failed to produce executable FAIL: gfortran.dg/vect/vect-5.f90 (test for excess errors) WARNING: gfortran.dg/vect/vect-5.f90 compilation failed to produce executable === gfortran Summary for unix/-m64 === # of expected passes 6875 # of unexpected failures 2 # of unexpected successes 8 # of expected failures 27 # of unsupported tests 8 === gfortran Summary === # of expected passes 13753 # of unexpected failures 4 # of unexpected successes 16 # of expected failures 51 # of unsupported tests 16 /amnt/figaro/volumes/obj-gcc/gcc/obj.sol86/gcc-4.1.0-20050520/10-gcc-gas/gcc/testsuite/../gfortran version 4.1.0 20050520 (experimental) === objc tests === Running target unix === objc Summary for unix === # of expected passes 1534 # of unsupported tests 12 Running target unix/-m64 === objc Summary for unix/-m64 === # of expected passes 1534 # of unsupported tests 12 === objc Summary === # of expected passes 3068 # of unsupported tests 24 /amnt/figaro/volumes/obj-gcc/gcc/obj.sol86/gcc-4.1.0-20050520/10-gcc-gas/gcc/xgcc version 4.1.0 20050520 (experimental) === libffi tests === Running target unix === libffi Summary for unix === # of expected passes 219 # of unsupported tests 2 Running target unix/-m64 FAIL: libffi.special/unwindtest.cc execution test === libffi Summary for unix/-m64 === # of expected passes 217 # of unexpected failures 1 # of unsupported tests 2 === libffi Summary === # of expected passes 436 # of unexpected failures 1 # of unsupported tests 4 === libjava tests === Running target unix FAIL: PR9577 output FAIL: longfield output FAIL: shortfield output FAIL: simple output FAIL: /vol/gnu/src/gcc/gcc-dist/libjava/testsuite/libjava.jar/simple.jar output - gij test FAIL: PR15133 output FAIL: PR18116 output FAIL: bytebuffer output FAIL: calls output FAIL: cxxtest output FAIL: directbuffer output FAIL: field output FAIL: final_method output FAIL: findclass output FAIL: iface output FAIL: invoke output FAIL: jniutf output FAIL: martin output FAIL: noclass output FAIL: overload output FAIL: pr11951 output FAIL: register output FAIL: simple_int output FAIL: throwit output FAIL: virtual output FAIL: PR16923 output FAIL: ArrayStore output - source compiled test FAIL: ArrayStore output - gij test FAIL: ArrayStore -O3 output - source compiled test FAIL: ArrayStore output - gij test FAIL: ArrayStore2 output - gij test FAIL: ArrayStore2 output - bytecode->native test FAIL: ArrayStore2 output - gij test FAIL: ArrayStore2 -O3 output - bytecode->native test FAIL: Array_1 output - source compiled test FAIL: Array_1 output - gij test FAIL: Array_1 output - bytecode->native test FAIL: Array_1 -O3 output - source compiled test FAIL: Array_1 output - gij test FAIL: Array_1 -O3 output - bytecode->native test FAIL: Array_2 output - source compiled test FAIL: Array_2 output - gij test FAIL: Array_2 output - bytecode->native test FAIL: Array_2 -O3 output - source compiled test FAIL: Array_2 output - gij test FAIL: Array_2 -O3 output - bytecode->native test FAIL: Array_3 output - source compiled test FAIL: Array_3 output - gij test FAIL: Array_3 output - bytecode->native test FAIL: Array_3 -O3 output - source compiled test FAIL: Array_3 output - gij test FAIL: Array_3 -O3 output - bytecode->native test FAIL: Class_1 execution - source compiled test FAIL: Class_1 output - gij test FAIL: Class_1 execution - bytecode->native test FAIL: Class_1 -O3 execution - source compiled test FAIL: Class_1 output - gij test FAIL: Class_1 -O3 execution - bytecode->native test FAIL: CompareNaN output - source compiled test FAIL: CompareNaN output - gij test FAIL: CompareNaN output - bytecode->native test FAIL: CompareNaN -O3 output - source compiled test FAIL: CompareNaN output - gij test FAIL: CompareNaN -O3 output - bytecode->native test FAIL: Divide_1 output - source compiled test FAIL: Divide_1 output - gij test FAIL: Divide_1 output - bytecode->native test FAIL: Divide_1 -O3 output - source compiled test FAIL: Divide_1 output - gij test FAIL: Divide_1 -O3 output - bytecode->native test FAIL: EvaluationOrder output - source compiled test FAIL: EvaluationOrder output - gij test FAIL: EvaluationOrder output - bytecode->native test FAIL: EvaluationOrder -O3 output - source compiled test FAIL: EvaluationOrder output - gij test FAIL: EvaluationOrder -O3 output - bytecode->native test FAIL: FileHandleGcTest execution - source compiled test FAIL: FileHandleGcTest execution - gij test FAIL: FileHandleGcTest execution - bytecode->native test FAIL: FileHandleGcTest -O3 execution - source compiled test FAIL: FileHandleGcTest execution - gij test FAIL: FileHandleGcTest -O3 execution - bytecode->native test FAIL: Final output - source compiled test FAIL: Final output - gij test FAIL: Final output - bytecode->native test FAIL: Final -O3 output - source compiled test FAIL: Final output - gij test FAIL: Final -O3 output - bytecode->native test FAIL: Float_1 output - source compiled test FAIL: Float_1 output - gij test FAIL: Float_1 output - bytecode->native test FAIL: Float_1 -O3 output - source compiled test FAIL: Float_1 output - gij test FAIL: Float_1 -O3 output - bytecode->native test FAIL: G19990301_01 output - source compiled test FAIL: G19990301_01 output - gij test FAIL: G19990301_01 output - bytecode->native test FAIL: G19990301_01 -O3 output - source compiled test FAIL: G19990301_01 output - gij test FAIL: G19990301_01 -O3 output - bytecode->native test FAIL: G19990302_02 output - source compiled test FAIL: G19990302_02 output - gij test FAIL: G19990302_02 output - bytecode->native test FAIL: G19990302_02 -O3 output - source compiled test FAIL: G19990302_02 output - gij test FAIL: G19990302_02 -O3 output - bytecode->native test FAIL: G19990303_01 output - source compiled test FAIL: G19990303_01 output - gij test FAIL: G19990303_01 output - bytecode->native test FAIL: G19990303_01 -O3 output - source compiled test FAIL: G19990303_01 output - gij test FAIL: G19990303_01 -O3 output - bytecode->native test FAIL: G19990303_02 output - source compiled test FAIL: G19990303_02 output - gij test FAIL: G19990303_02 output - bytecode->native test FAIL: G19990303_02 -O3 output - source compiled test FAIL: G19990303_02 output - gij test FAIL: G19990303_02 -O3 output - bytecode->native test FAIL: G19990304_01 output - source compiled test FAIL: G19990304_01 output - gij test FAIL: G19990304_01 output - bytecode->native test FAIL: G19990304_01 -O3 output - source compiled test FAIL: G19990304_01 output - gij test FAIL: G19990304_01 -O3 output - bytecode->native test FAIL: G19990310_01 output - source compiled test FAIL: G19990310_01 output - gij test FAIL: G19990310_01 output - bytecode->native test FAIL: G19990310_01 -O3 output - source compiled test FAIL: G19990310_01 output - gij test FAIL: G19990310_01 -O3 output - bytecode->native test FAIL: II output - source compiled test FAIL: II output - gij test FAIL: II output - bytecode->native test FAIL: II -O3 output - source compiled test FAIL: II output - gij test FAIL: II -O3 output - bytecode->native test FAIL: InterfaceDispatch output - source compiled test FAIL: InterfaceDispatch output - gij test FAIL: InterfaceDispatch output - bytecode->native test FAIL: InterfaceDispatch -O3 output - source compiled test FAIL: InterfaceDispatch output - gij test FAIL: InterfaceDispatch -O3 output - bytecode->native test FAIL: InvokeInterface output - source compiled test FAIL: InvokeInterface output - gij test FAIL: InvokeInterface execution - bytecode->native test FAIL: InvokeInterface -O3 output - source compiled test FAIL: InvokeInterface output - gij test FAIL: InvokeInterface -O3 execution - bytecode->native test FAIL: InvokeReturn output - source compiled test FAIL: InvokeReturn output - gij test FAIL: InvokeReturn output - bytecode->native test FAIL: InvokeReturn -O3 output - source compiled test FAIL: InvokeReturn output - gij test FAIL: InvokeReturn -O3 output - bytecode->native test FAIL: Invoke_1 output - source compiled test FAIL: Invoke_1 output - gij test FAIL: Invoke_1 output - bytecode->native test FAIL: Invoke_1 -O3 output - source compiled test FAIL: Invoke_1 output - gij test FAIL: Invoke_1 -O3 output - bytecode->native test FAIL: Invoke_2 output - source compiled test FAIL: Invoke_2 output - gij test FAIL: Invoke_2 output - bytecode->native test FAIL: Invoke_2 -O3 output - source compiled test FAIL: Invoke_2 output - gij test FAIL: Invoke_2 -O3 output - bytecode->native test FAIL: KeepInline output - source compiled test FAIL: KeepInline output - gij test FAIL: KeepInline output - bytecode->native test FAIL: KeepInline -O3 output - source compiled test FAIL: KeepInline output - gij test FAIL: KeepInline -O3 output - bytecode->native test FAIL: LargeFile output - source compiled test FAIL: LargeFile output - gij test FAIL: LargeFile output - bytecode->native test FAIL: LargeFile -O3 output - source compiled test FAIL: LargeFile output - gij test FAIL: LargeFile -O3 output - bytecode->native test FAIL: MathBuiltin output - source compiled test FAIL: MathBuiltin output - gij test FAIL: MathBuiltin output - bytecode->native test FAIL: MathBuiltin -O3 output - source compiled test FAIL: MathBuiltin output - gij test FAIL: MathBuiltin -O3 output - bytecode->native test FAIL: Matrix4f output - source compiled test FAIL: Matrix4f output - gij test FAIL: Matrix4f output - bytecode->native test FAIL: Matrix4f -O3 output - source compiled test FAIL: Matrix4f output - gij test FAIL: Matrix4f -O3 output - bytecode->native test FAIL: N19990310_02 output - source compiled test FAIL: N19990310_02 output - gij test FAIL: N19990310_02 output - bytecode->native test FAIL: N19990310_02 -O3 output - source compiled test FAIL: N19990310_02 output - gij test FAIL: N19990310_02 -O3 output - bytecode->native test FAIL: N19990310_3 output - source compiled test FAIL: N19990310_3 output - gij test FAIL: N19990310_3 output - bytecode->native test FAIL: N19990310_3 -O3 output - source compiled test FAIL: N19990310_3 output - gij test FAIL: N19990310_3 -O3 output - bytecode->native test FAIL: N19990310_4 output - source compiled test FAIL: N19990310_4 output - gij test FAIL: N19990310_4 output - bytecode->native test FAIL: N19990310_4 -O3 output - source compiled test FAIL: N19990310_4 output - gij test FAIL: N19990310_4 -O3 output - bytecode->native test FAIL: N19990310_5 output - source compiled test FAIL: N19990310_5 output - gij test FAIL: N19990310_5 output - bytecode->native test FAIL: N19990310_5 -O3 output - source compiled test FAIL: N19990310_5 output - gij test FAIL: N19990310_5 -O3 output - bytecode->native test FAIL: Overflow output - source compiled test FAIL: Overflow output - gij test FAIL: Overflow output - bytecode->native test FAIL: Overflow -O3 output - source compiled test FAIL: Overflow output - gij test FAIL: Overflow -O3 output - bytecode->native test FAIL: PR12350 output - source compiled test FAIL: PR12350 output - gij test FAIL: PR12350 output - bytecode->native test FAIL: PR12350 -O3 output - source compiled test FAIL: PR12350 output - gij test FAIL: PR12350 -O3 output - bytecode->native test FAIL: PR12416 output - source compiled test FAIL: PR12416 output - gij test FAIL: PR12416 execution - bytecode->native test FAIL: PR12416 -O3 output - source compiled test FAIL: PR12416 output - gij test FAIL: PR12416 -O3 execution - bytecode->native test FAIL: PR12656 output - source compiled test FAIL: PR12656 output - gij test FAIL: PR12656 output - bytecode->native test FAIL: PR12656 -O3 output - source compiled test FAIL: PR12656 output - gij test FAIL: PR12656 -O3 output - bytecode->native test FAIL: PR12915 output - source compiled test FAIL: PR12915 output - gij test FAIL: PR12915 output - bytecode->native test FAIL: PR12915 -O3 output - source compiled test FAIL: PR12915 output - gij test FAIL: PR12915 -O3 output - bytecode->native test FAIL: PR141 output - source compiled test FAIL: PR141 output - gij test FAIL: PR141 output - bytecode->native test FAIL: PR141 -O3 output - source compiled test FAIL: PR141 output - gij test FAIL: PR141 -O3 output - bytecode->native test FAIL: PR160 output - source compiled test FAIL: PR160 output - gij test FAIL: PR160 output - bytecode->native test FAIL: PR160 -O3 output - source compiled test FAIL: PR160 output - gij test FAIL: PR160 -O3 output - bytecode->native test FAIL: PR162 output - source compiled test FAIL: PR162 output - gij test FAIL: PR162 output - bytecode->native test FAIL: PR162 -O3 output - source compiled test FAIL: PR162 output - gij test FAIL: PR162 -O3 output - bytecode->native test FAIL: PR16867 output - source compiled test FAIL: PR16867 output - gij test FAIL: PR16867 output - bytecode->native test FAIL: PR16867 -O3 output - source compiled test FAIL: PR16867 output - gij test FAIL: PR16867 -O3 output - bytecode->native test FAIL: PR18699 execution - source compiled test FAIL: PR18699 execution - gij test FAIL: PR18699 execution - bytecode->native test FAIL: PR18699 -O3 execution - source compiled test FAIL: PR18699 execution - gij test FAIL: PR18699 -O3 execution - bytecode->native test FAIL: PR19921 output - source compiled test FAIL: PR19921 output - gij test FAIL: PR19921 output - bytecode->native test FAIL: PR19921 -O3 output - source compiled test FAIL: PR19921 output - gij test FAIL: PR19921 -O3 output - bytecode->native test FAIL: PR20056 output - source compiled test FAIL: PR20056 output - gij test FAIL: PR20056 output - bytecode->native test FAIL: PR20056 -O3 output - source compiled test FAIL: PR20056 output - gij test FAIL: PR20056 -O3 output - bytecode->native test FAIL: PR218 output - source compiled test FAIL: PR218 output - gij test FAIL: PR218 output - bytecode->native test FAIL: PR218 -O3 output - source compiled test FAIL: PR218 output - gij test FAIL: PR218 -O3 output - bytecode->native test FAIL: PR242 output - source compiled test FAIL: PR242 output - gij test FAIL: PR242 output - bytecode->native test FAIL: PR242 -O3 output - source compiled test FAIL: PR242 output - gij test FAIL: PR242 -O3 output - bytecode->native test FAIL: PR260 output - source compiled test FAIL: PR260 output - gij test FAIL: PR260 execution - bytecode->native test FAIL: PR260 -O3 output - source compiled test FAIL: PR260 output - gij test FAIL: PR260 -O3 execution - bytecode->native test FAIL: PR3096 output - source compiled test FAIL: PR3096 output - gij test FAIL: PR3096 output - bytecode->native test FAIL: PR3096 -O3 output - source compiled test FAIL: PR3096 output - gij test FAIL: PR3096 -O3 output - bytecode->native test FAIL: PR3731 output - source compiled test FAIL: PR3731 output - gij test FAIL: PR3731 output - bytecode->native test FAIL: PR3731 -O3 output - source compiled test FAIL: PR3731 output - gij test FAIL: PR3731 -O3 output - bytecode->native test FAIL: PR5057 output - source compiled test FAIL: PR5057 output - gij test FAIL: PR5057 output - bytecode->native test FAIL: PR5057 -O3 output - source compiled test FAIL: PR5057 output - gij test FAIL: PR5057 -O3 output - bytecode->native test FAIL: PR5057_2 output - source compiled test FAIL: PR5057_2 output - gij test FAIL: PR5057_2 output - bytecode->native test FAIL: PR5057_2 -O3 output - source compiled test FAIL: PR5057_2 output - gij test FAIL: PR5057_2 -O3 output - bytecode->native test FAIL: PR55 output - source compiled test FAIL: PR55 output - gij test FAIL: PR55 output - bytecode->native test FAIL: PR55 -O3 output - source compiled test FAIL: PR55 output - gij test FAIL: PR55 -O3 output - bytecode->native test FAIL: PR56 output - source compiled test FAIL: PR56 output - gij test FAIL: PR56 output - bytecode->native test FAIL: PR56 -O3 output - source compiled test FAIL: PR56 output - gij test FAIL: PR56 -O3 output - bytecode->native test FAIL: PR6085 output - source compiled test FAIL: PR6085 output - gij test FAIL: PR6085 output - bytecode->native test FAIL: PR6085 -O3 output - source compiled test FAIL: PR6085 output - gij test FAIL: PR6085 -O3 output - bytecode->native test FAIL: PR6204 output - source compiled test FAIL: PR6204 output - gij test FAIL: PR6204 output - bytecode->native test FAIL: PR6204 -O3 output - source compiled test FAIL: PR6204 output - gij test FAIL: PR6204 -O3 output - bytecode->native test FAIL: PR6729 output - source compiled test FAIL: PR6729 output - gij test FAIL: PR6729 output - bytecode->native test FAIL: PR6729 -O3 output - source compiled test FAIL: PR6729 output - gij test FAIL: PR6729 -O3 output - bytecode->native test FAIL: PR6820 output - source compiled test FAIL: PR6820 output - gij test FAIL: PR6820 output - bytecode->native test FAIL: PR6820 -O3 output - source compiled test FAIL: PR6820 output - gij test FAIL: PR6820 -O3 output - bytecode->native test FAIL: PR7482 output - source compiled test FAIL: PR7482 output - gij test FAIL: PR7482 output - bytecode->native test FAIL: PR7482 -O3 output - source compiled test FAIL: PR7482 output - gij test FAIL: PR7482 -O3 output - bytecode->native test FAIL: Process_1 output - source compiled test FAIL: Process_1 output - gij test FAIL: Process_1 output - bytecode->native test FAIL: Process_1 -O3 output - source compiled test FAIL: Process_1 output - gij test FAIL: Process_1 -O3 output - bytecode->native test FAIL: Process_2 output - source compiled test FAIL: Process_2 output - gij test FAIL: Process_2 output - bytecode->native test FAIL: Process_2 -O3 output - source compiled test FAIL: Process_2 output - gij test FAIL: Process_2 -O3 output - bytecode->native test FAIL: Process_3 output - source compiled test FAIL: Process_3 output - gij test FAIL: Process_3 output - bytecode->native test FAIL: Process_3 -O3 output - source compiled test FAIL: Process_3 output - gij test FAIL: Process_3 -O3 output - bytecode->native test FAIL: Process_4 output - source compiled test FAIL: Process_4 output - gij test FAIL: Process_4 output - bytecode->native test FAIL: Process_4 -O3 output - source compiled test FAIL: Process_4 output - gij test FAIL: Process_4 -O3 output - bytecode->native test FAIL: Process_5 output - source compiled test FAIL: Process_5 output - gij test FAIL: Process_5 output - bytecode->native test FAIL: Process_5 -O3 output - source compiled test FAIL: Process_5 output - gij test FAIL: Process_5 -O3 output - bytecode->native test FAIL: Process_6 output - source compiled test FAIL: Process_6 output - gij test FAIL: Process_6 output - bytecode->native test FAIL: Process_6 -O3 output - source compiled test FAIL: Process_6 output - gij test FAIL: Process_6 -O3 output - bytecode->native test FAIL: Serialization output - source compiled test FAIL: Serialization output - gij test FAIL: Serialization output - bytecode->native test FAIL: Serialization -O3 output - source compiled test FAIL: Serialization output - gij test FAIL: Serialization -O3 output - bytecode->native test FAIL: Shazam output - source compiled test FAIL: Shazam output - gij test FAIL: Shazam output - bytecode->native test FAIL: Shazam -O3 output - source compiled test FAIL: Shazam output - gij test FAIL: Shazam -O3 output - bytecode->native test FAIL: StaticConstructor output - source compiled test FAIL: StaticConstructor output - gij test FAIL: StaticConstructor output - bytecode->native test FAIL: StaticConstructor -O3 output - source compiled test FAIL: StaticConstructor output - gij test FAIL: StaticConstructor -O3 output - bytecode->native test FAIL: StringBuffer_1 output - source compiled test FAIL: StringBuffer_1 output - gij test FAIL: StringBuffer_1 output - bytecode->native test FAIL: StringBuffer_1 -O3 output - source compiled test FAIL: StringBuffer_1 output - gij test FAIL: StringBuffer_1 -O3 output - bytecode->native test FAIL: StringBuffer_overflow output - source compiled test FAIL: StringBuffer_overflow output - gij test FAIL: StringBuffer_overflow output - bytecode->native test FAIL: StringBuffer_overflow -O3 output - source compiled test FAIL: StringBuffer_overflow output - gij test FAIL: StringBuffer_overflow -O3 output - bytecode->native test FAIL: String_overflow output - source compiled test FAIL: String_overflow output - gij test FAIL: String_overflow output - bytecode->native test FAIL: String_overflow -O3 output - source compiled test FAIL: String_overflow output - gij test FAIL: String_overflow -O3 output - bytecode->native test FAIL: SyncGlobal output - source compiled test FAIL: SyncGlobal output - gij test FAIL: SyncGlobal output - bytecode->native test FAIL: SyncGlobal -O3 output - source compiled test FAIL: SyncGlobal output - gij test FAIL: SyncGlobal -O3 output - bytecode->native test FAIL: SyncTest output - source compiled test FAIL: SyncTest output - gij test FAIL: SyncTest execution - bytecode->native test FAIL: SyncTest -O3 output - source compiled test FAIL: SyncTest output - gij test FAIL: SyncTest -O3 execution - bytecode->native test FAIL: Synch output - source compiled test FAIL: Synch output - gij test FAIL: Synch output - bytecode->native test FAIL: Synch -O3 output - source compiled test FAIL: Synch output - gij test FAIL: Synch -O3 output - bytecode->native test FAIL: TLtest output - source compiled test FAIL: TLtest output - gij test FAIL: TLtest output - bytecode->native test FAIL: TLtest -O3 output - source compiled test FAIL: TLtest output - gij test FAIL: TLtest -O3 output - bytecode->native test FAIL: TestProxy output - source compiled test FAIL: TestProxy output - gij test FAIL: TestProxy output - bytecode->native test FAIL: TestProxy -O3 output - source compiled test FAIL: TestProxy output - gij test FAIL: TestProxy -O3 output - bytecode->native test FAIL: Thread_Alive output - source compiled test FAIL: Thread_Alive output - gij test FAIL: Thread_Alive output - bytecode->native test FAIL: Thread_Alive -O3 output - source compiled test FAIL: Thread_Alive output - gij test FAIL: Thread_Alive -O3 output - bytecode->native test FAIL: Thread_HoldsLock output - source compiled test FAIL: Thread_HoldsLock output - gij test FAIL: Thread_HoldsLock output - bytecode->native test FAIL: Thread_HoldsLock -O3 output - source compiled test FAIL: Thread_HoldsLock output - gij test FAIL: Thread_HoldsLock -O3 output - bytecode->native test FAIL: Thread_Interrupt output - source compiled test FAIL: Thread_Interrupt output - gij test FAIL: Thread_Interrupt output - bytecode->native test FAIL: Thread_Interrupt -O3 output - source compiled test FAIL: Thread_Interrupt output - gij test FAIL: Thread_Interrupt -O3 output - bytecode->native test FAIL: Thread_Join output - source compiled test FAIL: Thread_Join output - gij test FAIL: Thread_Join output - bytecode->native test FAIL: Thread_Join -O3 output - source compiled test FAIL: Thread_Join output - gij test FAIL: Thread_Join -O3 output - bytecode->native test FAIL: Thread_Monitor output - source compiled test FAIL: Thread_Monitor output - gij test FAIL: Thread_Monitor output - bytecode->native test FAIL: Thread_Monitor -O3 output - source compiled test FAIL: Thread_Monitor output - gij test FAIL: Thread_Monitor -O3 output - bytecode->native test FAIL: Thread_Sleep output - source compiled test FAIL: Thread_Sleep output - gij test FAIL: Thread_Sleep output - bytecode->native test FAIL: Thread_Sleep -O3 output - source compiled test FAIL: Thread_Sleep output - gij test FAIL: Thread_Sleep -O3 output - bytecode->native test FAIL: Thread_Wait output - source compiled test FAIL: Thread_Wait output - gij test FAIL: Thread_Wait output - bytecode->native test FAIL: Thread_Wait -O3 output - source compiled test FAIL: Thread_Wait output - gij test FAIL: Thread_Wait -O3 output - bytecode->native test FAIL: Thread_Wait_2 output - source compiled test FAIL: Thread_Wait_2 output - gij test FAIL: Thread_Wait_2 output - bytecode->native test FAIL: Thread_Wait_2 -O3 output - source compiled test FAIL: Thread_Wait_2 output - gij test FAIL: Thread_Wait_2 -O3 output - bytecode->native test FAIL: Thread_Wait_Interrupt output - source compiled test FAIL: Thread_Wait_Interrupt output - gij test FAIL: Thread_Wait_Interrupt output - bytecode->native test FAIL: Thread_Wait_Interrupt -O3 output - source compiled test FAIL: Thread_Wait_Interrupt output - gij test FAIL: Thread_Wait_Interrupt -O3 output - bytecode->native test FAIL: Throw_1 output - source compiled test FAIL: Throw_1 output - gij test FAIL: Throw_1 output - bytecode->native test FAIL: Throw_1 -O3 output - source compiled test FAIL: Throw_1 output - gij test FAIL: Throw_1 -O3 output - bytecode->native test FAIL: Throw_2 execution - source compiled test FAIL: Throw_2 execution - gij test FAIL: Throw_2 execution - bytecode->native test FAIL: Throw_2 -O3 execution - source compiled test FAIL: Throw_2 execution - gij test FAIL: Throw_2 -O3 execution - bytecode->native test FAIL: anfi output - source compiled test FAIL: anfi output - gij test FAIL: anfi output - bytecode->native test FAIL: anfi -O3 output - source compiled test FAIL: anfi output - gij test FAIL: anfi -O3 output - bytecode->native test FAIL: anon output - source compiled test FAIL: anon output - gij test FAIL: anon output - bytecode->native test FAIL: anon -O3 output - source compiled test FAIL: anon output - gij test FAIL: anon -O3 output - bytecode->native test FAIL: anon2 output - source compiled test FAIL: anon2 output - gij test FAIL: anon2 output - bytecode->native test FAIL: anon2 -O3 output - source compiled test FAIL: anon2 output - gij test FAIL: anon2 -O3 output - bytecode->native test FAIL: anon3 output - source compiled test FAIL: anon3 output - gij test FAIL: anon3 output - bytecode->native test FAIL: anon3 -O3 output - source compiled test FAIL: anon3 output - gij test FAIL: anon3 -O3 output - bytecode->native test FAIL: anon4 output - source compiled test FAIL: anon4 output - gij test FAIL: anon4 output - bytecode->native test FAIL: anon4 -O3 output - source compiled test FAIL: anon4 output - gij test FAIL: anon4 -O3 output - bytecode->native test FAIL: anon_ctor_itf_arg output - source compiled test FAIL: anon_ctor_itf_arg output - gij test FAIL: anon_ctor_itf_arg output - bytecode->native test FAIL: anon_ctor_itf_arg -O3 output - source compiled test FAIL: anon_ctor_itf_arg output - gij test FAIL: anon_ctor_itf_arg -O3 output - bytecode->native test FAIL: anonarray output - source compiled test FAIL: anonarray output - gij test FAIL: anonarray output - bytecode->native test FAIL: anonarray -O3 output - source compiled test FAIL: anonarray output - gij test FAIL: anonarray -O3 output - bytecode->native test FAIL: anonarray2 output - source compiled test FAIL: anonarray2 output - gij test FAIL: anonarray2 output - bytecode->native test FAIL: anonarray2 -O3 output - source compiled test FAIL: anonarray2 output - gij test FAIL: anonarray2 -O3 output - bytecode->native test FAIL: anonarray3 output - source compiled test FAIL: anonarray3 output - gij test FAIL: anonarray3 output - bytecode->native test FAIL: anonarray3 -O3 output - source compiled test FAIL: anonarray3 output - gij test FAIL: anonarray3 -O3 output - bytecode->native test FAIL: assign output - source compiled test FAIL: assign output - gij test FAIL: assign output - bytecode->native test FAIL: assign -O3 output - source compiled test FAIL: assign output - gij test FAIL: assign -O3 output - bytecode->native test FAIL: assign2 output - source compiled test FAIL: assign2 output - gij test FAIL: assign2 output - bytecode->native test FAIL: assign2 -O3 output - source compiled test FAIL: assign2 output - gij test FAIL: assign2 -O3 output - bytecode->native test FAIL: bytearray output - source compiled test FAIL: bytearray output - gij test FAIL: bytearray output - bytecode->native test FAIL: bytearray -O3 output - source compiled test FAIL: bytearray output - gij test FAIL: bytearray -O3 output - bytecode->native test FAIL: direct_read output - source compiled test FAIL: direct_read output - gij test FAIL: direct_read output - bytecode->native test FAIL: direct_read -O3 output - source compiled test FAIL: direct_read output - gij test FAIL: direct_read -O3 output - bytecode->native test FAIL: direct_write output - source compiled test FAIL: direct_write output - gij test FAIL: direct_write output - bytecode->native test FAIL: direct_write -O3 output - source compiled test FAIL: direct_write output - gij test FAIL: direct_write -O3 output - bytecode->native test FAIL: emptystring output - source compiled test FAIL: emptystring output - gij test FAIL: emptystring output - bytecode->native test FAIL: emptystring -O3 output - source compiled test FAIL: emptystring output - gij test FAIL: emptystring -O3 output - bytecode->native test FAIL: err1 output - source compiled test FAIL: err1 output - gij test FAIL: err1 output - bytecode->native test FAIL: err1 -O3 output - source compiled test FAIL: err1 output - gij test FAIL: err1 -O3 output - bytecode->native test FAIL: err10 output - source compiled test FAIL: err10 output - gij test FAIL: err10 output - bytecode->native test FAIL: err10 -O3 output - source compiled test FAIL: err10 output - gij test FAIL: err10 -O3 output - bytecode->native test FAIL: err11 output - source compiled test FAIL: err11 output - gij test FAIL: err11 output - bytecode->native test FAIL: err11 -O3 output - source compiled test FAIL: err11 output - gij test FAIL: err11 -O3 output - bytecode->native test FAIL: err12 output - source compiled test FAIL: err12 output - gij test FAIL: err12 output - bytecode->native test FAIL: err12 -O3 output - source compiled test FAIL: err12 output - gij test FAIL: err12 -O3 output - bytecode->native test FAIL: err13 output - source compiled test FAIL: err13 output - gij test FAIL: err13 output - bytecode->native test FAIL: err13 -O3 output - source compiled test FAIL: err13 output - gij test FAIL: err13 -O3 output - bytecode->native test FAIL: err14 output - source compiled test FAIL: err14 output - gij test FAIL: err14 output - bytecode->native test FAIL: err14 -O3 output - source compiled test FAIL: err14 output - gij test FAIL: err14 -O3 output - bytecode->native test FAIL: err2 output - source compiled test FAIL: err2 output - gij test FAIL: err2 output - bytecode->native test FAIL: err2 -O3 output - source compiled test FAIL: err2 output - gij test FAIL: err2 -O3 output - bytecode->native test FAIL: err3 output - source compiled test FAIL: err3 output - gij test FAIL: err3 output - bytecode->native test FAIL: err3 -O3 output - source compiled test FAIL: err3 output - gij test FAIL: err3 -O3 output - bytecode->native test FAIL: err4 output - source compiled test FAIL: err4 output - gij test FAIL: err4 output - bytecode->native test FAIL: err4 -O3 output - source compiled test FAIL: err4 output - gij test FAIL: err4 -O3 output - bytecode->native test FAIL: err5 output - source compiled test FAIL: err5 output - gij test FAIL: err5 output - bytecode->native test FAIL: err5 -O3 output - source compiled test FAIL: err5 output - gij test FAIL: err5 -O3 output - bytecode->native test FAIL: err6 output - source compiled test FAIL: err6 output - gij test FAIL: err6 output - bytecode->native test FAIL: err6 -O3 output - source compiled test FAIL: err6 output - gij test FAIL: err6 -O3 output - bytecode->native test FAIL: err7 output - source compiled test FAIL: err7 output - gij test FAIL: err7 output - bytecode->native test FAIL: err7 -O3 output - source compiled test FAIL: err7 output - gij test FAIL: err7 -O3 output - bytecode->native test FAIL: err8 output - source compiled test FAIL: err8 output - gij test FAIL: err8 output - bytecode->native test FAIL: err8 -O3 output - source compiled test FAIL: err8 output - gij test FAIL: err8 -O3 output - bytecode->native test FAIL: err9 output - source compiled test FAIL: err9 output - gij test FAIL: err9 output - bytecode->native test FAIL: err9 -O3 output - source compiled test FAIL: err9 output - gij test FAIL: err9 -O3 output - bytecode->native test FAIL: final_inner output - source compiled test FAIL: final_inner output - gij test FAIL: final_inner output - bytecode->native test FAIL: final_inner -O3 output - source compiled test FAIL: final_inner output - gij test FAIL: final_inner -O3 output - bytecode->native test FAIL: final_int output - source compiled test FAIL: final_int output - gij test FAIL: final_int output - bytecode->native test FAIL: final_int -O3 output - source compiled test FAIL: final_int output - gij test FAIL: final_int -O3 output - bytecode->native test FAIL: final_static_and_friend output - source compiled test FAIL: final_static_and_friend output - gij test FAIL: final_static_and_friend output - bytecode->native test FAIL: final_static_and_friend -O3 output - source compiled test FAIL: final_static_and_friend output - gij test FAIL: final_static_and_friend -O3 output - bytecode->native test FAIL: indirect output - source compiled test FAIL: indirect output - gij test FAIL: indirect output - bytecode->native test FAIL: indirect -O3 output - source compiled test FAIL: indirect output - gij test FAIL: indirect -O3 output - bytecode->native test FAIL: indirect_read output - source compiled test FAIL: indirect_read output - gij test FAIL: indirect_read output - bytecode->native test FAIL: indirect_read -O3 output - source compiled test FAIL: indirect_read output - gij test FAIL: indirect_read -O3 output - bytecode->native test FAIL: indirect_write output - source compiled test FAIL: indirect_write output - gij test FAIL: indirect_write output - bytecode->native test FAIL: indirect_write -O3 output - source compiled test FAIL: indirect_write output - gij test FAIL: indirect_write -O3 output - bytecode->native test FAIL: initexc output - source compiled test FAIL: initexc output - gij test FAIL: initexc output - bytecode->native test FAIL: initexc -O3 output - source compiled test FAIL: initexc output - gij test FAIL: initexc -O3 output - bytecode->native test FAIL: initfield output - source compiled test FAIL: initfield output - gij test FAIL: initfield output - bytecode->native test FAIL: initfield -O3 output - source compiled test FAIL: initfield output - gij test FAIL: initfield -O3 output - bytecode->native test FAIL: inline output - source compiled test FAIL: inline output - gij test FAIL: inline output - bytecode->native test FAIL: inline -O3 output - source compiled test FAIL: inline output - gij test FAIL: inline -O3 output - bytecode->native test FAIL: inner1 output - source compiled test FAIL: inner1 output - gij test FAIL: inner1 output - bytecode->native test FAIL: inner1 -O3 output - source compiled test FAIL: inner1 output - gij test FAIL: inner1 -O3 output - bytecode->native test FAIL: inner2 output - source compiled test FAIL: inner2 output - gij test FAIL: inner2 output - bytecode->native test FAIL: inner2 -O3 output - source compiled test FAIL: inner2 output - gij test FAIL: inner2 -O3 output - bytecode->native test FAIL: inner3 output - source compiled test FAIL: inner3 output - gij test FAIL: inner3 output - bytecode->native test FAIL: inner3 -O3 output - source compiled test FAIL: inner3 output - gij test FAIL: inner3 -O3 output - bytecode->native test FAIL: inner4 output - source compiled test FAIL: inner4 output - gij test FAIL: inner4 output - bytecode->native test FAIL: inner4 -O3 output - source compiled test FAIL: inner4 output - gij test FAIL: inner4 -O3 output - bytecode->native test FAIL: inner_array output - source compiled test FAIL: inner_array output - gij test FAIL: inner_array output - bytecode->native test FAIL: inner_array -O3 output - source compiled test FAIL: inner_array output - gij test FAIL: inner_array -O3 output - bytecode->native test FAIL: inner_interface output - source compiled test FAIL: inner_interface output - gij test FAIL: inner_interface output - bytecode->native test FAIL: inner_interface -O3 output - source compiled test FAIL: inner_interface output - gij test FAIL: inner_interface -O3 output - bytecode->native test FAIL: instance output - source compiled test FAIL: instance output - gij test FAIL: instance output - bytecode->native test FAIL: instance -O3 output - source compiled test FAIL: instance output - gij test FAIL: instance -O3 output - bytecode->native test FAIL: instinit output - source compiled test FAIL: instinit output - gij test FAIL: instinit output - bytecode->native test FAIL: instinit -O3 output - source compiled test FAIL: instinit output - gij test FAIL: instinit -O3 output - bytecode->native test FAIL: instinit2 output - source compiled test FAIL: instinit2 output - gij test FAIL: instinit2 output - bytecode->native test FAIL: instinit2 -O3 output - source compiled test FAIL: instinit2 output - gij test FAIL: instinit2 -O3 output - bytecode->native test FAIL: invoke_from_inner output - source compiled test FAIL: invoke_from_inner output - gij test FAIL: invoke_from_inner output - bytecode->native test FAIL: invoke_from_inner -O3 output - source compiled test FAIL: invoke_from_inner output - gij test FAIL: invoke_from_inner -O3 output - bytecode->native test FAIL: invokethrow output - source compiled test FAIL: invokethrow output - gij test FAIL: invokethrow execution - bytecode->native test FAIL: invokethrow -O3 output - source compiled test FAIL: invokethrow output - gij test FAIL: invokethrow -O3 execution - bytecode->native test FAIL: klass output - source compiled test FAIL: klass output - gij test FAIL: klass output - bytecode->native test FAIL: klass -O3 output - source compiled test FAIL: klass output - gij test FAIL: klass -O3 output - bytecode->native test FAIL: md5test output - source compiled test FAIL: md5test output - gij test FAIL: md5test output - bytecode->native test FAIL: md5test -O3 output - source compiled test FAIL: md5test output - gij test FAIL: md5test -O3 output - bytecode->native test FAIL: multiple_finit output - source compiled test FAIL: multiple_finit output - gij test FAIL: multiple_finit output - bytecode->native test FAIL: multiple_finit -O3 output - source compiled test FAIL: multiple_finit output - gij test FAIL: multiple_finit -O3 output - bytecode->native test FAIL: negzero output - source compiled test FAIL: negzero output - gij test FAIL: negzero output - bytecode->native test FAIL: negzero -O3 output - source compiled test FAIL: negzero output - gij test FAIL: negzero -O3 output - bytecode->native test FAIL: nested_with_ctor output - source compiled test FAIL: nested_with_ctor output - gij test FAIL: nested_with_ctor output - bytecode->native test FAIL: nested_with_ctor -O3 output - source compiled test FAIL: nested_with_ctor output - gij test FAIL: nested_with_ctor -O3 output - bytecode->native test FAIL: newarray_overflow output - source compiled test FAIL: newarray_overflow output - gij test FAIL: newarray_overflow output - bytecode->native test FAIL: newarray_overflow -O3 output - source compiled test FAIL: newarray_overflow output - gij test FAIL: newarray_overflow -O3 output - bytecode->native test FAIL: override output - source compiled test FAIL: override output - gij test FAIL: override output - bytecode->native test FAIL: override -O3 output - source compiled test FAIL: override output - gij test FAIL: override -O3 output - bytecode->native test FAIL: pr109 output - source compiled test FAIL: pr109 output - gij test FAIL: pr109 output - bytecode->native test FAIL: pr109 -O3 output - source compiled test FAIL: pr109 output - gij test FAIL: pr109 -O3 output - bytecode->native test FAIL: pr13107 output - source compiled test FAIL: pr13107 output - gij test FAIL: pr13107 output - bytecode->native test FAIL: pr13107 -O3 output - source compiled test FAIL: pr13107 output - gij test FAIL: pr13107 -O3 output - bytecode->native test FAIL: pr13107_2 output - source compiled test FAIL: pr13107_2 output - gij test FAIL: pr13107_2 output - bytecode->native test FAIL: pr13107_2 -O3 output - source compiled test FAIL: pr13107_2 output - gij test FAIL: pr13107_2 -O3 output - bytecode->native test FAIL: pr13107_3 output - source compiled test FAIL: pr13107_3 output - gij test FAIL: pr13107_3 output - bytecode->native test FAIL: pr13107_3 -O3 output - source compiled test FAIL: pr13107_3 output - gij test FAIL: pr13107_3 -O3 output - bytecode->native test FAIL: pr133 output - source compiled test FAIL: pr133 output - gij test FAIL: pr133 output - bytecode->native test FAIL: pr133 -O3 output - source compiled test FAIL: pr133 output - gij test FAIL: pr133 -O3 output - bytecode->native test FAIL: pr16789 output - source compiled test FAIL: pr16789 output - gij test FAIL: pr16789 output - bytecode->native test FAIL: pr16789 -O3 output - source compiled test FAIL: pr16789 output - gij test FAIL: pr16789 -O3 output - bytecode->native test FAIL: pr179 output - source compiled test FAIL: pr179 output - gij test FAIL: pr179 execution - bytecode->native test FAIL: pr179 -O3 output - source compiled test FAIL: pr179 output - gij test FAIL: pr179 -O3 execution - bytecode->native test FAIL: pr184 output - source compiled test FAIL: pr184 output - gij test FAIL: pr184 output - bytecode->native test FAIL: pr184 -O3 output - source compiled test FAIL: pr184 output - gij test FAIL: pr184 -O3 output - bytecode->native test FAIL: pr6388 output - source compiled test FAIL: pr6388 output - gij test FAIL: pr6388 output - bytecode->native test FAIL: pr6388 -O3 output - source compiled test FAIL: pr6388 output - gij test FAIL: pr6388 -O3 output - bytecode->native test FAIL: pr83 output - source compiled test FAIL: pr83 output - gij test FAIL: pr83 output - bytecode->native test FAIL: pr83 -O3 output - source compiled test FAIL: pr83 output - gij test FAIL: pr83 -O3 output - bytecode->native test FAIL: pr8415 output - source compiled test FAIL: pr8415 output - gij test FAIL: pr8415 execution - bytecode->native test FAIL: pr8415 -O3 output - source compiled test FAIL: pr8415 output - gij test FAIL: pr8415 -O3 execution - bytecode->native test FAIL: pr8676 output - source compiled test FAIL: pr8676 output - gij test FAIL: pr8676 output - bytecode->native test FAIL: pr8676 -O3 output - source compiled test FAIL: pr8676 output - gij test FAIL: pr8676 -O3 output - bytecode->native test FAIL: pr8823 output - source compiled test FAIL: pr8823 output - gij test FAIL: pr8823 output - bytecode->native test FAIL: pr8823 -O3 output - source compiled test FAIL: pr8823 output - gij test FAIL: pr8823 -O3 output - bytecode->native test FAIL: pr8945 output - source compiled test FAIL: pr8945 output - gij test FAIL: pr8945 output - bytecode->native test FAIL: pr8945 -O3 output - source compiled test FAIL: pr8945 output - gij test FAIL: pr8945 -O3 output - bytecode->native test FAIL: private_direct_read output - source compiled test FAIL: private_direct_read output - gij test FAIL: private_direct_read output - bytecode->native test FAIL: private_direct_read -O3 output - source compiled test FAIL: private_direct_read output - gij test FAIL: private_direct_read -O3 output - bytecode->native test FAIL: search_outer output - source compiled test FAIL: search_outer output - gij test FAIL: search_outer output - bytecode->native test FAIL: search_outer -O3 output - source compiled test FAIL: search_outer output - gij test FAIL: search_outer -O3 output - bytecode->native test FAIL: shatest output - source compiled test FAIL: shatest output - gij test FAIL: shatest output - bytecode->native test FAIL: shatest -O3 output - source compiled test FAIL: shatest output - gij test FAIL: shatest -O3 output - bytecode->native test FAIL: stringconst output - gij test FAIL: stringconst output - bytecode->native test FAIL: stringconst output - gij test FAIL: stringconst -O3 output - bytecode->native test FAIL: stringconst2 output - source compiled test FAIL: stringconst2 output - gij test FAIL: stringconst2 output - bytecode->native test FAIL: stringconst2 -O3 output - source compiled test FAIL: stringconst2 output - gij test FAIL: stringconst2 -O3 output - bytecode->native test FAIL: stub output - source compiled test FAIL: stub output - gij test FAIL: stub output - bytecode->native test FAIL: stub -O3 output - source compiled test FAIL: stub output - gij test FAIL: stub -O3 output - bytecode->native test FAIL: test_long output - source compiled test FAIL: test_long output - gij test FAIL: test_long output - bytecode->native test FAIL: test_long -O3 output - source compiled test FAIL: test_long output - gij test FAIL: test_long -O3 output - bytecode->native test FAIL: tmi output - source compiled test FAIL: tmi output - gij test FAIL: tmi output - bytecode->native test FAIL: tmi -O3 output - source compiled test FAIL: tmi output - gij test FAIL: tmi -O3 output - bytecode->native test FAIL: tp output - source compiled test FAIL: tp output - gij test FAIL: tp output - bytecode->native test FAIL: tp -O3 output - source compiled test FAIL: tp output - gij test FAIL: tp -O3 output - bytecode->native test FAIL: update_outer output - source compiled test FAIL: update_outer output - gij test FAIL: update_outer output - bytecode->native test FAIL: update_outer -O3 output - source compiled test FAIL: update_outer output - gij test FAIL: update_outer -O3 output - bytecode->native test FAIL: utf8concat output - source compiled test FAIL: utf8concat output - gij test FAIL: utf8concat output - bytecode->native test FAIL: utf8concat -O3 output - source compiled test FAIL: utf8concat output - gij test FAIL: utf8concat -O3 output - bytecode->native test FAIL: utilTest output - source compiled test FAIL: utilTest output - gij test FAIL: utilTest output - bytecode->native test FAIL: utilTest -O3 output - source compiled test FAIL: utilTest output - gij test FAIL: utilTest -O3 output - bytecode->native test FAIL: verify output - source compiled test FAIL: verify output - gij test FAIL: verify output - bytecode->native test FAIL: verify -O3 output - source compiled test FAIL: verify output - gij test FAIL: verify -O3 output - bytecode->native test FAIL: /amnt/figaro/volumes/obj-gcc/gcc/obj.sol86/gcc-4.1.0-20050520/10-gcc-gas/i386-pc-solaris2.10/libjava/testsuite/TestEarlyGC.exe execution - /amnt/figaro/volumes/obj-gcc/gcc/obj.sol86/gcc-4.1.0-20050520/10-gcc-gas/i386-pc-solaris2.10/libjava/testsuite/TestEarlyGC.exe FAIL: /amnt/figaro/volumes/obj-gcc/gcc/obj.sol86/gcc-4.1.0-20050520/10-gcc-gas/i386-pc-solaris2.10/libjava/testsuite/TestLeak.exe execution - /amnt/figaro/volumes/obj-gcc/gcc/obj.sol86/gcc-4.1.0-20050520/10-gcc-gas/i386-pc-solaris2.10/libjava/testsuite/TestLeak.exe FAIL: /amnt/figaro/volumes/obj-gcc/gcc/obj.sol86/gcc-4.1.0-20050520/10-gcc-gas/i386-pc-solaris2.10/libjava/testsuite/TestMultiple.exe output - /amnt/figaro/volumes/obj-gcc/gcc/obj.sol86/gcc-4.1.0-20050520/10-gcc-gas/i386-pc-solaris2.10/libjava/testsuite/TestMultiple.exe FAIL: /amnt/figaro/volumes/obj-gcc/gcc/obj.sol86/gcc-4.1.0-20050520/10-gcc-gas/i386-pc-solaris2.10/libjava/testsuite/TestParent.exe output - /amnt/figaro/volumes/obj-gcc/gcc/obj.sol86/gcc-4.1.0-20050520/10-gcc-gas/i386-pc-solaris2.10/libjava/testsuite/TestParent.exe FAIL: pr21115 run === libjava Summary for unix === # of expected passes 2698 # of unexpected failures 1039 # of expected failures 10 # of untested testcases 47 Running target unix/-m64 FAIL: PR9577 run FAIL: longfield run FAIL: shortfield run FAIL: simple run FAIL: /vol/gnu/src/gcc/gcc-dist/libjava/testsuite/libjava.jar/simple.jar execution - gij test FAIL: PR15133 run FAIL: PR18116 run FAIL: bytebuffer run FAIL: calls run FAIL: cxxtest run FAIL: directbuffer run FAIL: field run FAIL: final_method run FAIL: findclass run FAIL: iface run FAIL: invoke run FAIL: jniutf run FAIL: martin run FAIL: noclass run FAIL: overload run FAIL: pr11951 run FAIL: register run FAIL: simple_int run FAIL: throwit run FAIL: virtual run FAIL: PR16923 run FAIL: ArrayStore execution - source compiled test FAIL: ArrayStore execution - gij test FAIL: ArrayStore execution - bytecode->native test FAIL: ArrayStore -O3 execution - source compiled test FAIL: ArrayStore execution - gij test FAIL: ArrayStore -O3 execution - bytecode->native test FAIL: ArrayStore2 execution - source compiled test FAIL: ArrayStore2 execution - gij test FAIL: ArrayStore2 execution - bytecode->native test FAIL: ArrayStore2 -O3 execution - source compiled test FAIL: ArrayStore2 execution - gij test FAIL: ArrayStore2 -O3 execution - bytecode->native test FAIL: Array_1 execution - source compiled test FAIL: Array_1 execution - gij test FAIL: Array_1 execution - bytecode->native test FAIL: Array_1 -O3 execution - source compiled test FAIL: Array_1 execution - gij test FAIL: Array_1 -O3 execution - bytecode->native test FAIL: Array_2 execution - source compiled test FAIL: Array_2 execution - gij test FAIL: Array_2 execution - bytecode->native test FAIL: Array_2 -O3 execution - source compiled test FAIL: Array_2 execution - gij test FAIL: Array_2 -O3 execution - bytecode->native test FAIL: Array_3 execution - source compiled test FAIL: Array_3 execution - gij test FAIL: Array_3 execution - bytecode->native test FAIL: Array_3 -O3 execution - source compiled test FAIL: Array_3 execution - gij test FAIL: Array_3 -O3 execution - bytecode->native test FAIL: Class_1 execution - source compiled test FAIL: Class_1 execution - gij test FAIL: Class_1 execution - bytecode->native test FAIL: Class_1 -O3 execution - source compiled test FAIL: Class_1 execution - gij test FAIL: Class_1 -O3 execution - bytecode->native test FAIL: CompareNaN execution - source compiled test FAIL: CompareNaN execution - gij test FAIL: CompareNaN execution - bytecode->native test FAIL: CompareNaN -O3 execution - source compiled test FAIL: CompareNaN execution - gij test FAIL: CompareNaN -O3 execution - bytecode->native test FAIL: Divide_1 execution - source compiled test FAIL: Divide_1 execution - gij test FAIL: Divide_1 execution - bytecode->native test FAIL: Divide_1 -O3 execution - source compiled test FAIL: Divide_1 execution - gij test FAIL: Divide_1 -O3 execution - bytecode->native test FAIL: EvaluationOrder execution - source compiled test FAIL: EvaluationOrder execution - gij test FAIL: EvaluationOrder execution - bytecode->native test FAIL: EvaluationOrder -O3 execution - source compiled test FAIL: EvaluationOrder execution - gij test FAIL: EvaluationOrder -O3 execution - bytecode->native test FAIL: FileHandleGcTest execution - source compiled test FAIL: FileHandleGcTest execution - gij test FAIL: FileHandleGcTest execution - bytecode->native test FAIL: FileHandleGcTest -O3 execution - source compiled test FAIL: FileHandleGcTest execution - gij test FAIL: FileHandleGcTest -O3 execution - bytecode->native test FAIL: Final execution - source compiled test FAIL: Final execution - gij test FAIL: Final execution - bytecode->native test FAIL: Final -O3 execution - source compiled test FAIL: Final execution - gij test FAIL: Final -O3 execution - bytecode->native test FAIL: Float_1 execution - source compiled test FAIL: Float_1 execution - gij test FAIL: Float_1 execution - bytecode->native test FAIL: Float_1 -O3 execution - source compiled test FAIL: Float_1 execution - gij test FAIL: Float_1 -O3 execution - bytecode->native test FAIL: G19990301_01 execution - source compiled test FAIL: G19990301_01 execution - gij test FAIL: G19990301_01 execution - bytecode->native test FAIL: G19990301_01 -O3 execution - source compiled test FAIL: G19990301_01 execution - gij test FAIL: G19990301_01 -O3 execution - bytecode->native test FAIL: G19990302_02 execution - source compiled test FAIL: G19990302_02 execution - gij test FAIL: G19990302_02 execution - bytecode->native test FAIL: G19990302_02 -O3 execution - source compiled test FAIL: G19990302_02 execution - gij test FAIL: G19990302_02 -O3 execution - bytecode->native test FAIL: G19990303_01 execution - source compiled test FAIL: G19990303_01 execution - gij test FAIL: G19990303_01 execution - bytecode->native test FAIL: G19990303_01 -O3 execution - source compiled test FAIL: G19990303_01 execution - gij test FAIL: G19990303_01 -O3 execution - bytecode->native test FAIL: G19990303_02 execution - source compiled test FAIL: G19990303_02 execution - gij test FAIL: G19990303_02 execution - bytecode->native test FAIL: G19990303_02 -O3 execution - source compiled test FAIL: G19990303_02 execution - gij test FAIL: G19990303_02 -O3 execution - bytecode->native test FAIL: G19990304_01 execution - source compiled test FAIL: G19990304_01 execution - gij test FAIL: G19990304_01 execution - bytecode->native test FAIL: G19990304_01 -O3 execution - source compiled test FAIL: G19990304_01 execution - gij test FAIL: G19990304_01 -O3 execution - bytecode->native test FAIL: G19990310_01 execution - source compiled test FAIL: G19990310_01 execution - gij test FAIL: G19990310_01 execution - bytecode->native test FAIL: G19990310_01 -O3 execution - source compiled test FAIL: G19990310_01 execution - gij test FAIL: G19990310_01 -O3 execution - bytecode->native test FAIL: II execution - source compiled test FAIL: II execution - gij test FAIL: II execution - bytecode->native test FAIL: II -O3 execution - source compiled test FAIL: II execution - gij test FAIL: II -O3 execution - bytecode->native test FAIL: InterfaceDispatch execution - source compiled test FAIL: InterfaceDispatch execution - gij test FAIL: InterfaceDispatch execution - bytecode->native test FAIL: InterfaceDispatch -O3 execution - source compiled test FAIL: InterfaceDispatch execution - gij test FAIL: InterfaceDispatch -O3 execution - bytecode->native test FAIL: InvokeInterface execution - source compiled test FAIL: InvokeInterface execution - gij test FAIL: InvokeInterface execution - bytecode->native test FAIL: InvokeInterface -O3 execution - source compiled test FAIL: InvokeInterface execution - gij test FAIL: InvokeInterface -O3 execution - bytecode->native test FAIL: InvokeReturn execution - source compiled test FAIL: InvokeReturn execution - gij test FAIL: InvokeReturn execution - bytecode->native test FAIL: InvokeReturn -O3 execution - source compiled test FAIL: InvokeReturn execution - gij test FAIL: InvokeReturn -O3 execution - bytecode->native test FAIL: Invoke_1 execution - source compiled test FAIL: Invoke_1 execution - gij test FAIL: Invoke_1 execution - bytecode->native test FAIL: Invoke_1 -O3 execution - source compiled test FAIL: Invoke_1 execution - gij test FAIL: Invoke_1 -O3 execution - bytecode->native test FAIL: Invoke_2 execution - source compiled test FAIL: Invoke_2 execution - gij test FAIL: Invoke_2 execution - bytecode->native test FAIL: Invoke_2 -O3 execution - source compiled test FAIL: Invoke_2 execution - gij test FAIL: Invoke_2 -O3 execution - bytecode->native test FAIL: KeepInline execution - source compiled test FAIL: KeepInline execution - gij test FAIL: KeepInline execution - bytecode->native test FAIL: KeepInline -O3 execution - source compiled test FAIL: KeepInline execution - gij test FAIL: KeepInline -O3 execution - bytecode->native test FAIL: LargeFile execution - source compiled test FAIL: LargeFile execution - gij test FAIL: LargeFile execution - bytecode->native test FAIL: LargeFile -O3 execution - source compiled test FAIL: LargeFile execution - gij test FAIL: LargeFile -O3 execution - bytecode->native test FAIL: MathBuiltin execution - source compiled test FAIL: MathBuiltin execution - gij test FAIL: MathBuiltin execution - bytecode->native test FAIL: MathBuiltin -O3 execution - source compiled test FAIL: MathBuiltin execution - gij test FAIL: MathBuiltin -O3 execution - bytecode->native test FAIL: Matrix4f execution - source compiled test FAIL: Matrix4f execution - gij test FAIL: Matrix4f execution - bytecode->native test FAIL: Matrix4f -O3 execution - source compiled test FAIL: Matrix4f execution - gij test FAIL: Matrix4f -O3 execution - bytecode->native test FAIL: N19990310_02 execution - source compiled test FAIL: N19990310_02 execution - gij test FAIL: N19990310_02 execution - bytecode->native test FAIL: N19990310_02 -O3 execution - source compiled test FAIL: N19990310_02 execution - gij test FAIL: N19990310_02 -O3 execution - bytecode->native test FAIL: N19990310_3 execution - source compiled test FAIL: N19990310_3 execution - gij test FAIL: N19990310_3 execution - bytecode->native test FAIL: N19990310_3 -O3 execution - source compiled test FAIL: N19990310_3 execution - gij test FAIL: N19990310_3 -O3 execution - bytecode->native test FAIL: N19990310_4 execution - source compiled test FAIL: N19990310_4 execution - gij test FAIL: N19990310_4 execution - bytecode->native test FAIL: N19990310_4 -O3 execution - source compiled test FAIL: N19990310_4 execution - gij test FAIL: N19990310_4 -O3 execution - bytecode->native test FAIL: N19990310_5 execution - source compiled test FAIL: N19990310_5 execution - gij test FAIL: N19990310_5 execution - bytecode->native test FAIL: N19990310_5 -O3 execution - source compiled test FAIL: N19990310_5 execution - gij test FAIL: N19990310_5 -O3 execution - bytecode->native test FAIL: Overflow execution - source compiled test FAIL: Overflow execution - gij test FAIL: Overflow execution - bytecode->native test FAIL: Overflow -O3 execution - source compiled test FAIL: Overflow execution - gij test FAIL: Overflow -O3 execution - bytecode->native test FAIL: PR12350 execution - source compiled test FAIL: PR12350 execution - gij test FAIL: PR12350 execution - bytecode->native test FAIL: PR12350 -O3 execution - source compiled test FAIL: PR12350 execution - gij test FAIL: PR12350 -O3 execution - bytecode->native test FAIL: PR12416 execution - source compiled test FAIL: PR12416 execution - gij test FAIL: PR12416 execution - bytecode->native test FAIL: PR12416 -O3 execution - source compiled test FAIL: PR12416 execution - gij test FAIL: PR12416 -O3 execution - bytecode->native test FAIL: PR12656 execution - source compiled test FAIL: PR12656 execution - gij test FAIL: PR12656 execution - bytecode->native test FAIL: PR12656 -O3 execution - source compiled test FAIL: PR12656 execution - gij test FAIL: PR12656 -O3 execution - bytecode->native test FAIL: PR12915 execution - source compiled test FAIL: PR12915 execution - gij test FAIL: PR12915 execution - bytecode->native test FAIL: PR12915 -O3 execution - source compiled test FAIL: PR12915 execution - gij test FAIL: PR12915 -O3 execution - bytecode->native test FAIL: PR141 execution - source compiled test FAIL: PR141 execution - gij test FAIL: PR141 execution - bytecode->native test FAIL: PR141 -O3 execution - source compiled test FAIL: PR141 execution - gij test FAIL: PR141 -O3 execution - bytecode->native test FAIL: PR160 execution - source compiled test FAIL: PR160 execution - gij test FAIL: PR160 execution - bytecode->native test FAIL: PR160 -O3 execution - source compiled test FAIL: PR160 execution - gij test FAIL: PR160 -O3 execution - bytecode->native test FAIL: PR162 execution - source compiled test FAIL: PR162 execution - gij test FAIL: PR162 execution - bytecode->native test FAIL: PR162 -O3 execution - source compiled test FAIL: PR162 execution - gij test FAIL: PR162 -O3 execution - bytecode->native test FAIL: PR16867 execution - source compiled test FAIL: PR16867 execution - gij test FAIL: PR16867 execution - bytecode->native test FAIL: PR16867 -O3 execution - source compiled test FAIL: PR16867 execution - gij test FAIL: PR16867 -O3 execution - bytecode->native test FAIL: PR18699 execution - source compiled test FAIL: PR18699 execution - gij test FAIL: PR18699 execution - bytecode->native test FAIL: PR18699 -O3 execution - source compiled test FAIL: PR18699 execution - gij test FAIL: PR18699 -O3 execution - bytecode->native test FAIL: PR19921 execution - source compiled test FAIL: PR19921 execution - gij test FAIL: PR19921 execution - bytecode->native test FAIL: PR19921 -O3 execution - source compiled test FAIL: PR19921 execution - gij test FAIL: PR19921 -O3 execution - bytecode->native test FAIL: PR20056 execution - source compiled test FAIL: PR20056 execution - gij test FAIL: PR20056 execution - bytecode->native test FAIL: PR20056 -O3 execution - source compiled test FAIL: PR20056 execution - gij test FAIL: PR20056 -O3 execution - bytecode->native test FAIL: PR218 execution - source compiled test FAIL: PR218 execution - gij test FAIL: PR218 execution - bytecode->native test FAIL: PR218 -O3 execution - source compiled test FAIL: PR218 execution - gij test FAIL: PR218 -O3 execution - bytecode->native test FAIL: PR242 execution - source compiled test FAIL: PR242 execution - gij test FAIL: PR242 execution - bytecode->native test FAIL: PR242 -O3 execution - source compiled test FAIL: PR242 execution - gij test FAIL: PR242 -O3 execution - bytecode->native test FAIL: PR260 execution - source compiled test FAIL: PR260 execution - gij test FAIL: PR260 execution - bytecode->native test FAIL: PR260 -O3 execution - source compiled test FAIL: PR260 execution - gij test FAIL: PR260 -O3 execution - bytecode->native test FAIL: PR3096 execution - source compiled test FAIL: PR3096 execution - gij test FAIL: PR3096 execution - bytecode->native test FAIL: PR3096 -O3 execution - source compiled test FAIL: PR3096 execution - gij test FAIL: PR3096 -O3 execution - bytecode->native test FAIL: PR3731 execution - source compiled test FAIL: PR3731 execution - gij test FAIL: PR3731 execution - bytecode->native test FAIL: PR3731 -O3 execution - source compiled test FAIL: PR3731 execution - gij test FAIL: PR3731 -O3 execution - bytecode->native test FAIL: PR5057 execution - source compiled test FAIL: PR5057 execution - gij test FAIL: PR5057 execution - bytecode->native test FAIL: PR5057 -O3 execution - source compiled test FAIL: PR5057 execution - gij test FAIL: PR5057 -O3 execution - bytecode->native test FAIL: PR5057_2 execution - source compiled test FAIL: PR5057_2 execution - gij test FAIL: PR5057_2 execution - bytecode->native test FAIL: PR5057_2 -O3 execution - source compiled test FAIL: PR5057_2 execution - gij test FAIL: PR5057_2 -O3 execution - bytecode->native test FAIL: PR55 execution - source compiled test FAIL: PR55 execution - gij test FAIL: PR55 execution - bytecode->native test FAIL: PR55 -O3 execution - source compiled test FAIL: PR55 execution - gij test FAIL: PR55 -O3 execution - bytecode->native test FAIL: PR56 execution - source compiled test FAIL: PR56 execution - gij test FAIL: PR56 execution - bytecode->native test FAIL: PR56 -O3 execution - source compiled test FAIL: PR56 execution - gij test FAIL: PR56 -O3 execution - bytecode->native test FAIL: PR6085 execution - source compiled test FAIL: PR6085 execution - gij test FAIL: PR6085 execution - bytecode->native test FAIL: PR6085 -O3 execution - source compiled test FAIL: PR6085 execution - gij test FAIL: PR6085 -O3 execution - bytecode->native test FAIL: PR6204 execution - source compiled test FAIL: PR6204 execution - gij test FAIL: PR6204 execution - bytecode->native test FAIL: PR6204 -O3 execution - source compiled test FAIL: PR6204 execution - gij test FAIL: PR6204 -O3 execution - bytecode->native test FAIL: PR6729 execution - source compiled test FAIL: PR6729 execution - gij test FAIL: PR6729 execution - bytecode->native test FAIL: PR6729 -O3 execution - source compiled test FAIL: PR6729 execution - gij test FAIL: PR6729 -O3 execution - bytecode->native test FAIL: PR6820 execution - source compiled test FAIL: PR6820 execution - gij test FAIL: PR6820 execution - bytecode->native test FAIL: PR6820 -O3 execution - source compiled test FAIL: PR6820 execution - gij test FAIL: PR6820 -O3 execution - bytecode->native test FAIL: PR7482 execution - source compiled test FAIL: PR7482 execution - gij test FAIL: PR7482 execution - bytecode->native test FAIL: PR7482 -O3 execution - source compiled test FAIL: PR7482 execution - gij test FAIL: PR7482 -O3 execution - bytecode->native test FAIL: Process_1 execution - source compiled test FAIL: Process_1 execution - gij test FAIL: Process_1 execution - bytecode->native test FAIL: Process_1 -O3 execution - source compiled test FAIL: Process_1 execution - gij test FAIL: Process_1 -O3 execution - bytecode->native test FAIL: Process_2 execution - source compiled test FAIL: Process_2 execution - gij test FAIL: Process_2 execution - bytecode->native test FAIL: Process_2 -O3 execution - source compiled test FAIL: Process_2 execution - gij test FAIL: Process_2 -O3 execution - bytecode->native test FAIL: Process_3 execution - source compiled test FAIL: Process_3 execution - gij test FAIL: Process_3 execution - bytecode->native test FAIL: Process_3 -O3 execution - source compiled test FAIL: Process_3 execution - gij test FAIL: Process_3 -O3 execution - bytecode->native test FAIL: Process_4 execution - source compiled test FAIL: Process_4 execution - gij test FAIL: Process_4 execution - bytecode->native test FAIL: Process_4 -O3 execution - source compiled test FAIL: Process_4 execution - gij test FAIL: Process_4 -O3 execution - bytecode->native test FAIL: Process_5 execution - source compiled test FAIL: Process_5 execution - gij test FAIL: Process_5 execution - bytecode->native test FAIL: Process_5 -O3 execution - source compiled test FAIL: Process_5 execution - gij test FAIL: Process_5 -O3 execution - bytecode->native test FAIL: Process_6 execution - source compiled test FAIL: Process_6 execution - gij test FAIL: Process_6 execution - bytecode->native test FAIL: Process_6 -O3 execution - source compiled test FAIL: Process_6 execution - gij test FAIL: Process_6 -O3 execution - bytecode->native test FAIL: Serialization execution - source compiled test FAIL: Serialization execution - gij test FAIL: Serialization execution - bytecode->native test FAIL: Serialization -O3 execution - source compiled test FAIL: Serialization execution - gij test FAIL: Serialization -O3 execution - bytecode->native test FAIL: Shazam execution - source compiled test FAIL: Shazam execution - gij test FAIL: Shazam execution - bytecode->native test FAIL: Shazam -O3 execution - source compiled test FAIL: Shazam execution - gij test FAIL: Shazam -O3 execution - bytecode->native test FAIL: StaticConstructor execution - source compiled test FAIL: StaticConstructor execution - gij test FAIL: StaticConstructor execution - bytecode->native test FAIL: StaticConstructor -O3 execution - source compiled test FAIL: StaticConstructor execution - gij test FAIL: StaticConstructor -O3 execution - bytecode->native test FAIL: StringBuffer_1 execution - source compiled test FAIL: StringBuffer_1 execution - gij test FAIL: StringBuffer_1 execution - bytecode->native test FAIL: StringBuffer_1 -O3 execution - source compiled test FAIL: StringBuffer_1 execution - gij test FAIL: StringBuffer_1 -O3 execution - bytecode->native test FAIL: StringBuffer_overflow execution - source compiled test FAIL: StringBuffer_overflow execution - gij test FAIL: StringBuffer_overflow execution - bytecode->native test FAIL: StringBuffer_overflow -O3 execution - source compiled test FAIL: StringBuffer_overflow execution - gij test FAIL: StringBuffer_overflow -O3 execution - bytecode->native test FAIL: String_overflow execution - source compiled test FAIL: String_overflow execution - gij test FAIL: String_overflow execution - bytecode->native test FAIL: String_overflow -O3 execution - source compiled test FAIL: String_overflow execution - gij test FAIL: String_overflow -O3 execution - bytecode->native test FAIL: SyncGlobal execution - source compiled test FAIL: SyncGlobal execution - gij test FAIL: SyncGlobal execution - bytecode->native test FAIL: SyncGlobal -O3 execution - source compiled test FAIL: SyncGlobal execution - gij test FAIL: SyncGlobal -O3 execution - bytecode->native test FAIL: SyncTest execution - source compiled test FAIL: SyncTest execution - gij test FAIL: SyncTest execution - bytecode->native test FAIL: SyncTest -O3 execution - source compiled test FAIL: SyncTest execution - gij test FAIL: SyncTest -O3 execution - bytecode->native test FAIL: Synch execution - source compiled test FAIL: Synch execution - gij test FAIL: Synch execution - bytecode->native test FAIL: Synch -O3 execution - source compiled test FAIL: Synch execution - gij test FAIL: Synch -O3 execution - bytecode->native test FAIL: TLtest execution - source compiled test FAIL: TLtest execution - gij test FAIL: TLtest execution - bytecode->native test FAIL: TLtest -O3 execution - source compiled test FAIL: TLtest execution - gij test FAIL: TLtest -O3 execution - bytecode->native test FAIL: TestProxy execution - source compiled test FAIL: TestProxy execution - gij test FAIL: TestProxy execution - bytecode->native test FAIL: TestProxy -O3 execution - source compiled test FAIL: TestProxy execution - gij test FAIL: TestProxy -O3 execution - bytecode->native test FAIL: Thread_Alive execution - source compiled test FAIL: Thread_Alive execution - gij test FAIL: Thread_Alive execution - bytecode->native test FAIL: Thread_Alive -O3 execution - source compiled test FAIL: Thread_Alive execution - gij test FAIL: Thread_Alive -O3 execution - bytecode->native test FAIL: Thread_HoldsLock execution - source compiled test FAIL: Thread_HoldsLock execution - gij test FAIL: Thread_HoldsLock execution - bytecode->native test FAIL: Thread_HoldsLock -O3 execution - source compiled test FAIL: Thread_HoldsLock execution - gij test FAIL: Thread_HoldsLock -O3 execution - bytecode->native test FAIL: Thread_Interrupt execution - source compiled test FAIL: Thread_Interrupt execution - gij test FAIL: Thread_Interrupt execution - bytecode->native test FAIL: Thread_Interrupt -O3 execution - source compiled test FAIL: Thread_Interrupt execution - gij test FAIL: Thread_Interrupt -O3 execution - bytecode->native test FAIL: Thread_Join execution - source compiled test FAIL: Thread_Join execution - gij test FAIL: Thread_Join execution - bytecode->native test FAIL: Thread_Join -O3 execution - source compiled test FAIL: Thread_Join execution - gij test FAIL: Thread_Join -O3 execution - bytecode->native test FAIL: Thread_Monitor execution - source compiled test FAIL: Thread_Monitor execution - gij test FAIL: Thread_Monitor execution - bytecode->native test FAIL: Thread_Monitor -O3 execution - source compiled test FAIL: Thread_Monitor execution - gij test FAIL: Thread_Monitor -O3 execution - bytecode->native test FAIL: Thread_Sleep execution - source compiled test FAIL: Thread_Sleep execution - gij test FAIL: Thread_Sleep execution - bytecode->native test FAIL: Thread_Sleep -O3 execution - source compiled test FAIL: Thread_Sleep execution - gij test FAIL: Thread_Sleep -O3 execution - bytecode->native test FAIL: Thread_Wait execution - source compiled test FAIL: Thread_Wait execution - gij test FAIL: Thread_Wait execution - bytecode->native test FAIL: Thread_Wait -O3 execution - source compiled test FAIL: Thread_Wait execution - gij test FAIL: Thread_Wait -O3 execution - bytecode->native test FAIL: Thread_Wait_2 execution - source compiled test FAIL: Thread_Wait_2 execution - gij test FAIL: Thread_Wait_2 execution - bytecode->native test FAIL: Thread_Wait_2 -O3 execution - source compiled test FAIL: Thread_Wait_2 execution - gij test FAIL: Thread_Wait_2 -O3 execution - bytecode->native test FAIL: Thread_Wait_Interrupt execution - source compiled test FAIL: Thread_Wait_Interrupt execution - gij test FAIL: Thread_Wait_Interrupt execution - bytecode->native test FAIL: Thread_Wait_Interrupt -O3 execution - source compiled test FAIL: Thread_Wait_Interrupt execution - gij test FAIL: Thread_Wait_Interrupt -O3 execution - bytecode->native test FAIL: Throw_1 execution - source compiled test FAIL: Throw_1 execution - gij test FAIL: Throw_1 execution - bytecode->native test FAIL: Throw_1 -O3 execution - source compiled test FAIL: Throw_1 execution - gij test FAIL: Throw_1 -O3 execution - bytecode->native test FAIL: Throw_2 execution - source compiled test FAIL: Throw_2 execution - gij test FAIL: Throw_2 execution - bytecode->native test FAIL: Throw_2 -O3 execution - source compiled test FAIL: Throw_2 execution - gij test FAIL: Throw_2 -O3 execution - bytecode->native test FAIL: anfi execution - source compiled test FAIL: anfi execution - gij test FAIL: anfi execution - bytecode->native test FAIL: anfi -O3 execution - source compiled test FAIL: anfi execution - gij test FAIL: anfi -O3 execution - bytecode->native test FAIL: anon execution - source compiled test FAIL: anon execution - gij test FAIL: anon execution - bytecode->native test FAIL: anon -O3 execution - source compiled test FAIL: anon execution - gij test FAIL: anon -O3 execution - bytecode->native test FAIL: anon2 execution - source compiled test FAIL: anon2 execution - gij test FAIL: anon2 execution - bytecode->native test FAIL: anon2 -O3 execution - source compiled test FAIL: anon2 execution - gij test FAIL: anon2 -O3 execution - bytecode->native test FAIL: anon3 execution - source compiled test FAIL: anon3 execution - gij test FAIL: anon3 execution - bytecode->native test FAIL: anon3 -O3 execution - source compiled test FAIL: anon3 execution - gij test FAIL: anon3 -O3 execution - bytecode->native test FAIL: anon4 execution - source compiled test FAIL: anon4 execution - gij test FAIL: anon4 execution - bytecode->native test FAIL: anon4 -O3 execution - source compiled test FAIL: anon4 execution - gij test FAIL: anon4 -O3 execution - bytecode->native test FAIL: anon_ctor_itf_arg execution - source compiled test FAIL: anon_ctor_itf_arg execution - gij test FAIL: anon_ctor_itf_arg execution - bytecode->native test FAIL: anon_ctor_itf_arg -O3 execution - source compiled test FAIL: anon_ctor_itf_arg execution - gij test FAIL: anon_ctor_itf_arg -O3 execution - bytecode->native test FAIL: anonarray execution - source compiled test FAIL: anonarray execution - gij test FAIL: anonarray execution - bytecode->native test FAIL: anonarray -O3 execution - source compiled test FAIL: anonarray execution - gij test FAIL: anonarray -O3 execution - bytecode->native test FAIL: anonarray2 execution - source compiled test FAIL: anonarray2 execution - gij test FAIL: anonarray2 execution - bytecode->native test FAIL: anonarray2 -O3 execution - source compiled test FAIL: anonarray2 execution - gij test FAIL: anonarray2 -O3 execution - bytecode->native test FAIL: anonarray3 execution - source compiled test FAIL: anonarray3 execution - gij test FAIL: anonarray3 execution - bytecode->native test FAIL: anonarray3 -O3 execution - source compiled test FAIL: anonarray3 execution - gij test FAIL: anonarray3 -O3 execution - bytecode->native test FAIL: assign execution - source compiled test FAIL: assign execution - gij test FAIL: assign execution - bytecode->native test FAIL: assign -O3 execution - source compiled test FAIL: assign execution - gij test FAIL: assign -O3 execution - bytecode->native test FAIL: assign2 execution - source compiled test FAIL: assign2 execution - gij test FAIL: assign2 execution - bytecode->native test FAIL: assign2 -O3 execution - source compiled test FAIL: assign2 execution - gij test FAIL: assign2 -O3 execution - bytecode->native test FAIL: bytearray execution - source compiled test FAIL: bytearray execution - gij test FAIL: bytearray execution - bytecode->native test FAIL: bytearray -O3 execution - source compiled test FAIL: bytearray execution - gij test FAIL: bytearray -O3 execution - bytecode->native test FAIL: direct_read execution - source compiled test FAIL: direct_read execution - gij test FAIL: direct_read execution - bytecode->native test FAIL: direct_read -O3 execution - source compiled test FAIL: direct_read execution - gij test FAIL: direct_read -O3 execution - bytecode->native test FAIL: direct_write execution - source compiled test FAIL: direct_write execution - gij test FAIL: direct_write execution - bytecode->native test FAIL: direct_write -O3 execution - source compiled test FAIL: direct_write execution - gij test FAIL: direct_write -O3 execution - bytecode->native test FAIL: emptystring execution - source compiled test FAIL: emptystring execution - gij test FAIL: emptystring execution - bytecode->native test FAIL: emptystring -O3 execution - source compiled test FAIL: emptystring execution - gij test FAIL: emptystring -O3 execution - bytecode->native test FAIL: err1 execution - source compiled test FAIL: err1 execution - gij test FAIL: err1 execution - bytecode->native test FAIL: err1 -O3 execution - source compiled test FAIL: err1 execution - gij test FAIL: err1 -O3 execution - bytecode->native test FAIL: err10 execution - source compiled test FAIL: err10 execution - gij test FAIL: err10 execution - bytecode->native test FAIL: err10 -O3 execution - source compiled test FAIL: err10 execution - gij test FAIL: err10 -O3 execution - bytecode->native test FAIL: err11 execution - source compiled test FAIL: err11 execution - gij test FAIL: err11 execution - bytecode->native test FAIL: err11 -O3 execution - source compiled test FAIL: err11 execution - gij test FAIL: err11 -O3 execution - bytecode->native test FAIL: err12 execution - source compiled test FAIL: err12 execution - gij test FAIL: err12 execution - bytecode->native test FAIL: err12 -O3 execution - source compiled test FAIL: err12 execution - gij test FAIL: err12 -O3 execution - bytecode->native test FAIL: err13 execution - source compiled test FAIL: err13 execution - gij test FAIL: err13 execution - bytecode->native test FAIL: err13 -O3 execution - source compiled test FAIL: err13 execution - gij test FAIL: err13 -O3 execution - bytecode->native test FAIL: err14 execution - source compiled test FAIL: err14 execution - gij test FAIL: err14 execution - bytecode->native test FAIL: err14 -O3 execution - source compiled test FAIL: err14 execution - gij test FAIL: err14 -O3 execution - bytecode->native test FAIL: err2 execution - source compiled test FAIL: err2 execution - gij test FAIL: err2 execution - bytecode->native test FAIL: err2 -O3 execution - source compiled test FAIL: err2 execution - gij test FAIL: err2 -O3 execution - bytecode->native test FAIL: err3 execution - source compiled test FAIL: err3 execution - gij test FAIL: err3 execution - bytecode->native test FAIL: err3 -O3 execution - source compiled test FAIL: err3 execution - gij test FAIL: err3 -O3 execution - bytecode->native test FAIL: err4 execution - source compiled test FAIL: err4 execution - gij test FAIL: err4 execution - bytecode->native test FAIL: err4 -O3 execution - source compiled test FAIL: err4 execution - gij test FAIL: err4 -O3 execution - bytecode->native test FAIL: err5 execution - source compiled test FAIL: err5 execution - gij test FAIL: err5 execution - bytecode->native test FAIL: err5 -O3 execution - source compiled test FAIL: err5 execution - gij test FAIL: err5 -O3 execution - bytecode->native test FAIL: err6 execution - source compiled test FAIL: err6 execution - gij test FAIL: err6 execution - bytecode->native test FAIL: err6 -O3 execution - source compiled test FAIL: err6 execution - gij test FAIL: err6 -O3 execution - bytecode->native test FAIL: err7 execution - source compiled test FAIL: err7 execution - gij test FAIL: err7 execution - bytecode->native test FAIL: err7 -O3 execution - source compiled test FAIL: err7 execution - gij test FAIL: err7 -O3 execution - bytecode->native test FAIL: err8 execution - source compiled test FAIL: err8 execution - gij test FAIL: err8 execution - bytecode->native test FAIL: err8 -O3 execution - source compiled test FAIL: err8 execution - gij test FAIL: err8 -O3 execution - bytecode->native test FAIL: err9 execution - source compiled test FAIL: err9 execution - gij test FAIL: err9 execution - bytecode->native test FAIL: err9 -O3 execution - source compiled test FAIL: err9 execution - gij test FAIL: err9 -O3 execution - bytecode->native test FAIL: final_inner execution - source compiled test FAIL: final_inner execution - gij test FAIL: final_inner execution - bytecode->native test FAIL: final_inner -O3 execution - source compiled test FAIL: final_inner execution - gij test FAIL: final_inner -O3 execution - bytecode->native test FAIL: final_int execution - source compiled test FAIL: final_int execution - gij test FAIL: final_int execution - bytecode->native test FAIL: final_int -O3 execution - source compiled test FAIL: final_int execution - gij test FAIL: final_int -O3 execution - bytecode->native test FAIL: final_static_and_friend execution - source compiled test FAIL: final_static_and_friend execution - gij test FAIL: final_static_and_friend execution - bytecode->native test FAIL: final_static_and_friend -O3 execution - source compiled test FAIL: final_static_and_friend execution - gij test FAIL: final_static_and_friend -O3 execution - bytecode->native test FAIL: indirect execution - source compiled test FAIL: indirect execution - gij test FAIL: indirect execution - bytecode->native test FAIL: indirect -O3 execution - source compiled test FAIL: indirect execution - gij test FAIL: indirect -O3 execution - bytecode->native test FAIL: indirect_read execution - source compiled test FAIL: indirect_read execution - gij test FAIL: indirect_read execution - bytecode->native test FAIL: indirect_read -O3 execution - source compiled test FAIL: indirect_read execution - gij test FAIL: indirect_read -O3 execution - bytecode->native test FAIL: indirect_write execution - source compiled test FAIL: indirect_write execution - gij test FAIL: indirect_write execution - bytecode->native test FAIL: indirect_write -O3 execution - source compiled test FAIL: indirect_write execution - gij test FAIL: indirect_write -O3 execution - bytecode->native test FAIL: initexc execution - source compiled test FAIL: initexc execution - gij test FAIL: initexc execution - bytecode->native test FAIL: initexc -O3 execution - source compiled test FAIL: initexc execution - gij test FAIL: initexc -O3 execution - bytecode->native test FAIL: initfield execution - source compiled test FAIL: initfield execution - gij test FAIL: initfield execution - bytecode->native test FAIL: initfield -O3 execution - source compiled test FAIL: initfield execution - gij test FAIL: initfield -O3 execution - bytecode->native test FAIL: inline execution - source compiled test FAIL: inline execution - gij test FAIL: inline execution - bytecode->native test FAIL: inline -O3 execution - source compiled test FAIL: inline execution - gij test FAIL: inline -O3 execution - bytecode->native test FAIL: inner1 execution - source compiled test FAIL: inner1 execution - gij test FAIL: inner1 execution - bytecode->native test FAIL: inner1 -O3 execution - source compiled test FAIL: inner1 execution - gij test FAIL: inner1 -O3 execution - bytecode->native test FAIL: inner2 execution - source compiled test FAIL: inner2 execution - gij test FAIL: inner2 execution - bytecode->native test FAIL: inner2 -O3 execution - source compiled test FAIL: inner2 execution - gij test FAIL: inner2 -O3 execution - bytecode->native test FAIL: inner3 execution - source compiled test FAIL: inner3 execution - gij test FAIL: inner3 execution - bytecode->native test FAIL: inner3 -O3 execution - source compiled test FAIL: inner3 execution - gij test FAIL: inner3 -O3 execution - bytecode->native test FAIL: inner4 execution - source compiled test FAIL: inner4 execution - gij test FAIL: inner4 execution - bytecode->native test FAIL: inner4 -O3 execution - source compiled test FAIL: inner4 execution - gij test FAIL: inner4 -O3 execution - bytecode->native test FAIL: inner_array execution - source compiled test FAIL: inner_array execution - gij test FAIL: inner_array execution - bytecode->native test FAIL: inner_array -O3 execution - source compiled test FAIL: inner_array execution - gij test FAIL: inner_array -O3 execution - bytecode->native test FAIL: inner_interface execution - source compiled test FAIL: inner_interface execution - gij test FAIL: inner_interface execution - bytecode->native test FAIL: inner_interface -O3 execution - source compiled test FAIL: inner_interface execution - gij test FAIL: inner_interface -O3 execution - bytecode->native test FAIL: instance execution - source compiled test FAIL: instance execution - gij test FAIL: instance execution - bytecode->native test FAIL: instance -O3 execution - source compiled test FAIL: instance execution - gij test FAIL: instance -O3 execution - bytecode->native test FAIL: instinit execution - source compiled test FAIL: instinit execution - gij test FAIL: instinit execution - bytecode->native test FAIL: instinit -O3 execution - source compiled test FAIL: instinit execution - gij test FAIL: instinit -O3 execution - bytecode->native test FAIL: instinit2 execution - source compiled test FAIL: instinit2 execution - gij test FAIL: instinit2 execution - bytecode->native test FAIL: instinit2 -O3 execution - source compiled test FAIL: instinit2 execution - gij test FAIL: instinit2 -O3 execution - bytecode->native test FAIL: invoke_from_inner execution - source compiled test FAIL: invoke_from_inner execution - gij test FAIL: invoke_from_inner execution - bytecode->native test FAIL: invoke_from_inner -O3 execution - source compiled test FAIL: invoke_from_inner execution - gij test FAIL: invoke_from_inner -O3 execution - bytecode->native test FAIL: invokethrow execution - source compiled test FAIL: invokethrow execution - gij test FAIL: invokethrow execution - bytecode->native test FAIL: invokethrow -O3 execution - source compiled test FAIL: invokethrow execution - gij test FAIL: invokethrow -O3 execution - bytecode->native test FAIL: klass execution - source compiled test FAIL: klass execution - gij test FAIL: klass execution - bytecode->native test FAIL: klass -O3 execution - source compiled test FAIL: klass execution - gij test FAIL: klass -O3 execution - bytecode->native test FAIL: md5test execution - source compiled test FAIL: md5test execution - gij test FAIL: md5test execution - bytecode->native test FAIL: md5test -O3 execution - source compiled test FAIL: md5test execution - gij test FAIL: md5test -O3 execution - bytecode->native test FAIL: multiple_finit execution - source compiled test FAIL: multiple_finit execution - gij test FAIL: multiple_finit execution - bytecode->native test FAIL: multiple_finit -O3 execution - source compiled test FAIL: multiple_finit execution - gij test FAIL: multiple_finit -O3 execution - bytecode->native test FAIL: negzero execution - source compiled test FAIL: negzero execution - gij test FAIL: negzero execution - bytecode->native test FAIL: negzero -O3 execution - source compiled test FAIL: negzero execution - gij test FAIL: negzero -O3 execution - bytecode->native test FAIL: nested_with_ctor execution - source compiled test FAIL: nested_with_ctor execution - gij test FAIL: nested_with_ctor execution - bytecode->native test FAIL: nested_with_ctor -O3 execution - source compiled test FAIL: nested_with_ctor execution - gij test FAIL: nested_with_ctor -O3 execution - bytecode->native test FAIL: newarray_overflow execution - source compiled test FAIL: newarray_overflow execution - gij test FAIL: newarray_overflow execution - bytecode->native test FAIL: newarray_overflow -O3 execution - source compiled test FAIL: newarray_overflow execution - gij test FAIL: newarray_overflow -O3 execution - bytecode->native test FAIL: override execution - source compiled test FAIL: override execution - gij test FAIL: override execution - bytecode->native test FAIL: override -O3 execution - source compiled test FAIL: override execution - gij test FAIL: override -O3 execution - bytecode->native test FAIL: pr109 execution - source compiled test FAIL: pr109 execution - gij test FAIL: pr109 execution - bytecode->native test FAIL: pr109 -O3 execution - source compiled test FAIL: pr109 execution - gij test FAIL: pr109 -O3 execution - bytecode->native test FAIL: pr13107 execution - source compiled test FAIL: pr13107 execution - gij test FAIL: pr13107 execution - bytecode->native test FAIL: pr13107 -O3 execution - source compiled test FAIL: pr13107 execution - gij test FAIL: pr13107 -O3 execution - bytecode->native test FAIL: pr13107_2 execution - source compiled test FAIL: pr13107_2 execution - gij test FAIL: pr13107_2 execution - bytecode->native test FAIL: pr13107_2 -O3 execution - source compiled test FAIL: pr13107_2 execution - gij test FAIL: pr13107_2 -O3 execution - bytecode->native test FAIL: pr13107_3 execution - source compiled test FAIL: pr13107_3 execution - gij test FAIL: pr13107_3 execution - bytecode->native test FAIL: pr13107_3 -O3 execution - source compiled test FAIL: pr13107_3 execution - gij test FAIL: pr13107_3 -O3 execution - bytecode->native test FAIL: pr133 execution - source compiled test FAIL: pr133 execution - gij test FAIL: pr133 execution - bytecode->native test FAIL: pr133 -O3 execution - source compiled test FAIL: pr133 execution - gij test FAIL: pr133 -O3 execution - bytecode->native test FAIL: pr16789 execution - source compiled test FAIL: pr16789 execution - gij test FAIL: pr16789 execution - bytecode->native test FAIL: pr16789 -O3 execution - source compiled test FAIL: pr16789 execution - gij test FAIL: pr16789 -O3 execution - bytecode->native test FAIL: pr179 execution - source compiled test FAIL: pr179 execution - gij test FAIL: pr179 execution - bytecode->native test FAIL: pr179 -O3 execution - source compiled test FAIL: pr179 execution - gij test FAIL: pr179 -O3 execution - bytecode->native test FAIL: pr184 execution - source compiled test FAIL: pr184 execution - gij test FAIL: pr184 execution - bytecode->native test FAIL: pr184 -O3 execution - source compiled test FAIL: pr184 execution - gij test FAIL: pr184 -O3 execution - bytecode->native test FAIL: pr6388 execution - source compiled test FAIL: pr6388 execution - gij test FAIL: pr6388 execution - bytecode->native test FAIL: pr6388 -O3 execution - source compiled test FAIL: pr6388 execution - gij test FAIL: pr6388 -O3 execution - bytecode->native test FAIL: pr83 execution - source compiled test FAIL: pr83 execution - gij test FAIL: pr83 execution - bytecode->native test FAIL: pr83 -O3 execution - source compiled test FAIL: pr83 execution - gij test FAIL: pr83 -O3 execution - bytecode->native test FAIL: pr8415 execution - source compiled test FAIL: pr8415 execution - gij test FAIL: pr8415 execution - bytecode->native test FAIL: pr8415 -O3 execution - source compiled test FAIL: pr8415 execution - gij test FAIL: pr8415 -O3 execution - bytecode->native test FAIL: pr8676 execution - source compiled test FAIL: pr8676 execution - gij test FAIL: pr8676 execution - bytecode->native test FAIL: pr8676 -O3 execution - source compiled test FAIL: pr8676 execution - gij test FAIL: pr8676 -O3 execution - bytecode->native test FAIL: pr8823 execution - source compiled test FAIL: pr8823 execution - gij test FAIL: pr8823 execution - bytecode->native test FAIL: pr8823 -O3 execution - source compiled test FAIL: pr8823 execution - gij test FAIL: pr8823 -O3 execution - bytecode->native test FAIL: pr8945 execution - source compiled test FAIL: pr8945 execution - gij test FAIL: pr8945 execution - bytecode->native test FAIL: pr8945 -O3 execution - source compiled test FAIL: pr8945 execution - gij test FAIL: pr8945 -O3 execution - bytecode->native test FAIL: private_direct_read execution - source compiled test FAIL: private_direct_read execution - gij test FAIL: private_direct_read execution - bytecode->native test FAIL: private_direct_read -O3 execution - source compiled test FAIL: private_direct_read execution - gij test FAIL: private_direct_read -O3 execution - bytecode->native test FAIL: search_outer execution - source compiled test FAIL: search_outer execution - gij test FAIL: search_outer execution - bytecode->native test FAIL: search_outer -O3 execution - source compiled test FAIL: search_outer execution - gij test FAIL: search_outer -O3 execution - bytecode->native test FAIL: shatest execution - source compiled test FAIL: shatest execution - gij test FAIL: shatest execution - bytecode->native test FAIL: shatest -O3 execution - source compiled test FAIL: shatest execution - gij test FAIL: shatest -O3 execution - bytecode->native test FAIL: stringconst execution - source compiled test FAIL: stringconst execution - gij test FAIL: stringconst execution - bytecode->native test FAIL: stringconst -O3 execution - source compiled test FAIL: stringconst execution - gij test FAIL: stringconst -O3 execution - bytecode->native test FAIL: stringconst2 execution - source compiled test FAIL: stringconst2 execution - gij test FAIL: stringconst2 execution - bytecode->native test FAIL: stringconst2 -O3 execution - source compiled test FAIL: stringconst2 execution - gij test FAIL: stringconst2 -O3 execution - bytecode->native test FAIL: stub execution - source compiled test FAIL: stub execution - gij test FAIL: stub execution - bytecode->native test FAIL: stub -O3 execution - source compiled test FAIL: stub execution - gij test FAIL: stub -O3 execution - bytecode->native test FAIL: test_long execution - source compiled test FAIL: test_long execution - gij test FAIL: test_long execution - bytecode->native test FAIL: test_long -O3 execution - source compiled test FAIL: test_long execution - gij test FAIL: test_long -O3 execution - bytecode->native test FAIL: tmi execution - source compiled test FAIL: tmi execution - gij test FAIL: tmi execution - bytecode->native test FAIL: tmi -O3 execution - source compiled test FAIL: tmi execution - gij test FAIL: tmi -O3 execution - bytecode->native test FAIL: tp execution - source compiled test FAIL: tp execution - gij test FAIL: tp execution - bytecode->native test FAIL: tp -O3 execution - source compiled test FAIL: tp execution - gij test FAIL: tp -O3 execution - bytecode->native test FAIL: update_outer execution - source compiled test FAIL: update_outer execution - gij test FAIL: update_outer execution - bytecode->native test FAIL: update_outer -O3 execution - source compiled test FAIL: update_outer execution - gij test FAIL: update_outer -O3 execution - bytecode->native test FAIL: utf8concat execution - source compiled test FAIL: utf8concat execution - gij test FAIL: utf8concat execution - bytecode->native test FAIL: utf8concat -O3 execution - source compiled test FAIL: utf8concat execution - gij test FAIL: utf8concat -O3 execution - bytecode->native test FAIL: utilTest execution - source compiled test FAIL: utilTest execution - gij test FAIL: utilTest execution - bytecode->native test FAIL: utilTest -O3 execution - source compiled test FAIL: utilTest execution - gij test FAIL: utilTest -O3 execution - bytecode->native test FAIL: verify execution - source compiled test FAIL: verify execution - gij test FAIL: verify execution - bytecode->native test FAIL: verify -O3 execution - source compiled test FAIL: verify execution - gij test FAIL: verify -O3 execution - bytecode->native test FAIL: /amnt/figaro/volumes/obj-gcc/gcc/obj.sol86/gcc-4.1.0-20050520/10-gcc-gas/i386-pc-solaris2.10/libjava/testsuite/TestEarlyGC.exe execution - /amnt/figaro/volumes/obj-gcc/gcc/obj.sol86/gcc-4.1.0-20050520/10-gcc-gas/i386-pc-solaris2.10/libjava/testsuite/TestEarlyGC.exe FAIL: /amnt/figaro/volumes/obj-gcc/gcc/obj.sol86/gcc-4.1.0-20050520/10-gcc-gas/i386-pc-solaris2.10/libjava/testsuite/TestLeak.exe execution - /amnt/figaro/volumes/obj-gcc/gcc/obj.sol86/gcc-4.1.0-20050520/10-gcc-gas/i386-pc-solaris2.10/libjava/testsuite/TestLeak.exe FAIL: /amnt/figaro/volumes/obj-gcc/gcc/obj.sol86/gcc-4.1.0-20050520/10-gcc-gas/i386-pc-solaris2.10/libjava/testsuite/TestMultiple.exe execution - /amnt/figaro/volumes/obj-gcc/gcc/obj.sol86/gcc-4.1.0-20050520/10-gcc-gas/i386-pc-solaris2.10/libjava/testsuite/TestMultiple.exe FAIL: /amnt/figaro/volumes/obj-gcc/gcc/obj.sol86/gcc-4.1.0-20050520/10-gcc-gas/i386-pc-solaris2.10/libjava/testsuite/TestParent.exe execution - /amnt/figaro/volumes/obj-gcc/gcc/obj.sol86/gcc-4.1.0-20050520/10-gcc-gas/i386-pc-solaris2.10/libjava/testsuite/TestParent.exe FAIL: pr21115 run === libjava Summary for unix/-m64 === # of expected passes 1717 # of unexpected failures 1045 # of expected failures 4 # of untested testcases 1053 === libjava Summary === # of expected passes 4415 # of unexpected failures 2084 # of expected failures 14 # of untested testcases 1100 === libstdc++ tests === Running target unix === libstdc++ Summary for unix === # of expected passes 1149 # of expected failures 5 # of unsupported tests 22 Running target unix/-m64 XPASS: 27_io/fpos/14320-1.cc execution test === libstdc++ Summary for unix/-m64 === # of expected passes 1149 # of unexpected successes 1 # of expected failures 4 # of unsupported tests 22 === libstdc++ Summary === # of expected passes 2298 # of unexpected successes 1 # of expected failures 9 # of unsupported tests 44 Compiler version: 4.1.0 20050520 (experimental) Platform: i386-pc-solaris2.10 configure flags: --prefix=/vol/gcc --with-local-prefix=/vol/gcc --disable-nls --with-gnu-as --with-as=/usr/sfw/bin/gas --with-gmp-dir=/vol/gnu/obj/gmp-4.1.3 --with-mpfr-dir=/vol/gnu/obj/gmp-4.1.3 --disable-libmudflap --enable-languages=c,c++,f95,java,objc BOOT_CFLAGS=-g -O2
Index Nav: | [Date Index] [Subject Index] [Author Index] [Thread Index] | |
---|---|---|
Message Nav: | [Date Prev] [Date Next] | [Thread Prev] [Thread Next] |