This is the mail archive of the
gcc-testresults@gcc.gnu.org
mailing list for the GCC project.
Results for 4.0.1 20050522 (prerelease) testsuite on hppa-unknown-linux-gnu
- From: dave at hiauly6 dot hia dot nrc dot ca (John David Anglin)
- To: dave at hiauly6 dot hia dot nrc dot ca, gcc-testresults at gcc dot gnu dot org
- Date: Sun, 22 May 2005 19:05:54 -0400 (EDT)
- Subject: Results for 4.0.1 20050522 (prerelease) testsuite on hppa-unknown-linux-gnu
LAST_UPDATED: Sun May 22 16:01:38 UTC 2005
Native configuration is hppa-unknown-linux-gnu
=== g++ tests ===
Running target unix
XPASS: g++.old-deja/g++.other/init5.C execution test
=== g++ Summary ===
# of expected passes 10864
# of unexpected successes 1
# of expected failures 69
# of unsupported tests 92
/home/dave/gnu/gcc-4.0/objdir/gcc/testsuite/../g++ version 4.0.1 20050522 (prerelease)
=== gcc tests ===
Running target unix
XPASS: gcc.dg/const-elim-1.c scan-assembler-not L\\\\\$?C[^A-Z]
XPASS: gcc.dg/tree-ssa/loop-1.c scan-assembler-times foo 5
=== gcc Summary ===
# of expected passes 33902
# of unexpected successes 2
# of expected failures 75
# of untested testcases 28
# of unsupported tests 491
/home/dave/gnu/gcc-4.0/objdir/gcc/xgcc version 4.0.1 20050522 (prerelease)
=== gfortran tests ===
Running target unix
FAIL: gfortran.dg/eoshift.f90 -O0 execution test
XPASS: gfortran.dg/ret_pointer_1.f90 -O0 execution test
XPASS: gfortran.dg/ret_pointer_1.f90 -O1 execution test
XPASS: gfortran.dg/ret_pointer_1.f90 -O2 execution test
XPASS: gfortran.dg/ret_pointer_1.f90 -O3 -fomit-frame-pointer execution test
XPASS: gfortran.dg/ret_pointer_1.f90 -O3 -fomit-frame-pointer -funroll-loops execution test
XPASS: gfortran.dg/ret_pointer_1.f90 -O3 -fomit-frame-pointer -funroll-all-loops -finline-functions execution test
XPASS: gfortran.dg/ret_pointer_1.f90 -O3 -g execution test
XPASS: gfortran.dg/ret_pointer_1.f90 -Os execution test
=== gfortran Summary ===
# of expected passes 6250
# of unexpected failures 1
# of unexpected successes 8
# of expected failures 18
# of unsupported tests 17
/home/dave/gnu/gcc-4.0/objdir/gcc/testsuite/../gfortran version 4.0.1 20050522 (prerelease)
=== objc tests ===
Running target unix
=== objc Summary ===
# of expected passes 1534
# of unsupported tests 10
/home/dave/gnu/gcc-4.0/objdir/gcc/xgcc version 4.0.1 20050522 (prerelease)
=== libffi tests ===
Running target unix
FAIL: libffi.call/cls_5byte.c output pattern test, is 127 120 1 12 128 9: 139 248 10
FAIL: libffi.call/cls_6byte.c output pattern test, is 127 120 1 128 12 128 9 127: 139 248 10 255
FAIL: libffi.call/cls_align_sint16.c output pattern test, is 12 4951 127 1 9320 13: 13 14271 140
FAIL: libffi.call/cls_align_uint16.c output pattern test, is 12 4951 127 1 9320 13: 13 14271 140
=== libffi Summary ===
# of expected passes 215
# of unexpected failures 4
# of unsupported tests 2
=== libjava tests ===
Running target unix
FAIL: Array_3 -O3 execution - bytecode->native test
WARNING: program timed out.
FAIL: PR218 execution - source compiled test
WARNING: program timed out.
FAIL: PR218 execution - bytecode->native test
WARNING: program timed out.
FAIL: PR218 -O3 execution - source compiled test
WARNING: program timed out.
FAIL: PR218 -O3 execution - bytecode->native test
FAIL: Serialization output - gij test
FAIL: Serialization output - gij test
WARNING: program timed out.
FAIL: SyncTest execution - source compiled test
FAIL: SyncTest execution - gij test
FAIL: negzero output - gij test
FAIL: negzero output - gij test
=== libjava Summary ===
# of expected passes 3778
# of unexpected failures 11
# of expected failures 14
# of untested testcases 23
=== libmudflap tests ===
Running target unix
FAIL: libmudflap.c/pass49-frag.c execution test
FAIL: libmudflap.c/pass49-frag.c output pattern test
FAIL: libmudflap.c/pass49-frag.c (-static) execution test
FAIL: libmudflap.c/pass49-frag.c (-static) output pattern test
FAIL: libmudflap.c/pass49-frag.c (-O2) execution test
FAIL: libmudflap.c/pass49-frag.c (-O2) output pattern test
FAIL: libmudflap.c/pass49-frag.c (-O3) execution test
FAIL: libmudflap.c/pass49-frag.c (-O3) output pattern test
WARNING: program timed out.
FAIL: libmudflap.cth/pass37-frag.c (rerun 3) execution test
FAIL: libmudflap.cth/pass37-frag.c (rerun 3) output pattern test
FAIL: libmudflap.cth/pass40-frag.c execution test
FAIL: libmudflap.cth/pass40-frag.c output pattern test
WARNING: program timed out.
FAIL: libmudflap.cth/pass39-frag.c (-static -DSTATIC) execution test
FAIL: libmudflap.cth/pass39-frag.c (-static -DSTATIC) output pattern test
WARNING: program timed out.
FAIL: libmudflap.cth/pass39-frag.c (-static -DSTATIC) (rerun 1) execution test
FAIL: libmudflap.cth/pass39-frag.c (-static -DSTATIC) (rerun 1) output pattern test
WARNING: program timed out.
FAIL: libmudflap.cth/pass39-frag.c (-static -DSTATIC) (rerun 3) execution test
FAIL: libmudflap.cth/pass39-frag.c (-static -DSTATIC) (rerun 3) output pattern test
FAIL: libmudflap.cth/pass40-frag.c (-O2) execution test
FAIL: libmudflap.cth/pass40-frag.c (-O2) output pattern test
FAIL: libmudflap.cth/pass40-frag.c (-O3) execution test
FAIL: libmudflap.cth/pass40-frag.c (-O3) output pattern test
=== libmudflap Summary ===
# of expected passes 1266
# of unexpected failures 22
=== libstdc++ tests ===
Running target unix
XPASS: 22_locale/locale/cons/12658_thread-1.cc execution test
XPASS: 26_numerics/cmath/c99_classification_macros_c.cc (test for excess errors)
FAIL: 27_io/basic_filebuf/sgetn/char/1-in.cc execution test
FAIL: 27_io/basic_filebuf/sgetn/char/1-io.cc execution test
FAIL: 27_io/basic_filebuf/sgetn/char/2-in.cc execution test
FAIL: 27_io/basic_filebuf/sgetn/char/2-io.cc execution test
FAIL: 27_io/basic_filebuf/underflow/wchar_t/11603.cc execution test
FAIL: 27_io/basic_istream/readsome/char/6746-2.cc execution test
FAIL: 27_io/basic_istream/readsome/wchar_t/6746-2.cc execution test
=== libstdc++ Summary ===
# of expected passes 3634
# of unexpected failures 7
# of unexpected successes 2
# of expected failures 12
Compiler version: 4.0.1 20050522 (prerelease)
Platform: hppa-unknown-linux-gnu
configure flags: --with-gnu-as --with-as=/home/dave/opt/gnu/bin/as --with-gnu-ld --with-ld=/home/dave/opt/gnu/bin/ld --enable-shared --prefix=/home/dave/opt/gnu/gcc/gcc-4.1.0 --with-local-prefix=/home/dave/opt/gnu --enable-threads=posix --enable-__cxa_atexit --host=hppa-linux --enable-clocale=gnu --enable-java-gc=boehm --enable-java-awt=xlib --enable-languages=c,c++,f95,java,objc