This is the mail archive of the
gcc-testresults@gcc.gnu.org
mailing list for the GCC project.
Results for 4.1.0 20050522 (experimental) testsuite on i686-pc-linux-gnu
- From: Haren Visavadia <themis_hv at yahoo dot co dot uk>
- To: gcc-testresults at gcc dot gnu dot org
- Date: Sun, 22 May 2005 15:33:35 +0100 (BST)
- Subject: Results for 4.1.0 20050522 (experimental) testsuite on i686-pc-linux-gnu
LAST_UPDATED:
Native configuration is i686-pc-linux-gnu
=== g++ tests ===
Running target unix
FAIL: g++.dg/tree-ssa/pr14814.C scan-tree-dump-times
&this 0
ERROR: g++.old-deja/g++.jason/thunk3.C: syntax error
in target selector "xfail rs6000-*-* powerpc-*-eabi
m68k-*-coff mn10300-*-* v850-*-* sh-*-* sh64-*-*
h8*-*-* xtensa-*-* m32r*-*" for " dg-do 1 run { xfail
rs6000-*-* powerpc-*-eabi m68k-*-coff mn10300-*-*
v850-*-* sh-*-* sh64-*-* h8*-*-* xtensa-*-* m32r*-* }
"
UNRESOLVED: g++.old-deja/g++.jason/thunk3.C: syntax
error in target selector "xfail rs6000-*-*
powerpc-*-eabi m68k-*-coff mn10300-*-* v850-*-* sh-*-*
sh64-*-* h8*-*-* xtensa-*-* m32r*-*" for " dg-do 1 run
{ xfail rs6000-*-* powerpc-*-eabi m68k-*-coff
mn10300-*-* v850-*-* sh-*-* sh64-*-* h8*-*-*
xtensa-*-* m32r*-* } "
XPASS: g++.old-deja/g++.other/init5.C execution test
=== g++ Summary ===
# of expected passes 11066
# of unexpected failures 1
# of unexpected successes 1
# of expected failures 65
# of unresolved testcases 1
# of unsupported tests 61
/home/haren/gcc/obj/gcc/testsuite/../g++ version
4.1.0 20050522 (experimental)
=== gcc tests ===
Running target unix
XPASS: gcc.dg/cpp/cmdlne-dI-M.c scan-file
(^|\\\\n)cmdlne-dI-M.*:[^\\\\n]*cmdlne-dI-M.c
XPASS: gcc.dg/cpp/cmdlne-dM-M.c scan-file
(^|\\\\n)cmdlne-dM-M[^\\\\n]*:[^\\\\n]*cmdlne-dM-M.c
XPASS: gcc.dg/uninit-9.c uninitialized variable
warning (test for bogus messages, line 26)
XPASS: gcc.dg/vect/vect-22.c scan-tree-dump-times
vectorized 3 loops 1
XPASS: gcc.dg/vect/vect-67.c scan-tree-dump-times
vectorized 1 loops 1
FAIL: gcc.dg/vect/vect-none.c scan-tree-dump-times
vectorized 1 loops 1
=== gcc Summary ===
# of expected passes 35598
# of unexpected failures 1
# of unexpected successes 5
# of expected failures 101
# of untested testcases 28
# of unsupported tests 326
/home/haren/gcc/obj/gcc/xgcc version 4.1.0 20050522
(experimental)
=== objc tests ===
Running target unix
=== objc Summary ===
# of expected passes 1534
# of unsupported tests 12
/home/haren/gcc/obj/gcc/xgcc version 4.1.0 20050522
(experimental)
=== libffi tests ===
Running target unix
=== libffi Summary ===
# of expected passes 219
# of unsupported tests 2
=== libjava tests ===
Running target unix
=== libjava Summary ===
# of expected passes 3815
# of expected failures 10
# of untested testcases 8
=== libstdc++ tests ===
Running target unix
XPASS:
26_numerics/cmath/c99_classification_macros_c.cc (test
for excess errors)
=== libstdc++ Summary ===
# of expected passes 3011
# of unexpected successes 1
# of expected failures 12
# of unsupported tests 315
Compiler version: 4.1.0 20050522 (experimental)
Platform: i686-pc-linux-gnu
configure flags: --prefix=/opt/gcc-4.1
--enable-clocale=gnu --enable-shared
--enable-threads=posix --enable-__cxa_atexit
--disable-checking --infodir=/opt/gcc-4.1/share/info
--mandir=/opt/gcc-4.1/share/man
--libexecdir=/opt/gcc-4.1/lib --disable-libmudflap
--enable-languages=c,c++,java,objc
___________________________________________________________
How much free photo storage do you get? Store your holiday
snaps for FREE with Yahoo! Photos http://uk.photos.yahoo.com