This is the mail archive of the
gcc-testresults@gcc.gnu.org
mailing list for the GCC project.
Results for 4.1.0 20050518 (experimental) gfortran testsuite on i386-pc-linux-gnu
- From: Francois-Xavier Coudert <coudert at lcp dot u-psud dot fr>
- To: gcc-testresults at gcc dot gnu dot org
- Date: Thu, 19 May 2005 11:41:20 +0200
- Subject: Results for 4.1.0 20050518 (experimental) gfortran testsuite on i386-pc-linux-gnu
LAST_UPDATED:
Native configuration is i386-pc-linux-gnu
=== gfortran tests ===
Running target unix
XPASS: gfortran.dg/ret_pointer_1.f90 -O0 execution test
XPASS: gfortran.dg/ret_pointer_1.f90 -O1 execution test
XPASS: gfortran.dg/ret_pointer_1.f90 -O2 execution test
XPASS: gfortran.dg/ret_pointer_1.f90 -O3 -fomit-frame-pointer execution test
XPASS: gfortran.dg/ret_pointer_1.f90 -O3 -fomit-frame-pointer -funroll-loops execution test
XPASS: gfortran.dg/ret_pointer_1.f90 -O3 -fomit-frame-pointer -funroll-all-loops -finline-functions execution test
XPASS: gfortran.dg/ret_pointer_1.f90 -O3 -g execution test
XPASS: gfortran.dg/ret_pointer_1.f90 -Os execution test
FAIL: gfortran.dg/vect/vect-5.f90 -O (test for excess errors)
WARNING: gfortran.dg/vect/vect-5.f90 -O compilation failed to produce executable
=== gfortran Summary ===
# of expected passes6813
# of unexpected failures1
# of unexpected successes8
# of expected failures24
# of unsupported tests8
/tmp/gfortran-20050518/ibin/gcc/testsuite/../gfortran version 4.1.0 20050518 (experimental)
Compiler version: 4.1.0 20050518 (experimental) gfortran
Platform: i386-pc-linux-gnu
configure flags: --prefix=/tmp/gfortran-20050518/irun --enable-languages=c,f95 --host=i386-linux,;t t