This is the mail archive of the
gcc-testresults@gcc.gnu.org
mailing list for the GCC project.
Results for 3.4.4 20050510 (prerelease) testsuite oni686-pc-linux-gnu
- From: Laurent GUERBY <laurent at guerby dot net>
- To: gcc-testresults at gcc dot gnu dot org
- Date: Wed, 11 May 2005 23:39:44 +0200
- Subject: Results for 3.4.4 20050510 (prerelease) testsuite oni686-pc-linux-gnu
LAST_UPDATED: Obtained from CVS: -rgcc-3_4-branch
=== acats tests ===
=== acats Summary ===
# of expected passes 2322
# of unexpected failures 0
Native configuration is i686-pc-linux-gnu
=== gcc tests ===
Running target unix
FAIL: gcc.c-torture/execute/va-arg-25.c execution, -Os
=== gcc Summary ===
# of expected passes 25166
# of unexpected failures 1
# of expected failures 70
# of untested testcases 7
# of unsupported tests 208
/home/guerby/tmp/build9/gcc/xgcc version 3.4.4 20050510 (prerelease)
Compiler version: 3.4.4 20050510 (prerelease)
Platform: i686-pc-linux-gnu
configure flags: --prefix=/home/guerby/tmp/install9/ --enable-languages=ada,c --enable-__cxa_atexit --disable-nls --enable-threads=posix --enable-checking