This is the mail archive of the
gcc-testresults@gcc.gnu.org
mailing list for the GCC project.
Results for 3.4.4 20050510 (prerelease) testsuite on i686-pc-linux-gnu
- From: hjl at gnu-10 dot sc dot intel dot com (H.J. Lu)
- To: gcc-testresults at gcc dot gnu dot org
- Date: Tue, 10 May 2005 15:19:23 -0700 (PDT)
- Subject: Results for 3.4.4 20050510 (prerelease) testsuite on i686-pc-linux-gnu
LAST_UPDATED: Tue May 10 22:02:19 UTC 2005
=== acats tests ===
FAIL: c954025
FAIL: cda201b
FAIL: cdd2a03
=== acats Summary ===
# of expected passes 2320
# of unexpected failures 3
Native configuration is i686-pc-linux-gnu
=== gcc tests ===
Running target unix
FAIL: gcc.c-torture/execute/va-arg-25.c execution, -Os
=== gcc Summary ===
# of expected passes 25264
# of unexpected failures 1
# of expected failures 70
# of untested testcases 7
# of unsupported tests 208
/export/build/gnu/gcc-3.4-next/build-i686-linux/gcc/xgcc version 3.4.4 20050510 (prerelease)
Compiler version: 3.4.4 20050510 (prerelease)
Platform: i686-pc-linux-gnu
configure flags: --enable-clocale=gnu --with-system-zlib --enable-languages=c,ada --enable-shared --enable-threads=posix --enable-haifa --disable-checking --prefix=/usr/gcc-3.4-next --with-local-prefix=/usr/local