This is the mail archive of the
gcc-testresults@gcc.gnu.org
mailing list for the GCC project.
Results for 4.0.1 20050508 (prerelease) testsuite on alphaev67-unknown-linux-gnu
- From: Richard Henderson <rth at twiddle dot net>
- To: gcc-testresults at gcc dot gnu dot org
- Date: Mon, 09 May 2005 06:37:37 -0700
- Subject: Results for 4.0.1 20050508 (prerelease) testsuite on alphaev67-unknown-linux-gnu
LAST_UPDATED: Sun May 8 23:32:16 UTC 2005
Native configuration is alphaev67-unknown-linux-gnu
=== libffi tests ===
Running target unix
=== libffi Summary ===
# of expected passes 219
# of unsupported tests 2
=== libjava tests ===
Running target unix
FAIL: Array_3 -O3 execution - bytecode->native test
FAIL: Throw_2 -O3 execution - bytecode->native test
=== libjava Summary ===
# of expected passes 3786
# of unexpected failures 2
# of expected failures 14
# of untested testcases 18
=== libmudflap tests ===
Running target unix
FAIL: libmudflap.c/pass49-frag.c execution test
FAIL: libmudflap.c/pass49-frag.c output pattern test
FAIL: libmudflap.c/pass49-frag.c (-static) execution test
FAIL: libmudflap.c/pass49-frag.c (-static) output pattern test
FAIL: libmudflap.c/pass49-frag.c (-O2) execution test
FAIL: libmudflap.c/pass49-frag.c (-O2) output pattern test
FAIL: libmudflap.c/pass49-frag.c (-O3) execution test
FAIL: libmudflap.c/pass49-frag.c (-O3) output pattern test
FAIL: libmudflap.cth/pass40-frag.c execution test
FAIL: libmudflap.cth/pass40-frag.c output pattern test
FAIL: libmudflap.cth/pass40-frag.c (-O2) execution test
FAIL: libmudflap.cth/pass40-frag.c (-O2) output pattern test
FAIL: libmudflap.cth/pass40-frag.c (-O3) execution test
FAIL: libmudflap.cth/pass40-frag.c (-O3) output pattern test
=== libmudflap Summary ===
# of expected passes 1274
# of unexpected failures 14
=== libstdc++-v3 check-abi Summary ===
# of added symbols: 103
# of missing symbols: 46
# of incompatible symbols: 46
using: /home/rth/work/gcc/src-4.0/libstdc++-v3/config/abi/alpha-linux-gnu/baseline_symbols.txt
=== libstdc++ tests ===
Running target unix
XPASS: 22_locale/locale/cons/12658_thread-1.cc execution test
FAIL: 27_io/basic_ostream/inserters_arithmetic/char/9555-oa.cc execution test
XPASS: 27_io/fpos/14320-1.cc execution test
=== libstdc++ Summary ===
# of expected passes 3628
# of unexpected failures 1
# of unexpected successes 2
# of expected failures 12
=== g++ tests ===
Running target unix
=== g++ Summary ===
# of expected passes 10813
# of expected failures 70
# of unsupported tests 92
/home/rth/work/gcc/bld-40/gcc/testsuite/../g++ version 4.0.1 20050508 (prerelease)
=== gcc tests ===
Running target unix
WARNING: program timed out.
FAIL: gcc.c-torture/compile/20001226-1.c -O3 -g (test for excess errors)
XPASS: gcc.dg/vect/vect-85.c scan-tree-dump-times vectorized 1 loops 1
XPASS: gcc.dg/vect/vect-86.c scan-tree-dump-times vectorized 1 loops 1
XPASS: gcc.dg/vect/vect-87.c scan-tree-dump-times vectorized 1 loops 1
XPASS: gcc.dg/vect/vect-87.c scan-tree-dump-times Alignment of access forced using peeling 1
XPASS: gcc.dg/vect/vect-88.c scan-tree-dump-times vectorized 1 loops 1
XPASS: gcc.dg/vect/vect-88.c scan-tree-dump-times Alignment of access forced using peeling 1
=== gcc Summary ===
# of expected passes 34124
# of unexpected failures 1
# of unexpected successes 6
# of expected failures 95
# of untested testcases 28
# of unsupported tests 523
/home/rth/work/gcc/bld-40/gcc/xgcc version 4.0.1 20050508 (prerelease)
=== gfortran tests ===
Running target unix
XPASS: gfortran.dg/ret_pointer_1.f90 -O0 execution test
XPASS: gfortran.dg/ret_pointer_1.f90 -O1 execution test
XPASS: gfortran.dg/ret_pointer_1.f90 -O2 execution test
XPASS: gfortran.dg/ret_pointer_1.f90 -O3 -fomit-frame-pointer execution test
XPASS: gfortran.dg/ret_pointer_1.f90 -O3 -fomit-frame-pointer -funroll-loops execution test
XPASS: gfortran.dg/ret_pointer_1.f90 -O3 -fomit-frame-pointer -funroll-all-loops -finline-functions execution test
XPASS: gfortran.dg/ret_pointer_1.f90 -O3 -g execution test
XPASS: gfortran.dg/ret_pointer_1.f90 -Os execution test
FAIL: gfortran.fortran-torture/execute/arrayarg2.f90 execution, -O2
FAIL: gfortran.fortran-torture/execute/arrayarg2.f90 execution, -O3 -fomit-frame-pointer
FAIL: gfortran.fortran-torture/execute/arrayarg2.f90 execution, -O3 -g
FAIL: gfortran.fortran-torture/execute/forall_3.f90 execution, -O0
FAIL: gfortran.fortran-torture/execute/forall_3.f90 execution, -O1
FAIL: gfortran.fortran-torture/execute/forall_3.f90 execution, -O2
FAIL: gfortran.fortran-torture/execute/forall_3.f90 execution, -O3 -fomit-frame-pointer
FAIL: gfortran.fortran-torture/execute/forall_3.f90 execution, -O3 -fomit-frame-pointer -funroll-loops
FAIL: gfortran.fortran-torture/execute/forall_3.f90 execution, -O3 -fomit-frame-pointer -funroll-all-loops -finline-functions
FAIL: gfortran.fortran-torture/execute/forall_3.f90 execution, -O3 -g
FAIL: gfortran.fortran-torture/execute/forall_3.f90 execution, -Os
FAIL: gfortran.fortran-torture/execute/strarray_3.f90 execution, -O2
FAIL: gfortran.fortran-torture/execute/strarray_3.f90 execution, -O3 -fomit-frame-pointer
FAIL: gfortran.fortran-torture/execute/strarray_3.f90 execution, -O3 -fomit-frame-pointer -funroll-loops
FAIL: gfortran.fortran-torture/execute/strarray_3.f90 execution, -O3 -fomit-frame-pointer -funroll-all-loops -finline-functions
FAIL: gfortran.fortran-torture/execute/strarray_3.f90 execution, -O3 -g
=== gfortran Summary ===
# of expected passes 6104
# of unexpected failures 16
# of unexpected successes 8
# of expected failures 18
# of unsupported tests 17
/home/rth/work/gcc/bld-40/gcc/testsuite/../gfortran version 4.0.1 20050508 (prerelease)
=== objc tests ===
Running target unix
=== objc Summary ===
# of expected passes 1532
# of unsupported tests 11
/home/rth/work/gcc/bld-40/gcc/xgcc version 4.0.1 20050508 (prerelease)
Compiler version: 4.0.1 20050508 (prerelease)
Platform: alphaev67-unknown-linux-gnu
configure flags: --prefix=/home/rth/work/gcc/run-40 --enable-languages=c,c++,f95,java,objc