This is the mail archive of the
gcc-testresults@gcc.gnu.org
mailing list for the GCC project.
Results for 4.0.1 20050508 (prerelease) testsuite on powerpc64-unknown-linux-gnu
- From: Janis Johnson <janis187 at us dot ibm dot com>
- To: gcc-testresults at gcc dot gnu dot org
- Date: Sun, 8 May 2005 03:24:23 -0700
- Subject: Results for 4.0.1 20050508 (prerelease) testsuite on powerpc64-unknown-linux-gnu
elo=e4.ny.us.ibm.com)
by monty-python.gnu.org with esmtp (TLS-1.0:DHE_RSA_3DES_EDE_CBC_SHA:24)
(Exim 4.34)
id 1DUj7f-0003FN-CT
for gcc-testresults@gcc.gnu.org; Sun, 08 May 2005 06:34:55 -0400
Received: from d01relay04.pok.ibm.com (d01relay04.pok.ibm.com [9.56.227.236])
by e4.ny.us.ibm.com (8.12.11/8.12.11) with ESMTP id j48ANdvc013484
for <gcc-testresults@gcc.gnu.org>; Sun, 8 May 2005 06:23:39 -0400
Received: from d01av02.pok.ibm.com (d01av02.pok.ibm.com [9.56.224.216])
by d01relay04.pok.ibm.com (8.12.10/NCO/VER6.6) with ESMTP id j48ANd0Y121916
for <gcc-testresults@gcc.gnu.org>; Sun, 8 May 2005 06:23:39 -0400
Received: from d01av02.pok.ibm.com (loopback [127.0.0.1])
by d01av02.pok.ibm.com (8.12.11/8.13.3) with ESMTP id j48ANdDo020254
for <gcc-testresults@gcc.gnu.org>; Sun, 8 May 2005 06:23:39 -0400
Received: from localhost.localdomain (elm3b11.beaverton.ibm.com [9.47.67.11])
by d01av02.pok.ibm.com (8.12.11/8.12.11) with ESMTP id j48ANdH1020249
for <gcc-testresults@gcc.gnu.org>; Sun, 8 May 2005 06:23:39 -0400
Received: from localhost.localdomain (elm3b11 [127.0.0.1])
by localhost.localdomain (8.12.11/8.12.11) with ESMTP id j48AONN6019567
for <gcc-testresults@gcc.gnu.org>; Sun, 8 May 2005 03:24:23 -0700
Received: (from gccbuild@localhost)
by localhost.localdomain (8.12.11/8.12.11/Submit) id j48AON7T019565
for gcc-testresults@gcc.gnu.org; Sun, 8 May 2005 03:24:23 -0700
X-Authentication-Warning: localhost.localdomain: gccbuild set sender to janis187@us.ibm.com using -f
Date: Sun, 8 May 2005 03:24:23 -0700
From: Janis Johnson <janis187@us.ibm.com>
To: gcc-testresults@gcc.gnu.org
Subject: Results for 4.0.1 20050508 (prerelease) testsuite on powerpc64-unknown-linux-gnu
Message-ID: <20050508102423.GA19560@us.ibm.com>
Mime-Version: 1.0
Content-Type: text/plain; charset=us-ascii
Content-Disposition: inline
User-Agent: Mutt/1.4.1i
Linux 2.4.21-17.EL ppc64
GNU C Library stable release version 2.3.2
GNU ld version 2.15.94.0.2.2 20041220
GNU assembler 2.15.94.0.2.2 20041220
GNU Make version 3.79.1
DejaGnu:
Expect version is 5.40.0
Tcl version is 8.4
Framework version is 1.4.4
32-bit biarch default32
CVS branch: gcc-4_0-branch
This hardware does not support VMX instructions.
LAST_UPDATED: Sun May 8 06:26:45 UTC 2005
Native configuration is powerpc64-unknown-linux-gnu
=== g++ tests ===
Running target unix/-m32
=== g++ Summary for unix/-m32 ===
# of expected passes 10940
# of expected failures 69
# of unsupported tests 76
Running target unix/-m64
=== g++ Summary for unix/-m64 ===
# of expected passes 10902
# of expected failures 69
# of unsupported tests 79
=== g++ Summary ===
# of expected passes 21842
# of expected failures 138
# of unsupported tests 155
/home/gccbuild/build/nightly/build-gcc-4.0/gcc/testsuite/../g++ version 4.0.1 20050508 (prerelease)
=== gcc tests ===
Running target unix/-m32
=== gcc Summary for unix/-m32 ===
# of expected passes 35916
# of expected failures 101
# of untested testcases 28
# of unsupported tests 443
Running target unix/-m64
=== gcc Summary for unix/-m64 ===
# of expected passes 35922
# of expected failures 108
# of untested testcases 28
# of unsupported tests 440
=== gcc Summary ===
# of expected passes 71838
# of expected failures 209
# of untested testcases 56
# of unsupported tests 883
/home/gccbuild/build/nightly/build-gcc-4.0/gcc/xgcc version 4.0.1 20050508 (prerelease)
=== gfortran tests ===
Running target unix/-m32
FAIL: gfortran.dg/eoshift.f90 -O0 execution test
XPASS: gfortran.dg/ret_pointer_1.f90 -O0 execution test
XPASS: gfortran.dg/ret_pointer_1.f90 -O1 execution test
FAIL: gfortran.fortran-torture/execute/forall_3.f90 execution, -O1
FAIL: gfortran.fortran-torture/execute/forall_3.f90 execution, -O2
FAIL: gfortran.fortran-torture/execute/forall_3.f90 execution, -O3 -fomit-frame-pointer
FAIL: gfortran.fortran-torture/execute/forall_3.f90 execution, -O3 -g
FAIL: gfortran.fortran-torture/execute/forall_3.f90 execution, -Os
=== gfortran Summary for unix/-m32 ===
# of expected passes 6114
# of unexpected failures 6
# of unexpected successes 2
# of expected failures 24
# of unsupported tests 17
Running target unix/-m64
XPASS: gfortran.dg/ret_pointer_1.f90 -O0 execution test
XPASS: gfortran.dg/ret_pointer_1.f90 -O1 execution test
XPASS: gfortran.dg/ret_pointer_1.f90 -O2 execution test
XPASS: gfortran.dg/ret_pointer_1.f90 -O3 -fomit-frame-pointer execution test
XPASS: gfortran.dg/ret_pointer_1.f90 -O3 -fomit-frame-pointer -funroll-loops execution test
XPASS: gfortran.dg/ret_pointer_1.f90 -O3 -fomit-frame-pointer -funroll-all-loops -finline-functions execution test
XPASS: gfortran.dg/ret_pointer_1.f90 -O3 -g execution test
XPASS: gfortran.dg/ret_pointer_1.f90 -Os execution test
FAIL: gfortran.dg/g77/cabs.f -O0 execution test
FAIL: gfortran.dg/g77/cabs.f -O1 execution test
FAIL: gfortran.dg/g77/cabs.f -O2 execution test
FAIL: gfortran.dg/g77/cabs.f -O3 -fomit-frame-pointer execution test
FAIL: gfortran.dg/g77/cabs.f -O3 -fomit-frame-pointer -funroll-loops execution test
FAIL: gfortran.dg/g77/cabs.f -O3 -fomit-frame-pointer -funroll-all-loops -finline-functions execution test
FAIL: gfortran.dg/g77/cabs.f -O3 -g execution test
FAIL: gfortran.dg/g77/cabs.f -Os execution test
FAIL: gfortran.fortran-torture/execute/forall_3.f90 execution, -O0
FAIL: gfortran.fortran-torture/execute/forall_3.f90 execution, -O1
FAIL: gfortran.fortran-torture/execute/forall_3.f90 execution, -O2
FAIL: gfortran.fortran-torture/execute/forall_3.f90 execution, -O3 -fomit-frame-pointer
FAIL: gfortran.fortran-torture/execute/forall_3.f90 execution, -O3 -fomit-frame-pointer -funroll-loops
FAIL: gfortran.fortran-torture/execute/forall_3.f90 execution, -O3 -fomit-frame-pointer -funroll-all-loops -finline-functions
FAIL: gfortran.fortran-torture/execute/forall_3.f90 execution, -O3 -g
FAIL: gfortran.fortran-torture/execute/forall_3.f90 execution, -Os
FAIL: gfortran.fortran-torture/execute/intrinsic_abs.f90 execution, -O0
FAIL: gfortran.fortran-torture/execute/intrinsic_abs.f90 execution, -O1
FAIL: gfortran.fortran-torture/execute/intrinsic_abs.f90 execution, -O2
FAIL: gfortran.fortran-torture/execute/intrinsic_abs.f90 execution, -O3 -fomit-frame-pointer
FAIL: gfortran.fortran-torture/execute/intrinsic_abs.f90 execution, -O3 -fomit-frame-pointer -funroll-loops
FAIL: gfortran.fortran-torture/execute/intrinsic_abs.f90 execution, -O3 -fomit-frame-pointer -funroll-all-loops -finline-functions
FAIL: gfortran.fortran-torture/execute/intrinsic_abs.f90 execution, -O3 -g
FAIL: gfortran.fortran-torture/execute/intrinsic_abs.f90 execution, -Os
FAIL: gfortran.fortran-torture/execute/power.f90 execution, -O0
FAIL: gfortran.fortran-torture/execute/power.f90 execution, -O1
FAIL: gfortran.fortran-torture/execute/power.f90 execution, -O2
FAIL: gfortran.fortran-torture/execute/power.f90 execution, -O3 -fomit-frame-pointer
FAIL: gfortran.fortran-torture/execute/power.f90 execution, -O3 -fomit-frame-pointer -funroll-loops
FAIL: gfortran.fortran-torture/execute/power.f90 execution, -O3 -fomit-frame-pointer -funroll-all-loops -finline-functions
FAIL: gfortran.fortran-torture/execute/power.f90 execution, -O3 -g
FAIL: gfortran.fortran-torture/execute/power.f90 execution, -Os
=== gfortran Summary for unix/-m64 ===
# of expected passes 6088
# of unexpected failures 32
# of unexpected successes 8
# of expected failures 18
# of unsupported tests 17
=== gfortran Summary ===
# of expected passes 12202
# of unexpected failures 38
# of unexpected successes 10
# of expected failures 42
# of unsupported tests 34
/home/gccbuild/build/nightly/build-gcc-4.0/gcc/testsuite/../gfortran version 4.0.1 20050508 (prerelease)
=== objc tests ===
Running target unix/-m32
FAIL: objc.dg/class-protocol-1.m (test for warnings, line 426)
FAIL: objc.dg/class-protocol-1.m (test for warnings, line 427)
FAIL: objc.dg/class-protocol-1.m (test for excess errors)
=== objc Summary for unix/-m32 ===
# of expected passes 1531
# of unexpected failures 3
# of unsupported tests 10
Running target unix/-m64
=== objc Summary for unix/-m64 ===
# of expected passes 1534
# of unsupported tests 10
=== objc Summary ===
# of expected passes 3065
# of unexpected failures 3
# of unsupported tests 20
/home/gccbuild/build/nightly/build-gcc-4.0/gcc/xgcc version 4.0.1 20050508 (prerelease)
=== libffi tests ===
Running target unix/-m32
=== libffi Summary for unix/-m32 ===
# of expected passes 219
# of unsupported tests 2
Running target unix/-m64
FAIL: libffi.call/float3.c execution test
=== libffi Summary for unix/-m64 ===
# of expected passes 218
# of unexpected failures 1
# of unsupported tests 2
=== libffi Summary ===
# of expected passes 437
# of unexpected failures 1
# of unsupported tests 4
=== libjava tests ===
Running target unix/-m32
FAIL: Array_3 -O3 execution - bytecode->native test
=== libjava Summary for unix/-m32 ===
# of expected passes 3788
# of unexpected failures 1
# of expected failures 14
# of untested testcases 17
Running target unix/-m64
FAIL: PR16923.c compilation
FAIL: Array_3 -O3 execution - bytecode->native test
=== libjava Summary for unix/-m64 ===
# of expected passes 3786
# of unexpected failures 2
# of expected failures 14
# of untested testcases 17
=== libjava Summary ===
# of expected passes 7574
# of unexpected failures 3
# of expected failures 28
# of untested testcases 34
=== libmudflap tests ===
Running target unix/-m32
=== libmudflap Summary for unix/-m32 ===
# of expected passes 1288
Running target unix/-m64
FAIL: libmudflap.c/fail27-frag.c output pattern test
FAIL: libmudflap.c/fail27-frag.c (-O2) output pattern test
FAIL: libmudflap.c/fail27-frag.c (-O3) output pattern test
=== libmudflap Summary for unix/-m64 ===
# of expected passes 1285
# of unexpected failures 3
=== libmudflap Summary ===
# of expected passes 2573
# of unexpected failures 3
=== libstdc++ tests ===
Running target unix/-m32
XPASS: 22_locale/locale/cons/12658_thread-1.cc execution test
XPASS: 26_numerics/cmath/c99_classification_macros_c.cc (test for excess errors)
XPASS: ext/array_allocator/2.cc execution test
=== libstdc++ Summary for unix/-m32 ===
# of expected passes 3628
# of unexpected successes 3
# of expected failures 12
Running target unix/-m64
XPASS: 22_locale/locale/cons/12658_thread-1.cc execution test
FAIL: 22_locale/messages/members/char/1.cc execution test
FAIL: 22_locale/messages/members/char/2.cc execution test
FAIL: 22_locale/messages/members/char/wrapped_env.cc execution test
FAIL: 22_locale/messages/members/char/wrapped_locale.cc execution test
FAIL: 22_locale/messages_byname/named_equivalence.cc execution test
XPASS: 26_numerics/cmath/c99_classification_macros_c.cc (test for excess errors)
XPASS: 27_io/fpos/14320-1.cc execution test
XPASS: ext/array_allocator/2.cc execution test
=== libstdc++ Summary for unix/-m64 ===
# of expected passes 3620
# of unexpected failures 5
# of unexpected successes 4
# of expected failures 14
=== libstdc++ Summary ===
# of expected passes 7248
# of unexpected failures 5
# of unexpected successes 7
# of expected failures 26
Compiler version: 4.0.1 20050508 (prerelease)
Platform: powerpc64-unknown-linux-gnu
configure flags: --prefix=/opt/gcc-nightly/4.0-20050508 --build=powerpc64-linux --host=powerpc64-linux --target=powerpc64-linux --with-cpu=default32 --with-as=/opt/gcc-nightly/binutils-2.15.94.0.2.2/bin/as --with-ld=/opt/gcc-nightly/binutils-2.15.94.0.2.2/bin/ld --enable-threads=posix --enable-shared --enable-__cxa_atexit --with-mpfr=/opt/gcc-nightly/gmp --enable-languages=c,c++,f95,java,objc