This is the mail archive of the
gcc-testresults@gcc.gnu.org
mailing list for the GCC project.
Results for 4.1.0 20050508 (experimental) testsuite on i686-pc-linux-gnu
- From: CodeSourcery Automatic Testing System <gcc at codesourcery dot com>
- To: gcc-testresults at gcc dot gnu dot org
- Date: Sun, 8 May 2005 03:33:07 -0700
- Subject: Results for 4.1.0 20050508 (experimental) testsuite on i686-pc-linux-gnu
LAST_UPDATED: Sun May 8 08:34:59 UTC 2005
Native configuration is i686-pc-linux-gnu
=== g++ tests ===
Running target unix
=== g++ Summary ===
# of expected passes 11046
# of expected failures 66
# of unsupported tests 61
/scratch/gcc/nightly-2005-05-08-mainline/i686-pc-linux-gnu/build_gcc/build/gcc-mainline-2005-05-08-nightly-i686-pc-linux-gnu/gcc/testsuite/../g++ version 4.1.0 20050508 (experimental)
=== gcc tests ===
Running target unix
FAIL: gcc.dg/uninit-1.c uninitialized variable warning (test for bogus messages, line 16)
FAIL: gcc.dg/tree-ssa/loop-4.c scan-tree-dump-times arr_base.[^0][^\\n\\r]*= 0
XPASS: gcc.dg/vect/vect-22.c scan-tree-dump-times vectorized 3 loops 1
XPASS: gcc.dg/vect/vect-67.c scan-tree-dump-times vectorized 1 loops 1
FAIL: gcc.dg/vect/vect-ifcvt-2.c (test for excess errors)
WARNING: gcc.dg/vect/vect-ifcvt-2.c compilation failed to produce executable
FAIL: gcc.dg/vect/vect-ifcvt-3.c (test for excess errors)
WARNING: gcc.dg/vect/vect-ifcvt-3.c compilation failed to produce executable
FAIL: gcc.dg/vect/vect-ifcvt-4.c (test for excess errors)
WARNING: gcc.dg/vect/vect-ifcvt-4.c compilation failed to produce executable
FAIL: gcc.dg/vect/vect-ifcvt-5.c (test for excess errors)
WARNING: gcc.dg/vect/vect-ifcvt-5.c compilation failed to produce executable
FAIL: gcc.dg/vect/vect-ifcvt-6.c (test for excess errors)
WARNING: gcc.dg/vect/vect-ifcvt-6.c compilation failed to produce executable
FAIL: gcc.dg/vect/vect-ifcvt-7.c (test for excess errors)
WARNING: gcc.dg/vect/vect-ifcvt-7.c compilation failed to produce executable
FAIL: gcc.dg/vect/vect-ifcvt-9.c (test for excess errors)
WARNING: gcc.dg/vect/vect-ifcvt-9.c compilation failed to produce executable
FAIL: gcc.dg/vect/vect-ifcvt-9.c scan-tree-dump-times vectorized 1 loops 2
FAIL: gcc.dg/vect/vect-none.c (test for excess errors)
=== gcc Summary ===
# of expected passes 35454
# of unexpected failures 11
# of unexpected successes 2
# of expected failures 103
# of untested testcases 28
# of unsupported tests 324
/scratch/gcc/nightly-2005-05-08-mainline/i686-pc-linux-gnu/build_gcc/build/gcc-mainline-2005-05-08-nightly-i686-pc-linux-gnu/gcc/xgcc version 4.1.0 20050508 (experimental)
=== libstdc++ tests ===
Running target unix
FAIL: 22_locale/messages/members/char/1.cc execution test
FAIL: 22_locale/messages/members/char/2.cc execution test
FAIL: 22_locale/messages/members/char/wrapped_env.cc execution test
FAIL: 22_locale/messages/members/char/wrapped_locale.cc execution test
FAIL: 22_locale/messages_byname/named_equivalence.cc execution test
XPASS: 26_numerics/cmath/c99_classification_macros_c.cc (test for excess errors)
=== libstdc++ Summary ===
# of expected passes 3630
# of unexpected failures 5
# of unexpected successes 1
# of expected failures 12
Compiler version: 4.1.0 20050508 (experimental)
Platform: i686-pc-linux-gnu
configure flags: --disable-nls --build=i686-pc-linux-gnu --host=i686-pc-linux-gnu --target=i686-pc-linux-gnu --enable-threads=posix --disable-libmudflap --with-gnu-as --with-as=/scratch/gcc/nightly-2005-05-08-mainline/i686-pc-linux-gnu/build_gcc/install/bin/as --with-gnu-ld --with-ld=/scratch/gcc/nightly-2005-05-08-mainline/i686-pc-linux-gnu/build_gcc/install/bin/ld --prefix=/scratch/gcc/nightly-2005-05-08-mainline/i686-pc-linux-gnu/build_gcc/install --enable-languages=c,c++