This is the mail archive of the
gcc-testresults@gcc.gnu.org
mailing list for the GCC project.
Results for 4.0.1 20050503 (prerelease) testsuite on hppa64-hp-hpux11.23
- From: CodeSourcery Automatic Testing System <gcc at codesourcery dot com>
- To: gcc-testresults at gcc dot gnu dot org
- Date: Tue, 3 May 2005 12:21:38 -0700
- Subject: Results for 4.0.1 20050503 (prerelease) testsuite on hppa64-hp-hpux11.23
LAST_UPDATED: Tue May 3 08:40:19 UTC 2005
Native configuration is hppa64-hp-hpux11.23
=== g++ tests ===
Running target unix
=== g++ Summary ===
# of expected passes 10352
# of expected failures 70
# of unsupported tests 106
/scratch/gcc/nightly-2005-05-03-4.0/hppa64-hp-hpux11.23/build_gcc/build/gcc-4.0-2005-05-03-nightly-hppa64-hp-hpux11.23/gcc/testsuite/../g++ version 4.0.1 20050503 (prerelease)
=== gcc tests ===
Running target unix
FAIL: gcc.c-torture/execute/20000822-1.c execution, -O0
FAIL: gcc.c-torture/execute/20000822-1.c execution, -O1
FAIL: gcc.c-torture/execute/20000822-1.c execution, -O2
FAIL: gcc.c-torture/execute/20000822-1.c execution, -O3 -fomit-frame-pointer
FAIL: gcc.c-torture/execute/20000822-1.c execution, -O3 -g
FAIL: gcc.c-torture/execute/20000822-1.c execution, -Os
FAIL: gcc.c-torture/execute/nestfunc-3.c execution, -O0
FAIL: gcc.c-torture/execute/nestfunc-3.c execution, -O1
FAIL: gcc.c-torture/execute/nestfunc-3.c execution, -O2
FAIL: gcc.c-torture/execute/nestfunc-3.c execution, -O3 -fomit-frame-pointer
FAIL: gcc.c-torture/execute/nestfunc-3.c execution, -O3 -fomit-frame-pointer -funroll-loops
FAIL: gcc.c-torture/execute/nestfunc-3.c execution, -O3 -fomit-frame-pointer -funroll-all-loops -finline-functions
FAIL: gcc.c-torture/execute/nestfunc-3.c execution, -O3 -g
FAIL: gcc.c-torture/execute/nestfunc-3.c execution, -Os
FAIL: gcc.c-torture/execute/nestfunc-5.c execution, -O0
FAIL: gcc.c-torture/execute/nestfunc-5.c execution, -O1
FAIL: gcc.c-torture/execute/nestfunc-5.c execution, -O2
FAIL: gcc.c-torture/execute/nestfunc-5.c execution, -O3 -fomit-frame-pointer
FAIL: gcc.c-torture/execute/nestfunc-5.c execution, -O3 -g
FAIL: gcc.c-torture/execute/nestfunc-5.c execution, -Os
FAIL: gcc.c-torture/execute/nestfunc-6.c execution, -O0
FAIL: gcc.c-torture/execute/nestfunc-6.c execution, -O1
FAIL: gcc.c-torture/execute/nestfunc-6.c execution, -O2
FAIL: gcc.c-torture/execute/nestfunc-6.c execution, -O3 -fomit-frame-pointer
FAIL: gcc.c-torture/execute/nestfunc-6.c execution, -O3 -g
FAIL: gcc.c-torture/execute/nestfunc-6.c execution, -Os
WARNING: Could not compile gcc.dg/compat/struct-layout-1 generator
XPASS: gcc.dg/funcorder.c scan-assembler-not link_error,%r
FAIL: gcc.dg/trampoline-1.c execution test
FAIL: gcc.dg/torture/asm-subreg-1.c -O1 (test for excess errors)
FAIL: gcc.dg/torture/asm-subreg-1.c -O2 (test for excess errors)
FAIL: gcc.dg/torture/asm-subreg-1.c -O3 -fomit-frame-pointer (test for excess errors)
FAIL: gcc.dg/torture/asm-subreg-1.c -O3 -g (test for excess errors)
FAIL: gcc.dg/torture/asm-subreg-1.c -Os (test for excess errors)
=== gcc Summary ===
# of expected passes 33055
# of unexpected failures 32
# of unexpected successes 1
# of expected failures 78
# of untested testcases 28
# of unsupported tests 510
/scratch/gcc/nightly-2005-05-03-4.0/hppa64-hp-hpux11.23/build_gcc/build/gcc-4.0-2005-05-03-nightly-hppa64-hp-hpux11.23/gcc/xgcc version 4.0.1 20050503 (prerelease)
=== libstdc++ tests ===
Running target unix
WARNING: 22_locale/collate/compare/wchar_t/2.cc compilation failed to produce executable
WARNING: 22_locale/collate/compare/wchar_t/wrapped_env.cc compilation failed to produce executable
WARNING: 22_locale/collate/compare/wchar_t/wrapped_locale.cc compilation failed to produce executable
WARNING: 22_locale/collate/hash/wchar_t/2.cc compilation failed to produce executable
WARNING: 22_locale/collate/hash/wchar_t/wrapped_env.cc compilation failed to produce executable
WARNING: 22_locale/collate/hash/wchar_t/wrapped_locale.cc compilation failed to produce executable
WARNING: 22_locale/collate/transform/wchar_t/2.cc compilation failed to produce executable
WARNING: 22_locale/collate/transform/wchar_t/wrapped_env.cc compilation failed to produce executable
WARNING: 22_locale/collate/transform/wchar_t/wrapped_locale.cc compilation failed to produce executable
=== libstdc++ Summary ===
# of expected passes 3589
# of expected failures 21
# of unsupported tests 10
Compiler version: 4.0.1 20050503 (prerelease)
Platform: hppa64-hp-hpux11.23
configure flags: --build=hppa64-hp-hpux11.23 --host=hppa64-hp-hpux11.23 --target=hppa64-hp-hpux11.23 --enable-threads=posix --disable-nls --disable-libmudflap --with-gnu-as --with-as=/scratch/gcc/nightly-2005-05-03-4.0/hppa64-hp-hpux11.23/build_gcc/install/bin/as --without-gnu-ld --with-ld=/usr/ccs/bin/ld --prefix=/scratch/gcc/nightly-2005-05-03-4.0/hppa64-hp-hpux11.23/build_gcc/install --enable-languages=c,c++