This is the mail archive of the
gcc-testresults@gcc.gnu.org
mailing list for the GCC project.
Results for 4.1.0 20050427 (experimental) testsuite on x86_64-unknown-linux-gnu
- From: Diego Novillo <dnovillo at redhat dot com>
- To: gcc-testresults at gcc dot gnu dot org
- Date: Wed, 27 Apr 2005 05:08:11 -0400
- Subject: Results for 4.1.0 20050427 (experimental) testsuite on x86_64-unknown-linux-gnu
LAST_UPDATED:
Native configuration is x86_64-unknown-linux-gnu
=== g++ tests ===
Running target unix
FAIL: g++.dg/other/static11.C (test for excess errors)
=== g++ Summary ===
# of expected passes 10938
# of unexpected failures 1
# of expected failures 66
# of unsupported tests 95
/notnfs/dnovillo/sbox/gcc/bld.torquemada/gcc/testsuite/../g++ version 4.1.0 20050427 (experimental)
=== gcc tests ===
Running target unix
WARNING: program timed out.
FAIL: gcc.c-torture/compile/20001226-1.c -O0 (test for excess errors)
FAIL: gcc.dg/setjmp-2.c (test for excess errors)
WARNING: gcc.dg/setjmp-2.c compilation failed to produce executable
FAIL: gcc.dg/short-compare-1.c (test for excess errors)
WARNING: gcc.dg/short-compare-1.c compilation failed to produce executable
FAIL: gcc.dg/short-compare-2.c (test for excess errors)
WARNING: gcc.dg/short-compare-2.c compilation failed to produce executable
FAIL: gcc.dg/uninit-1.c uninitialized variable warning (test for bogus messages, line 16)
XPASS: gcc.dg/vect/vect-22.c scan-tree-dump-times vectorized 3 loops 1
XPASS: gcc.dg/vect/vect-67.c scan-tree-dump-times vectorized 1 loops 1
=== gcc Summary ===
# of expected passes 35006
# of unexpected failures 5
# of unexpected successes 2
# of expected failures 105
# of untested testcases 28
# of unsupported tests 434
/notnfs/dnovillo/sbox/gcc/bld.torquemada/gcc/xgcc version 4.1.0 20050427 (experimental)
=== gfortran tests ===
Running target unix
FAIL: gfortran.dg/common_4.f90 -O1 (test for excess errors)
WARNING: gfortran.dg/common_4.f90 -O1 compilation failed to produce executable
FAIL: gfortran.dg/common_4.f90 -O2 (test for excess errors)
WARNING: gfortran.dg/common_4.f90 -O2 compilation failed to produce executable
FAIL: gfortran.dg/common_4.f90 -O3 -fomit-frame-pointer (test for excess errors)
WARNING: gfortran.dg/common_4.f90 -O3 -fomit-frame-pointer compilation failed to produce executable
FAIL: gfortran.dg/common_4.f90 -O3 -fomit-frame-pointer -funroll-loops (test for excess errors)
WARNING: gfortran.dg/common_4.f90 -O3 -fomit-frame-pointer -funroll-loops compilation failed to produce executable
FAIL: gfortran.dg/common_4.f90 -O3 -fomit-frame-pointer -funroll-all-loops -finline-functions (test for excess errors)
WARNING: gfortran.dg/common_4.f90 -O3 -fomit-frame-pointer -funroll-all-loops -finline-functions compilation failed to produce executable
FAIL: gfortran.dg/common_4.f90 -O3 -g (test for excess errors)
WARNING: gfortran.dg/common_4.f90 -O3 -g compilation failed to produce executable
FAIL: gfortran.dg/common_4.f90 -Os (test for excess errors)
WARNING: gfortran.dg/common_4.f90 -Os compilation failed to produce executable
XPASS: gfortran.dg/ret_pointer_1.f90 -O0 execution test
XPASS: gfortran.dg/ret_pointer_1.f90 -O1 execution test
XPASS: gfortran.dg/ret_pointer_1.f90 -O2 execution test
XPASS: gfortran.dg/ret_pointer_1.f90 -O3 -fomit-frame-pointer execution test
XPASS: gfortran.dg/ret_pointer_1.f90 -O3 -fomit-frame-pointer -funroll-loops execution test
XPASS: gfortran.dg/ret_pointer_1.f90 -O3 -fomit-frame-pointer -funroll-all-loops -finline-functions execution test
XPASS: gfortran.dg/ret_pointer_1.f90 -O3 -g execution test
XPASS: gfortran.dg/ret_pointer_1.f90 -Os execution test
FAIL: gfortran.dg/g77/980628-0.f -O1 (test for excess errors)
WARNING: gfortran.dg/g77/980628-0.f -O1 compilation failed to produce executable
FAIL: gfortran.dg/g77/980628-0.f -O2 (test for excess errors)
WARNING: gfortran.dg/g77/980628-0.f -O2 compilation failed to produce executable
FAIL: gfortran.dg/g77/980628-0.f -O3 -fomit-frame-pointer (test for excess errors)
WARNING: gfortran.dg/g77/980628-0.f -O3 -fomit-frame-pointer compilation failed to produce executable
FAIL: gfortran.dg/g77/980628-0.f -O3 -fomit-frame-pointer -funroll-loops (test for excess errors)
WARNING: gfortran.dg/g77/980628-0.f -O3 -fomit-frame-pointer -funroll-loops compilation failed to produce executable
FAIL: gfortran.dg/g77/980628-0.f -O3 -fomit-frame-pointer -funroll-all-loops -finline-functions (test for excess errors)
WARNING: gfortran.dg/g77/980628-0.f -O3 -fomit-frame-pointer -funroll-all-loops -finline-functions compilation failed to produce executable
FAIL: gfortran.dg/g77/980628-0.f -O3 -g (test for excess errors)
WARNING: gfortran.dg/g77/980628-0.f -O3 -g compilation failed to produce executable
FAIL: gfortran.dg/g77/980628-0.f -Os (test for excess errors)
WARNING: gfortran.dg/g77/980628-0.f -Os compilation failed to produce executable
FAIL: gfortran.dg/g77/980628-1.f -O1 (test for excess errors)
WARNING: gfortran.dg/g77/980628-1.f -O1 compilation failed to produce executable
FAIL: gfortran.dg/g77/980628-1.f -O2 (test for excess errors)
WARNING: gfortran.dg/g77/980628-1.f -O2 compilation failed to produce executable
FAIL: gfortran.dg/g77/980628-1.f -O3 -fomit-frame-pointer (test for excess errors)
WARNING: gfortran.dg/g77/980628-1.f -O3 -fomit-frame-pointer compilation failed to produce executable
FAIL: gfortran.dg/g77/980628-1.f -O3 -fomit-frame-pointer -funroll-loops (test for excess errors)
WARNING: gfortran.dg/g77/980628-1.f -O3 -fomit-frame-pointer -funroll-loops compilation failed to produce executable
FAIL: gfortran.dg/g77/980628-1.f -O3 -fomit-frame-pointer -funroll-all-loops -finline-functions (test for excess errors)
WARNING: gfortran.dg/g77/980628-1.f -O3 -fomit-frame-pointer -funroll-all-loops -finline-functions compilation failed to produce executable
FAIL: gfortran.dg/g77/980628-1.f -O3 -g (test for excess errors)
WARNING: gfortran.dg/g77/980628-1.f -O3 -g compilation failed to produce executable
FAIL: gfortran.dg/g77/980628-1.f -Os (test for excess errors)
WARNING: gfortran.dg/g77/980628-1.f -Os compilation failed to produce executable
FAIL: gfortran.dg/g77/980628-10.f -O1 (test for excess errors)
WARNING: gfortran.dg/g77/980628-10.f -O1 compilation failed to produce executable
FAIL: gfortran.dg/g77/980628-10.f -O2 (test for excess errors)
WARNING: gfortran.dg/g77/980628-10.f -O2 compilation failed to produce executable
FAIL: gfortran.dg/g77/980628-10.f -O3 -fomit-frame-pointer (test for excess errors)
WARNING: gfortran.dg/g77/980628-10.f -O3 -fomit-frame-pointer compilation failed to produce executable
FAIL: gfortran.dg/g77/980628-10.f -O3 -fomit-frame-pointer -funroll-loops (test for excess errors)
WARNING: gfortran.dg/g77/980628-10.f -O3 -fomit-frame-pointer -funroll-loops compilation failed to produce executable
FAIL: gfortran.dg/g77/980628-10.f -O3 -fomit-frame-pointer -funroll-all-loops -finline-functions (test for excess errors)
WARNING: gfortran.dg/g77/980628-10.f -O3 -fomit-frame-pointer -funroll-all-loops -finline-functions compilation failed to produce executable
FAIL: gfortran.dg/g77/980628-10.f -O3 -g (test for excess errors)
WARNING: gfortran.dg/g77/980628-10.f -O3 -g compilation failed to produce executable
FAIL: gfortran.dg/g77/980628-10.f -Os (test for excess errors)
WARNING: gfortran.dg/g77/980628-10.f -Os compilation failed to produce executable
FAIL: gfortran.dg/g77/980628-2.f -O1 (test for excess errors)
WARNING: gfortran.dg/g77/980628-2.f -O1 compilation failed to produce executable
FAIL: gfortran.dg/g77/980628-2.f -O2 (test for excess errors)
WARNING: gfortran.dg/g77/980628-2.f -O2 compilation failed to produce executable
FAIL: gfortran.dg/g77/980628-2.f -O3 -fomit-frame-pointer (test for excess errors)
WARNING: gfortran.dg/g77/980628-2.f -O3 -fomit-frame-pointer compilation failed to produce executable
FAIL: gfortran.dg/g77/980628-2.f -O3 -fomit-frame-pointer -funroll-loops (test for excess errors)
WARNING: gfortran.dg/g77/980628-2.f -O3 -fomit-frame-pointer -funroll-loops compilation failed to produce executable
FAIL: gfortran.dg/g77/980628-2.f -O3 -fomit-frame-pointer -funroll-all-loops -finline-functions (test for excess errors)
WARNING: gfortran.dg/g77/980628-2.f -O3 -fomit-frame-pointer -funroll-all-loops -finline-functions compilation failed to produce executable
FAIL: gfortran.dg/g77/980628-2.f -O3 -g (test for excess errors)
WARNING: gfortran.dg/g77/980628-2.f -O3 -g compilation failed to produce executable
FAIL: gfortran.dg/g77/980628-2.f -Os (test for excess errors)
WARNING: gfortran.dg/g77/980628-2.f -Os compilation failed to produce executable
FAIL: gfortran.dg/g77/980628-3.f -O1 (test for excess errors)
WARNING: gfortran.dg/g77/980628-3.f -O1 compilation failed to produce executable
FAIL: gfortran.dg/g77/980628-3.f -O2 (test for excess errors)
WARNING: gfortran.dg/g77/980628-3.f -O2 compilation failed to produce executable
FAIL: gfortran.dg/g77/980628-3.f -O3 -fomit-frame-pointer (test for excess errors)
WARNING: gfortran.dg/g77/980628-3.f -O3 -fomit-frame-pointer compilation failed to produce executable
FAIL: gfortran.dg/g77/980628-3.f -O3 -fomit-frame-pointer -funroll-loops (test for excess errors)
WARNING: gfortran.dg/g77/980628-3.f -O3 -fomit-frame-pointer -funroll-loops compilation failed to produce executable
FAIL: gfortran.dg/g77/980628-3.f -O3 -fomit-frame-pointer -funroll-all-loops -finline-functions (test for excess errors)
WARNING: gfortran.dg/g77/980628-3.f -O3 -fomit-frame-pointer -funroll-all-loops -finline-functions compilation failed to produce executable
FAIL: gfortran.dg/g77/980628-3.f -O3 -g (test for excess errors)
WARNING: gfortran.dg/g77/980628-3.f -O3 -g compilation failed to produce executable
FAIL: gfortran.dg/g77/980628-3.f -Os (test for excess errors)
WARNING: gfortran.dg/g77/980628-3.f -Os compilation failed to produce executable
FAIL: gfortran.dg/g77/980628-7.f -O1 (test for excess errors)
WARNING: gfortran.dg/g77/980628-7.f -O1 compilation failed to produce executable
FAIL: gfortran.dg/g77/980628-7.f -O2 (test for excess errors)
WARNING: gfortran.dg/g77/980628-7.f -O2 compilation failed to produce executable
FAIL: gfortran.dg/g77/980628-7.f -O3 -fomit-frame-pointer (test for excess errors)
WARNING: gfortran.dg/g77/980628-7.f -O3 -fomit-frame-pointer compilation failed to produce executable
FAIL: gfortran.dg/g77/980628-7.f -O3 -fomit-frame-pointer -funroll-loops (test for excess errors)
WARNING: gfortran.dg/g77/980628-7.f -O3 -fomit-frame-pointer -funroll-loops compilation failed to produce executable
FAIL: gfortran.dg/g77/980628-7.f -O3 -fomit-frame-pointer -funroll-all-loops -finline-functions (test for excess errors)
WARNING: gfortran.dg/g77/980628-7.f -O3 -fomit-frame-pointer -funroll-all-loops -finline-functions compilation failed to produce executable
FAIL: gfortran.dg/g77/980628-7.f -O3 -g (test for excess errors)
WARNING: gfortran.dg/g77/980628-7.f -O3 -g compilation failed to produce executable
FAIL: gfortran.dg/g77/980628-7.f -Os (test for excess errors)
WARNING: gfortran.dg/g77/980628-7.f -Os compilation failed to produce executable
FAIL: gfortran.dg/g77/980628-8.f -O1 (test for excess errors)
WARNING: gfortran.dg/g77/980628-8.f -O1 compilation failed to produce executable
FAIL: gfortran.dg/g77/980628-8.f -O2 (test for excess errors)
WARNING: gfortran.dg/g77/980628-8.f -O2 compilation failed to produce executable
FAIL: gfortran.dg/g77/980628-8.f -O3 -fomit-frame-pointer (test for excess errors)
WARNING: gfortran.dg/g77/980628-8.f -O3 -fomit-frame-pointer compilation failed to produce executable
FAIL: gfortran.dg/g77/980628-8.f -O3 -fomit-frame-pointer -funroll-loops (test for excess errors)
WARNING: gfortran.dg/g77/980628-8.f -O3 -fomit-frame-pointer -funroll-loops compilation failed to produce executable
FAIL: gfortran.dg/g77/980628-8.f -O3 -fomit-frame-pointer -funroll-all-loops -finline-functions (test for excess errors)
WARNING: gfortran.dg/g77/980628-8.f -O3 -fomit-frame-pointer -funroll-all-loops -finline-functions compilation failed to produce executable
FAIL: gfortran.dg/g77/980628-8.f -O3 -g (test for excess errors)
WARNING: gfortran.dg/g77/980628-8.f -O3 -g compilation failed to produce executable
FAIL: gfortran.dg/g77/980628-8.f -Os (test for excess errors)
WARNING: gfortran.dg/g77/980628-8.f -Os compilation failed to produce executable
FAIL: gfortran.dg/g77/980628-9.f -O1 (test for excess errors)
WARNING: gfortran.dg/g77/980628-9.f -O1 compilation failed to produce executable
FAIL: gfortran.dg/g77/980628-9.f -O2 (test for excess errors)
WARNING: gfortran.dg/g77/980628-9.f -O2 compilation failed to produce executable
FAIL: gfortran.dg/g77/980628-9.f -O3 -fomit-frame-pointer (test for excess errors)
WARNING: gfortran.dg/g77/980628-9.f -O3 -fomit-frame-pointer compilation failed to produce executable
FAIL: gfortran.dg/g77/980628-9.f -O3 -fomit-frame-pointer -funroll-loops (test for excess errors)
WARNING: gfortran.dg/g77/980628-9.f -O3 -fomit-frame-pointer -funroll-loops compilation failed to produce executable
FAIL: gfortran.dg/g77/980628-9.f -O3 -fomit-frame-pointer -funroll-all-loops -finline-functions (test for excess errors)
WARNING: gfortran.dg/g77/980628-9.f -O3 -fomit-frame-pointer -funroll-all-loops -finline-functions compilation failed to produce executable
FAIL: gfortran.dg/g77/980628-9.f -O3 -g (test for excess errors)
WARNING: gfortran.dg/g77/980628-9.f -O3 -g compilation failed to produce executable
FAIL: gfortran.dg/g77/980628-9.f -Os (test for excess errors)
WARNING: gfortran.dg/g77/980628-9.f -Os compilation failed to produce executable
FAIL: gfortran.dg/g77/980701-1.f -O1 (test for excess errors)
WARNING: gfortran.dg/g77/980701-1.f -O1 compilation failed to produce executable
FAIL: gfortran.dg/g77/980701-1.f -O2 (test for excess errors)
WARNING: gfortran.dg/g77/980701-1.f -O2 compilation failed to produce executable
FAIL: gfortran.dg/g77/980701-1.f -O3 -fomit-frame-pointer (test for excess errors)
WARNING: gfortran.dg/g77/980701-1.f -O3 -fomit-frame-pointer compilation failed to produce executable
FAIL: gfortran.dg/g77/980701-1.f -O3 -fomit-frame-pointer -funroll-loops (test for excess errors)
WARNING: gfortran.dg/g77/980701-1.f -O3 -fomit-frame-pointer -funroll-loops compilation failed to produce executable
FAIL: gfortran.dg/g77/980701-1.f -O3 -fomit-frame-pointer -funroll-all-loops -finline-functions (test for excess errors)
WARNING: gfortran.dg/g77/980701-1.f -O3 -fomit-frame-pointer -funroll-all-loops -finline-functions compilation failed to produce executable
FAIL: gfortran.dg/g77/980701-1.f -O3 -g (test for excess errors)
WARNING: gfortran.dg/g77/980701-1.f -O3 -g compilation failed to produce executable
FAIL: gfortran.dg/g77/980701-1.f -Os (test for excess errors)
WARNING: gfortran.dg/g77/980701-1.f -Os compilation failed to produce executable
FAIL: gfortran.fortran-torture/execute/forall_3.f90 execution, -O2
FAIL: gfortran.fortran-torture/execute/forall_3.f90 execution, -O3 -fomit-frame-pointer
FAIL: gfortran.fortran-torture/execute/forall_3.f90 execution, -O3 -fomit-frame-pointer -funroll-loops
FAIL: gfortran.fortran-torture/execute/forall_3.f90 execution, -O3 -fomit-frame-pointer -funroll-all-loops -finline-functions
FAIL: gfortran.fortran-torture/execute/forall_3.f90 execution, -O3 -g
FAIL: gfortran.fortran-torture/execute/forall_3.f90 execution, -Os
=== gfortran Summary ===
# of expected passes 6265
# of unexpected failures 76
# of unexpected successes 8
# of expected failures 27
# of unsupported tests 16
/notnfs/dnovillo/sbox/gcc/bld.torquemada/gcc/testsuite/../gfortran version 4.1.0 20050427 (experimental)
=== objc tests ===
Running target unix
=== objc Summary ===
# of expected passes 1534
# of unsupported tests 12
/notnfs/dnovillo/sbox/gcc/bld.torquemada/gcc/xgcc version 4.1.0 20050427 (experimental)
=== libffi tests ===
Running target unix
=== libffi Summary ===
# of expected passes 219
# of unsupported tests 2
=== libjava tests ===
Running target unix
FAIL: ArrayClass -O3 compilation from source
FAIL: PR12857 -O3 compilation from source
FAIL: PR13024 -O3 compilation from source
FAIL: PR13024 -O3 compilation from bytecode
FAIL: PR16249 -O3 compilation from source
FAIL: PR16249 -O3 compilation from bytecode
FAIL: PR4766 -O3 compilation from source
FAIL: PR4766 -O3 compilation from bytecode
FAIL: ArrayStore -O3 compilation from source
FAIL: ArrayStore -O3 compilation from bytecode
FAIL: ArrayStore2 -O3 compilation from source
FAIL: ArrayStore2 -O3 compilation from bytecode
FAIL: Array_1 -O3 compilation from source
FAIL: Array_3 -O3 compilation from source
FAIL: Array_3 -O3 compilation from bytecode
FAIL: Class_1 -O3 compilation from source
FAIL: Divide_1 -O3 compilation from source
FAIL: Divide_1 -O3 compilation from bytecode
FAIL: Final -O3 compilation from source
FAIL: G19990302_02 -O3 compilation from source
FAIL: G19990302_02 -O3 compilation from bytecode
FAIL: G19990303_01 -O3 compilation from source
FAIL: G19990303_01 -O3 compilation from bytecode
FAIL: G19990303_02 -O3 compilation from source
FAIL: G19990303_02 -O3 compilation from bytecode
FAIL: G19990304_01 -O3 compilation from source
FAIL: G19990304_01 -O3 compilation from bytecode
FAIL: G19990310_01 -O3 compilation from source
FAIL: G19990310_01 -O3 compilation from bytecode
FAIL: InterfaceDispatch -O3 compilation from source
FAIL: InterfaceDispatch -O3 compilation from bytecode
FAIL: InvokeInterface -O3 compilation from source
FAIL: InvokeReturn -O3 compilation from source
FAIL: InvokeReturn -O3 compilation from bytecode
FAIL: Invoke_1 -O3 compilation from source
FAIL: Invoke_1 -O3 compilation from bytecode
FAIL: KeepInline -O3 compilation from source
FAIL: KeepInline -O3 compilation from bytecode
FAIL: LargeFile execution - source compiled test
FAIL: LargeFile execution - gij test
FAIL: LargeFile execution - bytecode->native test
FAIL: LargeFile -O3 compilation from source
FAIL: LargeFile execution - gij test
FAIL: LargeFile -O3 compilation from bytecode
FAIL: PR12416 -O3 compilation from source
FAIL: PR141 -O3 compilation from source
FAIL: PR218 -O3 compilation from source
FAIL: PR218 -O3 compilation from bytecode
FAIL: PR260 -O3 compilation from source
FAIL: Process_1 -O3 compilation from source
FAIL: Process_1 -O3 compilation from bytecode
FAIL: Process_2 -O3 compilation from source
FAIL: Process_2 -O3 compilation from bytecode
FAIL: Process_3 -O3 compilation from source
FAIL: Process_3 -O3 compilation from bytecode
FAIL: Process_4 -O3 compilation from source
FAIL: Process_4 -O3 compilation from bytecode
FAIL: Process_5 -O3 compilation from source
FAIL: Process_5 -O3 compilation from bytecode
FAIL: Process_6 -O3 compilation from source
FAIL: Process_6 -O3 compilation from bytecode
FAIL: StringBuffer_1 -O3 compilation from source
FAIL: StringBuffer_overflow -O3 compilation from source
FAIL: String_overflow -O3 compilation from source
FAIL: SyncGlobal -O3 compilation from source
FAIL: SyncGlobal -O3 compilation from bytecode
FAIL: SyncTest -O3 compilation from source
FAIL: SyncTest -O3 compilation from bytecode
FAIL: TLtest -O3 compilation from source
FAIL: TLtest -O3 compilation from bytecode
FAIL: TestProxy -O3 compilation from source
FAIL: TestProxy -O3 compilation from bytecode
FAIL: Thread_Alive -O3 compilation from source
FAIL: Thread_Alive -O3 compilation from bytecode
FAIL: Thread_HoldsLock -O3 compilation from source
FAIL: Thread_HoldsLock -O3 compilation from bytecode
FAIL: Thread_Interrupt -O3 compilation from source
FAIL: Thread_Interrupt -O3 compilation from bytecode
FAIL: Thread_Join -O3 compilation from source
FAIL: Thread_Join -O3 compilation from bytecode
FAIL: Thread_Monitor -O3 compilation from source
FAIL: Thread_Monitor -O3 compilation from bytecode
FAIL: Thread_Sleep -O3 compilation from source
FAIL: Thread_Sleep -O3 compilation from bytecode
FAIL: Thread_Wait -O3 compilation from source
FAIL: Thread_Wait -O3 compilation from bytecode
FAIL: Thread_Wait_2 -O3 compilation from source
FAIL: Thread_Wait_2 -O3 compilation from bytecode
FAIL: Thread_Wait_Interrupt -O3 compilation from source
FAIL: Thread_Wait_Interrupt -O3 compilation from bytecode
FAIL: Throw_1 -O3 compilation from source
FAIL: Throw_2 -O3 compilation from source
FAIL: Throw_2 -O3 compilation from bytecode
FAIL: assign2 -O3 compilation from source
FAIL: assign2 -O3 compilation from bytecode
FAIL: initexc -O3 compilation from source
FAIL: initexc -O3 compilation from bytecode
FAIL: instinit2 -O3 compilation from source
FAIL: instinit2 -O3 compilation from bytecode
FAIL: invokethrow -O3 compilation from source
FAIL: md5test -O3 compilation from source
FAIL: md5test -O3 compilation from bytecode
FAIL: newarray_overflow -O3 compilation from source
FAIL: newarray_overflow -O3 compilation from bytecode
FAIL: pr13107_3 -O3 compilation from source
FAIL: pr13107_3 -O3 compilation from bytecode
FAIL: pr179 -O3 compilation from source
FAIL: pr184 -O3 compilation from source
FAIL: pr8415 -O3 compilation from source
FAIL: shatest -O3 compilation from source
FAIL: stringconst2 -O3 compilation from source
FAIL: stringconst2 -O3 compilation from bytecode
FAIL: pr21115 run
=== libjava Summary ===
# of expected passes 3494
# of unexpected failures 113
# of expected failures 8
# of untested testcases 213
=== libmudflap tests ===
Running target unix
=== libmudflap Summary ===
# of expected passes 1331
=== libstdc++ tests ===
Running target unix
XPASS: 26_numerics/cmath/c99_classification_macros_c.cc (test for excess errors)
XPASS: 27_io/fpos/14320-1.cc execution test
FAIL: ext/stdio_sync_filebuf/wchar_t/12077.cc (test for excess errors)
WARNING: ext/stdio_sync_filebuf/wchar_t/12077.cc compilation failed to produce executable
=== libstdc++ Summary ===
# of expected passes 3628
# of unexpected failures 1
# of unexpected successes 2
# of expected failures 11
Compiler version: 4.1.0 20050427 (experimental)
Platform: x86_64-unknown-linux-gnu
configure flags: --prefix=/home/cygnus/dnovillo/perf/sbox/gcc/local.x86_64/inst.torquemada --srcdir=/home/cygnus/dnovillo/perf/sbox/gcc/local.x86_64/src --disable-multilib --enable-mpfr --enable-languages=c,c++,f95,java,objc