This is the mail archive of the
gcc-testresults@gcc.gnu.org
mailing list for the GCC project.
Results for 4.1.0 20050427 (experimental) testsuite on x86_64-unknown-linux-gnu
- From: Al Stone <ahs3 at fc dot hp dot com>
- To: gcc-testresults at gcc dot gnu dot org
- Date: Wed, 27 Apr 2005 07:24:12 -0600 (MDT)
- Subject: Results for 4.1.0 20050427 (experimental) testsuite on x86_64-unknown-linux-gnu
LAST_UPDATED:
Native configuration is x86_64-unknown-linux-gnu
=== g++ tests ===
Running target unix
FAIL: g++.dg/other/static11.C (test for excess errors)
WARNING: program timed out.
FAIL: g++.old-deja/g++.mike/eh59.C (test for excess errors)
=== g++ Summary ===
# of expected passes 10936
# of unexpected failures 2
# of expected failures 66
# of unsupported tests 95
/opt/toolchain/amd64/obj/upstream/gcc/gcc/testsuite/../g++ version 4.1.0 20050427 (experimental)
=== gcc tests ===
Running target unix
WARNING: program timed out.
FAIL: gcc.c-torture/compile/20000120-2.c -Os (test for excess errors)
WARNING: program timed out.
FAIL: gcc.c-torture/compile/20001123-2.c -O2 (test for excess errors)
WARNING: program timed out.
FAIL: gcc.c-torture/compile/20040216-1.c -O3 -g (test for excess errors)
WARNING: program timed out.
FAIL: gcc.c-torture/execute/920501-3.c compilation, -O2
UNRESOLVED: gcc.c-torture/execute/920501-3.c execution, -O2
WARNING: program timed out.
FAIL: gcc.c-torture/execute/920501-3.c compilation, -O3 -fomit-frame-pointer
UNRESOLVED: gcc.c-torture/execute/920501-3.c execution, -O3 -fomit-frame-pointer
WARNING: program timed out.
FAIL: gcc.c-torture/execute/va-arg-20.c compilation, -Os
UNRESOLVED: gcc.c-torture/execute/va-arg-20.c execution, -Os
FAIL: gcc.dg/setjmp-2.c (test for excess errors)
WARNING: gcc.dg/setjmp-2.c compilation failed to produce executable
FAIL: gcc.dg/short-compare-1.c (test for excess errors)
WARNING: gcc.dg/short-compare-1.c compilation failed to produce executable
FAIL: gcc.dg/short-compare-2.c (test for excess errors)
WARNING: gcc.dg/short-compare-2.c compilation failed to produce executable
FAIL: gcc.dg/uninit-1.c uninitialized variable warning (test for bogus messages, line 16)
FAIL: ./import-2.h -O0 -g (test for excess errors)
FAIL: ./import-2.h -O0 (test for excess errors)
FAIL: ./import-2.h -O1 (test for excess errors)
FAIL: ./import-2.h -O2 (test for excess errors)
FAIL: ./import-2.h -O3 -fomit-frame-pointer (test for excess errors)
FAIL: ./import-2.h -O3 -g (test for excess errors)
FAIL: ./import-2.h -Os (test for excess errors)
XPASS: gcc.dg/vect/vect-22.c scan-tree-dump-times vectorized 3 loops 1
XPASS: gcc.dg/vect/vect-67.c scan-tree-dump-times vectorized 1 loops 1
=== gcc Summary ===
# of expected passes 34970
# of unexpected failures 17
# of unexpected successes 2
# of expected failures 105
# of unresolved testcases 3
# of untested testcases 42
# of unsupported tests 434
/opt/toolchain/amd64/obj/upstream/gcc/gcc/xgcc version 4.1.0 20050427 (experimental)
=== libstdc++ tests ===
Running target unix
WARNING: program timed out.
FAIL: 17_intro/header_cstdarg.cc (test for excess errors)
XPASS: 26_numerics/cmath/c99_classification_macros_c.cc (test for excess errors)
XPASS: 27_io/fpos/14320-1.cc execution test
FAIL: ext/stdio_sync_filebuf/wchar_t/12077.cc (test for excess errors)
WARNING: ext/stdio_sync_filebuf/wchar_t/12077.cc compilation failed to produce executable
=== libstdc++ Summary ===
# of expected passes 3492
# of unexpected failures 2
# of unexpected successes 2
# of expected failures 4
Compiler version: 4.1.0 20050427 (experimental)
Platform: x86_64-unknown-linux-gnu
configure flags: --prefix=/opt/toolchain/amd64/tot --with-system-zlib --enable-nls --without-included-gettext --disable-multilib --enable-languages=c,c++
Counting all warnings,
there are 0 warnings in stage3 of this bootstrap.
Number of warnings per file:
Number of warning types: