This is the mail archive of the
gcc-testresults@gcc.gnu.org
mailing list for the GCC project.
Results for 4.1.0 20050426 (experimental) testsuite on s390x-ibm-linux-gnu
- From: Andreas Krebbel <krebbel1 at de dot ibm dot com>
- To: gcc-testresults at gcc dot gnu dot org
- Date: Wed, 27 Apr 2005 01:52:27 +0200
- Subject: Results for 4.1.0 20050426 (experimental) testsuite on s390x-ibm-linux-gnu
LAST_UPDATED:
Native configuration is s390x-ibm-linux-gnu
=== g++ tests ===
Running target unix
FAIL: g++.dg/abi/empty6.C (test for warnings, line 6)
XPASS: g++.old-deja/g++.other/init5.C execution test
=== g++ Summary ===
# of expected passes 10934
# of unexpected failures 1
# of unexpected successes 1
# of expected failures 65
# of unsupported tests 98
/build/BUILD/gcc-4.1.0/obj-s390x-redhat-linux/gcc/testsuite/../g++ version 4.1.0 20050426 (experimental)
=== gcc tests ===
Running target unix
FAIL: gcc.dg/uninit-1.c uninitialized variable warning (test for bogus messages, line 16)
FAIL: gcc.dg/uninit-4.c uninitialized variable warning PR19833 (test for bogus messages, line 26)
XPASS: gcc.dg/tree-ssa/20040204-1.c scan-tree-dump-times link_error 0
XPASS: gcc.dg/tree-ssa/sra-2.c scan-tree-dump-times link_error 0
=== gcc Summary ===
# of expected passes 34363
# of unexpected failures 2
# of unexpected successes 2
# of expected failures 74
# of untested testcases 28
# of unsupported tests 488
/build/BUILD/gcc-4.1.0/obj-s390x-redhat-linux/gcc/xgcc version 4.1.0 20050426 (experimental)
=== gfortran tests ===
Running target unix
FAIL: gfortran.dg/common_4.f90 (test for excess errors)
WARNING: gfortran.dg/common_4.f90 compilation failed to produce executable
FAIL: gfortran.dg/common_4.f90 (test for excess errors)
WARNING: gfortran.dg/common_4.f90 compilation failed to produce executable
FAIL: gfortran.dg/common_4.f90 (test for excess errors)
WARNING: gfortran.dg/common_4.f90 compilation failed to produce executable
FAIL: gfortran.dg/common_4.f90 (test for excess errors)
WARNING: gfortran.dg/common_4.f90 compilation failed to produce executable
FAIL: gfortran.dg/common_4.f90 (test for excess errors)
WARNING: gfortran.dg/common_4.f90 compilation failed to produce executable
FAIL: gfortran.dg/common_4.f90 (test for excess errors)
WARNING: gfortran.dg/common_4.f90 compilation failed to produce executable
FAIL: gfortran.dg/common_4.f90 (test for excess errors)
WARNING: gfortran.dg/common_4.f90 compilation failed to produce executable
FAIL: gfortran.dg/namelist_14.f90 (test for excess errors)
WARNING: gfortran.dg/namelist_14.f90 compilation failed to produce executable
XPASS: gfortran.dg/ret_pointer_1.f90 execution test
XPASS: gfortran.dg/ret_pointer_1.f90 execution test
XPASS: gfortran.dg/ret_pointer_1.f90 execution test
XPASS: gfortran.dg/ret_pointer_1.f90 execution test
XPASS: gfortran.dg/ret_pointer_1.f90 execution test
XPASS: gfortran.dg/ret_pointer_1.f90 execution test
XPASS: gfortran.dg/ret_pointer_1.f90 execution test
XPASS: gfortran.dg/ret_pointer_1.f90 execution test
FAIL: gfortran.dg/g77/980628-0.f (test for excess errors)
WARNING: gfortran.dg/g77/980628-0.f compilation failed to produce executable
FAIL: gfortran.dg/g77/980628-0.f (test for excess errors)
WARNING: gfortran.dg/g77/980628-0.f compilation failed to produce executable
FAIL: gfortran.dg/g77/980628-0.f (test for excess errors)
WARNING: gfortran.dg/g77/980628-0.f compilation failed to produce executable
FAIL: gfortran.dg/g77/980628-0.f (test for excess errors)
WARNING: gfortran.dg/g77/980628-0.f compilation failed to produce executable
FAIL: gfortran.dg/g77/980628-0.f (test for excess errors)
WARNING: gfortran.dg/g77/980628-0.f compilation failed to produce executable
FAIL: gfortran.dg/g77/980628-0.f (test for excess errors)
WARNING: gfortran.dg/g77/980628-0.f compilation failed to produce executable
FAIL: gfortran.dg/g77/980628-0.f (test for excess errors)
WARNING: gfortran.dg/g77/980628-0.f compilation failed to produce executable
FAIL: gfortran.dg/g77/980628-1.f (test for excess errors)
WARNING: gfortran.dg/g77/980628-1.f compilation failed to produce executable
FAIL: gfortran.dg/g77/980628-1.f (test for excess errors)
WARNING: gfortran.dg/g77/980628-1.f compilation failed to produce executable
FAIL: gfortran.dg/g77/980628-1.f (test for excess errors)
WARNING: gfortran.dg/g77/980628-1.f compilation failed to produce executable
FAIL: gfortran.dg/g77/980628-1.f (test for excess errors)
WARNING: gfortran.dg/g77/980628-1.f compilation failed to produce executable
FAIL: gfortran.dg/g77/980628-1.f (test for excess errors)
WARNING: gfortran.dg/g77/980628-1.f compilation failed to produce executable
FAIL: gfortran.dg/g77/980628-1.f (test for excess errors)
WARNING: gfortran.dg/g77/980628-1.f compilation failed to produce executable
FAIL: gfortran.dg/g77/980628-1.f (test for excess errors)
WARNING: gfortran.dg/g77/980628-1.f compilation failed to produce executable
FAIL: gfortran.dg/g77/980628-10.f (test for excess errors)
WARNING: gfortran.dg/g77/980628-10.f compilation failed to produce executable
FAIL: gfortran.dg/g77/980628-10.f (test for excess errors)
WARNING: gfortran.dg/g77/980628-10.f compilation failed to produce executable
FAIL: gfortran.dg/g77/980628-10.f (test for excess errors)
WARNING: gfortran.dg/g77/980628-10.f compilation failed to produce executable
FAIL: gfortran.dg/g77/980628-10.f (test for excess errors)
WARNING: gfortran.dg/g77/980628-10.f compilation failed to produce executable
FAIL: gfortran.dg/g77/980628-10.f (test for excess errors)
WARNING: gfortran.dg/g77/980628-10.f compilation failed to produce executable
FAIL: gfortran.dg/g77/980628-10.f (test for excess errors)
WARNING: gfortran.dg/g77/980628-10.f compilation failed to produce executable
FAIL: gfortran.dg/g77/980628-10.f (test for excess errors)
WARNING: gfortran.dg/g77/980628-10.f compilation failed to produce executable
FAIL: gfortran.dg/g77/980628-2.f (test for excess errors)
WARNING: gfortran.dg/g77/980628-2.f compilation failed to produce executable
FAIL: gfortran.dg/g77/980628-2.f (test for excess errors)
WARNING: gfortran.dg/g77/980628-2.f compilation failed to produce executable
FAIL: gfortran.dg/g77/980628-2.f (test for excess errors)
WARNING: gfortran.dg/g77/980628-2.f compilation failed to produce executable
FAIL: gfortran.dg/g77/980628-2.f (test for excess errors)
WARNING: gfortran.dg/g77/980628-2.f compilation failed to produce executable
FAIL: gfortran.dg/g77/980628-2.f (test for excess errors)
WARNING: gfortran.dg/g77/980628-2.f compilation failed to produce executable
FAIL: gfortran.dg/g77/980628-2.f (test for excess errors)
WARNING: gfortran.dg/g77/980628-2.f compilation failed to produce executable
FAIL: gfortran.dg/g77/980628-2.f (test for excess errors)
WARNING: gfortran.dg/g77/980628-2.f compilation failed to produce executable
FAIL: gfortran.dg/g77/980628-3.f (test for excess errors)
WARNING: gfortran.dg/g77/980628-3.f compilation failed to produce executable
FAIL: gfortran.dg/g77/980628-3.f (test for excess errors)
WARNING: gfortran.dg/g77/980628-3.f compilation failed to produce executable
FAIL: gfortran.dg/g77/980628-3.f (test for excess errors)
WARNING: gfortran.dg/g77/980628-3.f compilation failed to produce executable
FAIL: gfortran.dg/g77/980628-3.f (test for excess errors)
WARNING: gfortran.dg/g77/980628-3.f compilation failed to produce executable
FAIL: gfortran.dg/g77/980628-3.f (test for excess errors)
WARNING: gfortran.dg/g77/980628-3.f compilation failed to produce executable
FAIL: gfortran.dg/g77/980628-3.f (test for excess errors)
WARNING: gfortran.dg/g77/980628-3.f compilation failed to produce executable
FAIL: gfortran.dg/g77/980628-3.f (test for excess errors)
WARNING: gfortran.dg/g77/980628-3.f compilation failed to produce executable
FAIL: gfortran.dg/g77/980628-7.f (test for excess errors)
WARNING: gfortran.dg/g77/980628-7.f compilation failed to produce executable
FAIL: gfortran.dg/g77/980628-7.f (test for excess errors)
WARNING: gfortran.dg/g77/980628-7.f compilation failed to produce executable
FAIL: gfortran.dg/g77/980628-7.f (test for excess errors)
WARNING: gfortran.dg/g77/980628-7.f compilation failed to produce executable
FAIL: gfortran.dg/g77/980628-7.f (test for excess errors)
WARNING: gfortran.dg/g77/980628-7.f compilation failed to produce executable
FAIL: gfortran.dg/g77/980628-7.f (test for excess errors)
WARNING: gfortran.dg/g77/980628-7.f compilation failed to produce executable
FAIL: gfortran.dg/g77/980628-7.f (test for excess errors)
WARNING: gfortran.dg/g77/980628-7.f compilation failed to produce executable
FAIL: gfortran.dg/g77/980628-7.f (test for excess errors)
WARNING: gfortran.dg/g77/980628-7.f compilation failed to produce executable
FAIL: gfortran.dg/g77/980628-8.f (test for excess errors)
WARNING: gfortran.dg/g77/980628-8.f compilation failed to produce executable
FAIL: gfortran.dg/g77/980628-8.f (test for excess errors)
WARNING: gfortran.dg/g77/980628-8.f compilation failed to produce executable
FAIL: gfortran.dg/g77/980628-8.f (test for excess errors)
WARNING: gfortran.dg/g77/980628-8.f compilation failed to produce executable
FAIL: gfortran.dg/g77/980628-8.f (test for excess errors)
WARNING: gfortran.dg/g77/980628-8.f compilation failed to produce executable
FAIL: gfortran.dg/g77/980628-8.f (test for excess errors)
WARNING: gfortran.dg/g77/980628-8.f compilation failed to produce executable
FAIL: gfortran.dg/g77/980628-8.f (test for excess errors)
WARNING: gfortran.dg/g77/980628-8.f compilation failed to produce executable
FAIL: gfortran.dg/g77/980628-8.f (test for excess errors)
WARNING: gfortran.dg/g77/980628-8.f compilation failed to produce executable
FAIL: gfortran.dg/g77/980628-9.f (test for excess errors)
WARNING: gfortran.dg/g77/980628-9.f compilation failed to produce executable
FAIL: gfortran.dg/g77/980628-9.f (test for excess errors)
WARNING: gfortran.dg/g77/980628-9.f compilation failed to produce executable
FAIL: gfortran.dg/g77/980628-9.f (test for excess errors)
WARNING: gfortran.dg/g77/980628-9.f compilation failed to produce executable
FAIL: gfortran.dg/g77/980628-9.f (test for excess errors)
WARNING: gfortran.dg/g77/980628-9.f compilation failed to produce executable
FAIL: gfortran.dg/g77/980628-9.f (test for excess errors)
WARNING: gfortran.dg/g77/980628-9.f compilation failed to produce executable
FAIL: gfortran.dg/g77/980628-9.f (test for excess errors)
WARNING: gfortran.dg/g77/980628-9.f compilation failed to produce executable
FAIL: gfortran.dg/g77/980628-9.f (test for excess errors)
WARNING: gfortran.dg/g77/980628-9.f compilation failed to produce executable
FAIL: gfortran.dg/g77/980701-1.f (test for excess errors)
WARNING: gfortran.dg/g77/980701-1.f compilation failed to produce executable
FAIL: gfortran.dg/g77/980701-1.f (test for excess errors)
WARNING: gfortran.dg/g77/980701-1.f compilation failed to produce executable
FAIL: gfortran.dg/g77/980701-1.f (test for excess errors)
WARNING: gfortran.dg/g77/980701-1.f compilation failed to produce executable
FAIL: gfortran.dg/g77/980701-1.f (test for excess errors)
WARNING: gfortran.dg/g77/980701-1.f compilation failed to produce executable
FAIL: gfortran.dg/g77/980701-1.f (test for excess errors)
WARNING: gfortran.dg/g77/980701-1.f compilation failed to produce executable
FAIL: gfortran.dg/g77/980701-1.f (test for excess errors)
WARNING: gfortran.dg/g77/980701-1.f compilation failed to produce executable
FAIL: gfortran.dg/g77/980701-1.f (test for excess errors)
WARNING: gfortran.dg/g77/980701-1.f compilation failed to produce executable
FAIL: gfortran.fortran-torture/execute/forall_3.f90 execution, -O1
FAIL: gfortran.fortran-torture/execute/forall_3.f90 execution, -O2
FAIL: gfortran.fortran-torture/execute/forall_3.f90 execution, -O3 -fomit-frame-pointer
FAIL: gfortran.fortran-torture/execute/forall_3.f90 execution, -O3 -fomit-frame-pointer -funroll-loops
FAIL: gfortran.fortran-torture/execute/forall_3.f90 execution, -O3 -fomit-frame-pointer -funroll-all-loops -finline-functions
FAIL: gfortran.fortran-torture/execute/forall_3.f90 execution, -O3 -g
FAIL: gfortran.fortran-torture/execute/forall_3.f90 execution, -Os
FAIL: gfortran.fortran-torture/execute/where_3.f90 execution, -O2
FAIL: gfortran.fortran-torture/execute/where_3.f90 execution, -O3 -fomit-frame-pointer
FAIL: gfortran.fortran-torture/execute/where_3.f90 execution, -O3 -fomit-frame-pointer -funroll-loops
FAIL: gfortran.fortran-torture/execute/where_3.f90 execution, -O3 -fomit-frame-pointer -funroll-all-loops -finline-functions
FAIL: gfortran.fortran-torture/execute/where_3.f90 execution, -O3 -g
=== gfortran Summary ===
# of expected passes 6247
# of unexpected failures 83
# of unexpected successes 8
# of expected failures 18
# of unsupported tests 16
/build/BUILD/gcc-4.1.0/obj-s390x-redhat-linux/gcc/testsuite/../gfortran version 4.1.0 20050426 (experimental)
=== objc tests ===
Running target unix
=== objc Summary ===
# of expected passes 1534
# of unsupported tests 12
/build/BUILD/gcc-4.1.0/obj-s390x-redhat-linux/gcc/xgcc version 4.1.0 20050426 (experimental)
=== libffi tests ===
Running target unix
=== libffi Summary ===
# of expected passes 219
# of unsupported tests 2
=== libjava tests ===
Running target unix
FAIL: ArrayClass -O3 compilation from source
FAIL: PR12857 -O3 compilation from source
FAIL: PR13024 -O3 compilation from source
FAIL: PR13024 -O3 compilation from bytecode
FAIL: PR16249 -O3 compilation from source
FAIL: PR16249 -O3 compilation from bytecode
FAIL: PR4766 -O3 compilation from source
FAIL: PR4766 -O3 compilation from bytecode
FAIL: ArrayStore -O3 compilation from source
FAIL: ArrayStore -O3 compilation from bytecode
FAIL: ArrayStore2 -O3 compilation from source
FAIL: ArrayStore2 -O3 compilation from bytecode
FAIL: Array_1 -O3 compilation from source
FAIL: Array_3 -O3 compilation from source
FAIL: Array_3 -O3 compilation from bytecode
FAIL: Class_1 -O3 compilation from source
FAIL: Divide_1 -O3 compilation from source
FAIL: Divide_1 -O3 compilation from bytecode
FAIL: Final -O3 compilation from source
FAIL: G19990302_02 -O3 compilation from source
FAIL: G19990302_02 -O3 compilation from bytecode
FAIL: G19990303_01 -O3 compilation from source
FAIL: G19990303_01 -O3 compilation from bytecode
FAIL: G19990303_02 -O3 compilation from source
FAIL: G19990303_02 -O3 compilation from bytecode
FAIL: G19990304_01 -O3 compilation from source
FAIL: G19990304_01 -O3 compilation from bytecode
FAIL: G19990310_01 -O3 compilation from source
FAIL: G19990310_01 -O3 compilation from bytecode
FAIL: InterfaceDispatch -O3 compilation from source
FAIL: InterfaceDispatch -O3 compilation from bytecode
FAIL: InvokeInterface -O3 compilation from source
FAIL: InvokeReturn -O3 compilation from source
FAIL: InvokeReturn -O3 compilation from bytecode
FAIL: Invoke_1 -O3 compilation from source
FAIL: Invoke_1 -O3 compilation from bytecode
FAIL: KeepInline -O3 compilation from source
FAIL: KeepInline -O3 compilation from bytecode
FAIL: LargeFile -O3 compilation from source
FAIL: LargeFile -O3 compilation from bytecode
FAIL: PR12416 -O3 compilation from source
FAIL: PR141 -O3 compilation from source
FAIL: PR218 -O3 compilation from source
FAIL: PR218 -O3 compilation from bytecode
FAIL: PR260 -O3 compilation from source
FAIL: Process_1 -O3 compilation from source
FAIL: Process_1 -O3 compilation from bytecode
FAIL: Process_2 -O3 compilation from source
FAIL: Process_2 -O3 compilation from bytecode
FAIL: Process_3 -O3 compilation from source
FAIL: Process_3 -O3 compilation from bytecode
FAIL: Process_4 -O3 compilation from source
FAIL: Process_4 -O3 compilation from bytecode
FAIL: Process_5 -O3 compilation from source
FAIL: Process_5 -O3 compilation from bytecode
FAIL: Process_6 -O3 compilation from source
FAIL: Process_6 -O3 compilation from bytecode
FAIL: StringBuffer_1 -O3 compilation from source
FAIL: StringBuffer_overflow -O3 compilation from source
FAIL: String_overflow -O3 compilation from source
FAIL: SyncGlobal -O3 compilation from source
FAIL: SyncGlobal -O3 compilation from bytecode
FAIL: SyncTest -O3 compilation from source
FAIL: SyncTest -O3 compilation from bytecode
FAIL: TLtest -O3 compilation from source
FAIL: TLtest -O3 compilation from bytecode
FAIL: TestProxy -O3 compilation from source
FAIL: TestProxy -O3 compilation from bytecode
FAIL: Thread_Alive -O3 compilation from source
FAIL: Thread_Alive -O3 compilation from bytecode
FAIL: Thread_HoldsLock -O3 compilation from source
FAIL: Thread_HoldsLock -O3 compilation from bytecode
FAIL: Thread_Interrupt -O3 compilation from source
FAIL: Thread_Interrupt -O3 compilation from bytecode
FAIL: Thread_Join -O3 compilation from source
FAIL: Thread_Join -O3 compilation from bytecode
FAIL: Thread_Monitor -O3 compilation from source
FAIL: Thread_Monitor -O3 compilation from bytecode
FAIL: Thread_Sleep -O3 compilation from source
FAIL: Thread_Sleep -O3 compilation from bytecode
FAIL: Thread_Wait -O3 compilation from source
FAIL: Thread_Wait -O3 compilation from bytecode
FAIL: Thread_Wait_2 -O3 compilation from source
FAIL: Thread_Wait_2 -O3 compilation from bytecode
FAIL: Thread_Wait_Interrupt -O3 compilation from source
FAIL: Thread_Wait_Interrupt -O3 compilation from bytecode
FAIL: Throw_1 -O3 compilation from source
FAIL: Throw_2 -O3 compilation from source
FAIL: Throw_2 -O3 compilation from bytecode
FAIL: assign2 -O3 compilation from source
FAIL: assign2 -O3 compilation from bytecode
FAIL: initexc -O3 compilation from source
FAIL: initexc -O3 compilation from bytecode
FAIL: instinit2 -O3 compilation from source
FAIL: instinit2 -O3 compilation from bytecode
FAIL: invokethrow -O3 compilation from source
FAIL: md5test -O3 compilation from source
FAIL: md5test -O3 compilation from bytecode
FAIL: newarray_overflow -O3 compilation from source
FAIL: newarray_overflow -O3 compilation from bytecode
FAIL: pr13107_3 -O3 compilation from source
FAIL: pr13107_3 -O3 compilation from bytecode
FAIL: pr179 -O3 compilation from source
FAIL: pr184 -O3 compilation from source
FAIL: pr8415 -O3 compilation from source
FAIL: shatest -O3 compilation from source
FAIL: stringconst2 -O3 compilation from source
FAIL: stringconst2 -O3 compilation from bytecode
FAIL: pr21115 run
=== libjava Summary ===
# of expected passes 3502
# of unexpected failures 109
# of expected failures 8
# of untested testcases 209
=== libmudflap tests ===
Running target unix
=== libmudflap Summary ===
# of expected passes 1331
=== libstdc++ tests ===
Running target unix
XPASS: 26_numerics/cmath/c99_classification_macros_c.cc (test for excess errors)
XPASS: 27_io/fpos/14320-1.cc execution test
=== libstdc++ Summary ===
# of expected passes 1320
# of unexpected successes 2
# of expected failures 4
Compiler version: 4.1.0 20050426 (experimental)
Platform: s390x-ibm-linux-gnu
configure flags: --prefix=/usr --mandir=/usr/share/man --infodir=/usr/share/info --enable-shared --enable-threads=posix --enable-checking=release --with-system-zlib --enable-__cxa_atexit --disable-libunwind-exceptions --host=s390x-redhat-linux --enable-languages=c,c++,f95,java,objc