This is the mail archive of the
gcc-testresults@gcc.gnu.org
mailing list for the GCC project.
Results for 4.1.0 20050418 (experimental) testsuite on ia64-hp-hpux11.23
- From: CodeSourcery Automatic Testing System <gcc at codesourcery dot com>
- To: gcc-testresults at gcc dot gnu dot org
- Date: Mon, 18 Apr 2005 05:30:55 -0700
- Subject: Results for 4.1.0 20050418 (experimental) testsuite on ia64-hp-hpux11.23
LAST_UPDATED: Mon Apr 18 08:10:36 UTC 2005
Native configuration is ia64-hp-hpux11.23
=== g++ tests ===
Running target unix/-milp32
FAIL: g++.dg/opt/longbranch1.C (test for excess errors)
XPASS: g++.dg/other/packed1.C execution test
FAIL: g++.dg/other/static11.C (test for excess errors)
FAIL: g++.dg/warn/weak1.C (test for excess errors)
WARNING: g++.dg/warn/weak1.C compilation failed to produce executable
FAIL: g++.old-deja/g++.law/profile1.C execution test
=== g++ Summary for unix/-milp32 ===
# of expected passes 10509
# of unexpected failures 4
# of unexpected successes 1
# of expected failures 70
# of unsupported tests 105
Running target unix/-mlp64
FAIL: g++.dg/opt/longbranch1.C (test for excess errors)
XPASS: g++.dg/other/packed1.C execution test
FAIL: g++.dg/other/static11.C (test for excess errors)
FAIL: g++.dg/warn/weak1.C (test for excess errors)
WARNING: g++.dg/warn/weak1.C compilation failed to produce executable
FAIL: g++.old-deja/g++.law/profile1.C execution test
=== g++ Summary for unix/-mlp64 ===
# of expected passes 10477
# of unexpected failures 4
# of unexpected successes 1
# of expected failures 70
# of unsupported tests 107
=== g++ Summary ===
# of expected passes 20986
# of unexpected failures 8
# of unexpected successes 2
# of expected failures 140
# of unsupported tests 212
/scratch/gcc/nightly-2005-04-18-mainline/ia64-hp-hpux11.23/build_gcc/build/gcc/testsuite/../g++ version 4.1.0 20050418 (experimental)
=== gcc tests ===
Running target unix/-milp32
FAIL: gcc.dg/20021014-1.c execution test
FAIL: gcc.dg/builtin-apply4.c execution test
FAIL: gcc.dg/ia64-sync-1.c execution test
FAIL: gcc.dg/ia64-sync-2.c execution test
FAIL: gcc.dg/ia64-sync-3.c execution test
FAIL: gcc.dg/nest.c execution test
FAIL: gcc.dg/transparent-union-1.c (test for excess errors)
FAIL: gcc.dg/transparent-union-2.c (test for excess errors)
FAIL: gcc.dg/uninit-1.c uninitialized variable warning (test for bogus messages, line 16)
FAIL: largefile.c -O0 -g (test for excess errors)
FAIL: largefile.c -O0 (test for excess errors)
FAIL: largefile.c -O1 (test for excess errors)
FAIL: largefile.c -O2 (test for excess errors)
FAIL: largefile.c -O3 -fomit-frame-pointer (test for excess errors)
FAIL: largefile.c -O3 -g (test for excess errors)
FAIL: largefile.c -Os (test for excess errors)
XPASS: gcc.dg/vect/vect-22.c scan-tree-dump-times vectorized 3 loops 1
XPASS: gcc.dg/vect/vect-30.c scan-tree-dump-times vectorized 1 loops 2
XPASS: gcc.dg/vect/vect-67.c scan-tree-dump-times vectorized 1 loops 1
FAIL: gcc.dg/vect/vect-76.c execution test
XPASS: gcc.dg/vect/vect-8.c scan-tree-dump-times vectorized 1 loops 1
XPASS: gcc.dg/vect/vect-dv-2.c scan-tree-dump-times vectorized 2 loops 1
XPASS: gcc.dg/vect/vect-ifcvt-1.c scan-tree-dump-times vectorized 2 loops 1
FAIL: gcc.dg/vect/vect-none.c (test for excess errors)
=== gcc Summary for unix/-milp32 ===
# of expected passes 33402
# of unexpected failures 18
# of unexpected successes 6
# of expected failures 133
# of untested testcases 35
# of unsupported tests 506
Running target unix/-mlp64
FAIL: gcc.dg/20021014-1.c execution test
FAIL: gcc.dg/builtin-apply4.c execution test
FAIL: gcc.dg/ia64-sync-1.c execution test
FAIL: gcc.dg/ia64-sync-2.c execution test
FAIL: gcc.dg/ia64-sync-3.c execution test
WARNING: program timed out.
FAIL: gcc.dg/nest.c execution test
FAIL: gcc.dg/transparent-union-1.c (test for excess errors)
FAIL: gcc.dg/transparent-union-2.c (test for excess errors)
FAIL: gcc.dg/uninit-1.c uninitialized variable warning (test for bogus messages, line 16)
FAIL: largefile.c -O0 -g (test for excess errors)
FAIL: largefile.c -O0 (test for excess errors)
FAIL: largefile.c -O1 (test for excess errors)
FAIL: largefile.c -O2 (test for excess errors)
FAIL: largefile.c -O3 -fomit-frame-pointer (test for excess errors)
FAIL: largefile.c -O3 -g (test for excess errors)
FAIL: largefile.c -Os (test for excess errors)
FAIL: gcc.dg/tree-ssa/loop-4.c scan-tree-dump-times iter 0
XPASS: gcc.dg/vect/vect-22.c scan-tree-dump-times vectorized 3 loops 1
XPASS: gcc.dg/vect/vect-30.c scan-tree-dump-times vectorized 1 loops 2
XPASS: gcc.dg/vect/vect-67.c scan-tree-dump-times vectorized 1 loops 1
FAIL: gcc.dg/vect/vect-76.c execution test
XPASS: gcc.dg/vect/vect-8.c scan-tree-dump-times vectorized 1 loops 1
XPASS: gcc.dg/vect/vect-dv-2.c scan-tree-dump-times vectorized 2 loops 1
XPASS: gcc.dg/vect/vect-ifcvt-1.c scan-tree-dump-times vectorized 2 loops 1
FAIL: gcc.dg/vect/vect-none.c (test for excess errors)
=== gcc Summary for unix/-mlp64 ===
# of expected passes 33402
# of unexpected failures 19
# of unexpected successes 6
# of expected failures 133
# of untested testcases 35
# of unsupported tests 506
=== gcc Summary ===
# of expected passes 66804
# of unexpected failures 37
# of unexpected successes 12
# of expected failures 266
# of untested testcases 70
# of unsupported tests 1012
/scratch/gcc/nightly-2005-04-18-mainline/ia64-hp-hpux11.23/build_gcc/build/gcc/xgcc version 4.1.0 20050418 (experimental)
=== libstdc++ tests ===
Running target unix/-milp32
=== libstdc++ Summary for unix/-milp32 ===
# of expected passes 2533
# of expected failures 11
# of unsupported tests 10
Running target unix/-mlp64
=== libstdc++ Summary for unix/-mlp64 ===
# of expected passes 2533
# of expected failures 11
# of unsupported tests 10
=== libstdc++ Summary ===
# of expected passes 5066
# of expected failures 22
# of unsupported tests 20
Compiler version: 4.1.0 20050418 (experimental)
Platform: ia64-hp-hpux11.23
configure flags: --prefix=/scratch/gcc/nightly-2005-04-18-mainline/ia64-hp-hpux11.23/build_gcc/install --enable-threads --disable-libmudflap --with-gnu-as --with-as=/usr/local/tools/gcc-3.3.1/bin/as --enable-languages=c,c++