This is the mail archive of the
gcc-testresults@gcc.gnu.org
mailing list for the GCC project.
Results for 4.1.0-tcb 20050401 (experimental) (merged 20050330) testsuite on powerpc64-unknown-linux-gnu
- From: Janis Johnson <janis187 at us dot ibm dot com>
- To: gcc-testresults at gcc dot gnu dot org
- Date: Fri, 15 Apr 2005 08:04:59 -0700
- Subject: Results for 4.1.0-tcb 20050401 (experimental) (merged 20050330) testsuite on powerpc64-unknown-linux-gnu
Linux 2.4.21-17.EL ppc64
GNU C Library stable release version 2.3.2
GNU ld version 2.15.94.0.2.2 20041220
GNU assembler 2.15.94.0.2.2 20041220
GNU Make version 3.79.1
DejaGnu:
Expect version is 5.40.0
Tcl version is 8.4
Framework version is 1.4.4
32-bit biarch default32
CVS branch: tree-cleanup-branch
This hardware does not support VMX instructions.
LAST_UPDATED: Fri Apr 15 10:04:15 UTC 2005
Native configuration is powerpc64-unknown-linux-gnu
=== g++ tests ===
Running target unix/-m32
FAIL: g++.dg/expr/cast3.C (test for excess errors)
FAIL: g++.dg/template/recurse.C (test for excess errors)
=== g++ Summary for unix/-m32 ===
# of expected passes 10960
# of unexpected failures 2
# of expected failures 66
# of unsupported tests 76
Running target unix/-m64
FAIL: g++.dg/template/recurse.C (test for excess errors)
=== g++ Summary for unix/-m64 ===
# of expected passes 10923
# of unexpected failures 1
# of expected failures 66
# of unsupported tests 79
=== g++ Summary ===
# of expected passes 21883
# of unexpected failures 3
# of expected failures 132
# of unsupported tests 155
/home/gccbuild/build/nightly/build-gcc-treecleanup/gcc/testsuite/../g++ version 4.1.0-tcb 20050401 (experimental) (merged 20050330)
=== gcc tests ===
Running target unix/-m32
FAIL: gcc.c-torture/compile/20000127-1.c -O0 (test for excess errors)
FAIL: gcc.c-torture/compile/20010408-1.c -O1 (test for excess errors)
FAIL: gcc.c-torture/compile/20010408-1.c -O2 (test for excess errors)
FAIL: gcc.c-torture/compile/20010408-1.c -O3 -fomit-frame-pointer (test for excess errors)
FAIL: gcc.c-torture/compile/20010408-1.c -O3 -fomit-frame-pointer -funroll-loops (test for excess errors)
FAIL: gcc.c-torture/compile/20010408-1.c -O3 -fomit-frame-pointer -funroll-all-loops -finline-functions (test for excess errors)
FAIL: gcc.c-torture/compile/20010408-1.c -O3 -g (test for excess errors)
FAIL: gcc.c-torture/compile/20011119-2.c -O0 (test for excess errors)
FAIL: gcc.c-torture/compile/20011119-2.c -O1 (test for excess errors)
FAIL: gcc.c-torture/compile/921109-1.c -O0 (test for excess errors)
FAIL: gcc.c-torture/compile/930421-1.c -O0 (test for excess errors)
FAIL: gcc.c-torture/execute/20010118-1.c compilation, -O0
UNRESOLVED: gcc.c-torture/execute/20010118-1.c execution, -O0
XPASS: gcc.c-torture/execute/20020720-1.c compilation, -O1
UNRESOLVED: gcc.c-torture/execute/20020720-1.c execution, -O2
UNRESOLVED: gcc.c-torture/execute/20020720-1.c execution, -O3 -fomit-frame-pointer
UNRESOLVED: gcc.c-torture/execute/20020720-1.c execution, -O3 -g
UNRESOLVED: gcc.c-torture/execute/20020720-1.c execution, -Os
FAIL: gcc.c-torture/unsorted/BUG17.c, -O0
FAIL: gcc.dg/pr18501.c conditional in loop (test for warnings, line 12)
FAIL: gcc.dg/sequence-pt-1.c (test for excess errors)
XPASS: gcc.dg/uninit-5.c uninitialized variable warning (test for bogus messages, line 12)
XPASS: gcc.dg/uninit-5.c uninitialized variable warning (test for bogus messages, line 26)
XPASS: gcc.dg/uninit-9.c uninitialized variable warning (test for bogus messages, line 26)
FAIL: gcc.dg/vect/pr18425.c (test for excess errors)
FAIL: gcc.dg/vect/pr18536.c (test for excess errors)
FAIL: gcc.dg/vect/pr20122.c (test for excess errors)
FAIL: gcc.dg/vect/vect-26.c (test for excess errors)
FAIL: gcc.dg/vect/vect-28.c (test for excess errors)
FAIL: gcc.dg/vect/vect-30.c (test for excess errors)
FAIL: gcc.dg/vect/vect-30.c scan-tree-dump-times vectorized 1 loops 2
FAIL: gcc.dg/vect/vect-31.c (test for excess errors)
FAIL: gcc.dg/vect/vect-33.c (test for excess errors)
FAIL: gcc.dg/vect/vect-44.c (test for excess errors)
FAIL: gcc.dg/vect/vect-46.c (test for excess errors)
FAIL: gcc.dg/vect/vect-50.c (test for excess errors)
FAIL: gcc.dg/vect/vect-52.c (test for excess errors)
FAIL: gcc.dg/vect/vect-54.c (test for excess errors)
FAIL: gcc.dg/vect/vect-58.c (test for excess errors)
FAIL: gcc.dg/vect/vect-60.c (test for excess errors)
FAIL: gcc.dg/vect/vect-64.c (test for excess errors)
FAIL: gcc.dg/vect/vect-66.c (test for excess errors)
XPASS: gcc.dg/vect/vect-67.c scan-tree-dump-times vectorized 1 loops 1
FAIL: gcc.dg/vect/vect-68.c (test for excess errors)
FAIL: gcc.dg/vect/vect-69.c (test for excess errors)
FAIL: gcc.dg/vect/vect-70.c (test for excess errors)
FAIL: gcc.dg/vect/vect-8.c (test for excess errors)
FAIL: gcc.dg/vect/vect-80.c (test for excess errors)
FAIL: gcc.dg/vect/vect-85.c (test for excess errors)
FAIL: gcc.dg/vect/vect-86.c (test for excess errors)
FAIL: gcc.dg/vect/vect-87.c (test for excess errors)
FAIL: gcc.dg/vect/vect-88.c (test for excess errors)
FAIL: gcc.dg/vect/vect-89.c (test for excess errors)
FAIL: gcc.dg/vect/vect-92.c (test for excess errors)
FAIL: gcc.dg/vect/vect-92.c scan-tree-dump-times vectorized 1 loops 3
FAIL: gcc.dg/vect/vect-92.c scan-tree-dump-times Alignment of access forced using peeling 3
FAIL: gcc.dg/vect/vect-93.c (test for excess errors)
FAIL: gcc.dg/vect/vect-93.c scan-tree-dump-times Alignment of access forced using peeling 3
FAIL: gcc.dg/vect/vect-93.c scan-tree-dump-times vectorized 1 loops 1
FAIL: gcc.dg/vect/vect-93.c scan-tree-dump-times Vectorizing an unaligned access 1
FAIL: gcc.dg/vect/vect-96.c (test for excess errors)
FAIL: gcc.dg/vect/vect-96.c scan-tree-dump-times vectorized 1 loops 1
=== gcc Summary for unix/-m32 ===
# of expected passes 35001
# of unexpected failures 52
# of unexpected successes 5
# of expected failures 101
# of unresolved testcases 5
# of untested testcases 28
# of unsupported tests 446
Running target unix/-m64
FAIL: gcc.c-torture/compile/20000127-1.c -O0 (test for excess errors)
FAIL: gcc.c-torture/compile/20010408-1.c -O1 (test for excess errors)
FAIL: gcc.c-torture/compile/20010408-1.c -O2 (test for excess errors)
FAIL: gcc.c-torture/compile/20010408-1.c -O3 -fomit-frame-pointer (test for excess errors)
FAIL: gcc.c-torture/compile/20010408-1.c -O3 -fomit-frame-pointer -funroll-loops (test for excess errors)
FAIL: gcc.c-torture/compile/20010408-1.c -O3 -fomit-frame-pointer -funroll-all-loops -finline-functions (test for excess errors)
FAIL: gcc.c-torture/compile/20010408-1.c -O3 -g (test for excess errors)
FAIL: gcc.c-torture/compile/20011119-2.c -O0 (test for excess errors)
FAIL: gcc.c-torture/compile/20011119-2.c -O1 (test for excess errors)
FAIL: gcc.c-torture/compile/921109-1.c -O0 (test for excess errors)
FAIL: gcc.c-torture/compile/930421-1.c -O0 (test for excess errors)
FAIL: gcc.c-torture/execute/20010118-1.c compilation, -O0
UNRESOLVED: gcc.c-torture/execute/20010118-1.c execution, -O0
UNRESOLVED: gcc.c-torture/execute/20020720-1.c execution, -O1
UNRESOLVED: gcc.c-torture/execute/20020720-1.c execution, -O2
UNRESOLVED: gcc.c-torture/execute/20020720-1.c execution, -O3 -fomit-frame-pointer
UNRESOLVED: gcc.c-torture/execute/20020720-1.c execution, -O3 -g
UNRESOLVED: gcc.c-torture/execute/20020720-1.c execution, -Os
FAIL: gcc.c-torture/execute/930106-1.c compilation, -O0
UNRESOLVED: gcc.c-torture/execute/930106-1.c execution, -O0
FAIL: gcc.c-torture/unsorted/BUG17.c, -O0
FAIL: gcc.dg/altivec-21.c (test for errors, line 13)
FAIL: gcc.dg/altivec-21.c (test for errors, line 14)
FAIL: gcc.dg/ppc64-abi-2.c (test for excess errors)
WARNING: gcc.dg/ppc64-abi-2.c compilation failed to produce executable
FAIL: gcc.dg/pr18501.c conditional in loop (test for warnings, line 12)
FAIL: gcc.dg/sequence-pt-1.c (test for excess errors)
XPASS: gcc.dg/uninit-4.c uninitialized variable warning PR19833 (test for bogus messages, line 26)
XPASS: gcc.dg/uninit-5.c uninitialized variable warning (test for bogus messages, line 12)
XPASS: gcc.dg/uninit-5.c uninitialized variable warning (test for bogus messages, line 26)
XPASS: gcc.dg/uninit-9.c uninitialized variable warning (test for bogus messages, line 26)
XPASS: gcc.dg/tree-ssa/sra-2.c scan-tree-dump-times link_error 0
FAIL: gcc.dg/vect/pr18536.c (test for excess errors)
FAIL: gcc.dg/vect/pr20122.c (test for excess errors)
FAIL: gcc.dg/vect/vect-26.c (test for excess errors)
FAIL: gcc.dg/vect/vect-28.c (test for excess errors)
FAIL: gcc.dg/vect/vect-30.c (test for excess errors)
FAIL: gcc.dg/vect/vect-30.c scan-tree-dump-times vectorized 1 loops 2
FAIL: gcc.dg/vect/vect-31.c (test for excess errors)
FAIL: gcc.dg/vect/vect-33.c (test for excess errors)
FAIL: gcc.dg/vect/vect-44.c (test for excess errors)
FAIL: gcc.dg/vect/vect-46.c (test for excess errors)
FAIL: gcc.dg/vect/vect-50.c (test for excess errors)
FAIL: gcc.dg/vect/vect-52.c (test for excess errors)
FAIL: gcc.dg/vect/vect-54.c (test for excess errors)
FAIL: gcc.dg/vect/vect-58.c (test for excess errors)
FAIL: gcc.dg/vect/vect-60.c (test for excess errors)
FAIL: gcc.dg/vect/vect-64.c (test for excess errors)
FAIL: gcc.dg/vect/vect-66.c (test for excess errors)
XPASS: gcc.dg/vect/vect-67.c scan-tree-dump-times vectorized 1 loops 1
FAIL: gcc.dg/vect/vect-68.c (test for excess errors)
FAIL: gcc.dg/vect/vect-69.c (test for excess errors)
FAIL: gcc.dg/vect/vect-70.c (test for excess errors)
FAIL: gcc.dg/vect/vect-8.c (test for excess errors)
FAIL: gcc.dg/vect/vect-80.c (test for excess errors)
FAIL: gcc.dg/vect/vect-85.c (test for excess errors)
FAIL: gcc.dg/vect/vect-86.c (test for excess errors)
FAIL: gcc.dg/vect/vect-87.c (test for excess errors)
FAIL: gcc.dg/vect/vect-88.c (test for excess errors)
FAIL: gcc.dg/vect/vect-89.c (test for excess errors)
FAIL: gcc.dg/vect/vect-92.c (test for excess errors)
FAIL: gcc.dg/vect/vect-92.c scan-tree-dump-times vectorized 1 loops 3
FAIL: gcc.dg/vect/vect-92.c scan-tree-dump-times Alignment of access forced using peeling 3
FAIL: gcc.dg/vect/vect-93.c (test for excess errors)
FAIL: gcc.dg/vect/vect-93.c scan-tree-dump-times Alignment of access forced using peeling 3
FAIL: gcc.dg/vect/vect-93.c scan-tree-dump-times vectorized 1 loops 1
FAIL: gcc.dg/vect/vect-93.c scan-tree-dump-times Vectorizing an unaligned access 1
FAIL: gcc.dg/vect/vect-96.c (test for excess errors)
FAIL: gcc.dg/vect/vect-96.c scan-tree-dump-times vectorized 1 loops 1
FAIL: gcc.dg/vmx/varargs-1.c -O3 -fomit-frame-pointer (test for excess errors)
FAIL: gcc.dg/vmx/varargs-1.c -O3 -fomit-frame-pointer -funroll-loops (test for excess errors)
FAIL: gcc.dg/vmx/varargs-1.c -O3 -fomit-frame-pointer -funroll-all-loops -finline-functions (test for excess errors)
FAIL: gcc.dg/vmx/varargs-1.c -O3 -g (test for excess errors)
=== gcc Summary for unix/-m64 ===
# of expected passes 34997
# of unexpected failures 59
# of unexpected successes 6
# of expected failures 107
# of unresolved testcases 7
# of untested testcases 28
# of unsupported tests 443
=== gcc Summary ===
# of expected passes 69998
# of unexpected failures 111
# of unexpected successes 11
# of expected failures 208
# of unresolved testcases 12
# of untested testcases 56
# of unsupported tests 889
/home/gccbuild/build/nightly/build-gcc-treecleanup/gcc/xgcc version 4.1.0-tcb 20050401 (experimental) (merged 20050330)
=== gfortran tests ===
Running target unix/-m32
FAIL: gfortran.dg/int_1.f90 -O0 (test for excess errors)
WARNING: gfortran.dg/int_1.f90 -O0 compilation failed to produce executable
XPASS: gfortran.dg/ret_pointer_1.f90 -O0 execution test
XPASS: gfortran.dg/ret_pointer_1.f90 -O1 execution test
ERROR: gfortran.dg/vect/vect-1.f90 -O : error executing dg-final: no files matched glob pattern "vect-1.f90 -O .t??.vect"
UNRESOLVED: gfortran.dg/vect/vect-1.f90 -O : error executing dg-final: no files matched glob pattern "vect-1.f90 -O .t??.vect"
FAIL: gfortran.dg/vect/vect-2.f90 -O (test for excess errors)
ERROR: gfortran.dg/vect/vect-2.f90 -O : error executing dg-final: no files matched glob pattern "vect-2.f90 -O .t??.vect"
UNRESOLVED: gfortran.dg/vect/vect-2.f90 -O : error executing dg-final: no files matched glob pattern "vect-2.f90 -O .t??.vect"
FAIL: gfortran.dg/vect/vect-3.f90 -O (test for excess errors)
ERROR: gfortran.dg/vect/vect-3.f90 -O : error executing dg-final: no files matched glob pattern "vect-3.f90 -O .t??.vect"
UNRESOLVED: gfortran.dg/vect/vect-3.f90 -O : error executing dg-final: no files matched glob pattern "vect-3.f90 -O .t??.vect"
ERROR: gfortran.dg/vect/vect-4.f90 -O : error executing dg-final: no files matched glob pattern "vect-4.f90 -O .t??.vect"
UNRESOLVED: gfortran.dg/vect/vect-4.f90 -O : error executing dg-final: no files matched glob pattern "vect-4.f90 -O .t??.vect"
FAIL: gfortran.dg/vect/vect-5.f90 -O (test for excess errors)
ERROR: gfortran.dg/vect/vect-5.f90 -O : error executing dg-final: no files matched glob pattern "vect-5.f90 -O .t??.vect"
UNRESOLVED: gfortran.dg/vect/vect-5.f90 -O : error executing dg-final: no files matched glob pattern "vect-5.f90 -O .t??.vect"
FAIL: gfortran.fortran-torture/execute/forall_3.f90 execution, -O1
FAIL: gfortran.fortran-torture/execute/forall_3.f90 execution, -O2
FAIL: gfortran.fortran-torture/execute/forall_3.f90 execution, -O3 -fomit-frame-pointer
FAIL: gfortran.fortran-torture/execute/forall_3.f90 execution, -O3 -fomit-frame-pointer -funroll-loops
FAIL: gfortran.fortran-torture/execute/forall_3.f90 execution, -O3 -fomit-frame-pointer -funroll-all-loops -finline-functions
FAIL: gfortran.fortran-torture/execute/forall_3.f90 execution, -O3 -g
FAIL: gfortran.fortran-torture/execute/forall_3.f90 execution, -Os
FAIL: gfortran.fortran-torture/execute/intrinsic_si_kind.f90 compilation, -O0
FAIL: gfortran.fortran-torture/execute/iolength_1.f90 compilation, -O0
FAIL: gfortran.fortran-torture/execute/st_function_2.f90 compilation, -O0
=== gfortran Summary for unix/-m32 ===
# of expected passes 5609
# of unexpected failures 14
# of unexpected successes 2
# of expected failures 24
# of unresolved testcases 5
# of untested testcases 3
# of unsupported tests 16
Running target unix/-m64
FAIL: gfortran.dg/int_1.f90 -O0 (test for excess errors)
WARNING: gfortran.dg/int_1.f90 -O0 compilation failed to produce executable
XPASS: gfortran.dg/ret_pointer_1.f90 -O0 execution test
XPASS: gfortran.dg/ret_pointer_1.f90 -O1 execution test
XPASS: gfortran.dg/ret_pointer_1.f90 -O2 execution test
XPASS: gfortran.dg/ret_pointer_1.f90 -O3 -fomit-frame-pointer execution test
XPASS: gfortran.dg/ret_pointer_1.f90 -O3 -fomit-frame-pointer -funroll-loops execution test
XPASS: gfortran.dg/ret_pointer_1.f90 -O3 -fomit-frame-pointer -funroll-all-loops -finline-functions execution test
XPASS: gfortran.dg/ret_pointer_1.f90 -O3 -g execution test
XPASS: gfortran.dg/ret_pointer_1.f90 -Os execution test
FAIL: gfortran.dg/g77/cabs.f -O0 execution test
FAIL: gfortran.dg/g77/cabs.f -O1 execution test
FAIL: gfortran.dg/g77/cabs.f -O2 execution test
FAIL: gfortran.dg/g77/cabs.f -O3 -fomit-frame-pointer execution test
FAIL: gfortran.dg/g77/cabs.f -O3 -fomit-frame-pointer -funroll-loops execution test
FAIL: gfortran.dg/g77/cabs.f -O3 -fomit-frame-pointer -funroll-all-loops -finline-functions execution test
FAIL: gfortran.dg/g77/cabs.f -O3 -g execution test
FAIL: gfortran.dg/g77/cabs.f -Os execution test
ERROR: gfortran.dg/vect/vect-1.f90 -O : error executing dg-final: no files matched glob pattern "vect-1.f90 -O .t??.vect"
UNRESOLVED: gfortran.dg/vect/vect-1.f90 -O : error executing dg-final: no files matched glob pattern "vect-1.f90 -O .t??.vect"
FAIL: gfortran.dg/vect/vect-2.f90 -O (test for excess errors)
ERROR: gfortran.dg/vect/vect-2.f90 -O : error executing dg-final: no files matched glob pattern "vect-2.f90 -O .t??.vect"
UNRESOLVED: gfortran.dg/vect/vect-2.f90 -O : error executing dg-final: no files matched glob pattern "vect-2.f90 -O .t??.vect"
FAIL: gfortran.dg/vect/vect-3.f90 -O (test for excess errors)
ERROR: gfortran.dg/vect/vect-3.f90 -O : error executing dg-final: no files matched glob pattern "vect-3.f90 -O .t??.vect"
UNRESOLVED: gfortran.dg/vect/vect-3.f90 -O : error executing dg-final: no files matched glob pattern "vect-3.f90 -O .t??.vect"
ERROR: gfortran.dg/vect/vect-4.f90 -O : error executing dg-final: no files matched glob pattern "vect-4.f90 -O .t??.vect"
UNRESOLVED: gfortran.dg/vect/vect-4.f90 -O : error executing dg-final: no files matched glob pattern "vect-4.f90 -O .t??.vect"
ERROR: gfortran.dg/vect/vect-5.f90 -O : error executing dg-final: no files matched glob pattern "vect-5.f90 -O .t??.vect"
UNRESOLVED: gfortran.dg/vect/vect-5.f90 -O : error executing dg-final: no files matched glob pattern "vect-5.f90 -O .t??.vect"
FAIL: gfortran.fortran-torture/execute/forall_3.f90 execution, -O0
FAIL: gfortran.fortran-torture/execute/forall_3.f90 execution, -O1
FAIL: gfortran.fortran-torture/execute/forall_3.f90 execution, -O2
FAIL: gfortran.fortran-torture/execute/forall_3.f90 execution, -O3 -fomit-frame-pointer
FAIL: gfortran.fortran-torture/execute/forall_3.f90 execution, -O3 -fomit-frame-pointer -funroll-loops
FAIL: gfortran.fortran-torture/execute/forall_3.f90 execution, -O3 -fomit-frame-pointer -funroll-all-loops -finline-functions
FAIL: gfortran.fortran-torture/execute/forall_3.f90 execution, -O3 -g
FAIL: gfortran.fortran-torture/execute/forall_3.f90 execution, -Os
FAIL: gfortran.fortran-torture/execute/intrinsic_abs.f90 execution, -O0
FAIL: gfortran.fortran-torture/execute/intrinsic_abs.f90 execution, -O1
FAIL: gfortran.fortran-torture/execute/intrinsic_abs.f90 execution, -O2
FAIL: gfortran.fortran-torture/execute/intrinsic_abs.f90 execution, -O3 -fomit-frame-pointer
FAIL: gfortran.fortran-torture/execute/intrinsic_abs.f90 execution, -O3 -fomit-frame-pointer -funroll-loops
FAIL: gfortran.fortran-torture/execute/intrinsic_abs.f90 execution, -O3 -fomit-frame-pointer -funroll-all-loops -finline-functions
FAIL: gfortran.fortran-torture/execute/intrinsic_abs.f90 execution, -O3 -g
FAIL: gfortran.fortran-torture/execute/intrinsic_abs.f90 execution, -Os
FAIL: gfortran.fortran-torture/execute/intrinsic_si_kind.f90 compilation, -O0
FAIL: gfortran.fortran-torture/execute/iolength_1.f90 compilation, -O0
FAIL: gfortran.fortran-torture/execute/power.f90 execution, -O0
FAIL: gfortran.fortran-torture/execute/power.f90 execution, -O1
FAIL: gfortran.fortran-torture/execute/power.f90 execution, -O2
FAIL: gfortran.fortran-torture/execute/power.f90 execution, -O3 -fomit-frame-pointer
FAIL: gfortran.fortran-torture/execute/power.f90 execution, -O3 -fomit-frame-pointer -funroll-loops
FAIL: gfortran.fortran-torture/execute/power.f90 execution, -O3 -fomit-frame-pointer -funroll-all-loops -finline-functions
FAIL: gfortran.fortran-torture/execute/power.f90 execution, -O3 -g
FAIL: gfortran.fortran-torture/execute/power.f90 execution, -Os
FAIL: gfortran.fortran-torture/execute/st_function_2.f90 compilation, -O0
=== gfortran Summary for unix/-m64 ===
# of expected passes 5585
# of unexpected failures 38
# of unexpected successes 8
# of expected failures 18
# of unresolved testcases 5
# of untested testcases 3
# of unsupported tests 16
=== gfortran Summary ===
# of expected passes 11194
# of unexpected failures 52
# of unexpected successes 10
# of expected failures 42
# of unresolved testcases 10
# of untested testcases 6
# of unsupported tests 32
/home/gccbuild/build/nightly/build-gcc-treecleanup/gcc/testsuite/../gfortran version 4.1.0-tcb 20050401 (experimental) (merged 20050330)
=== objc tests ===
Running target unix/-m32
=== objc Summary for unix/-m32 ===
# of expected passes 1534
# of unsupported tests 10
Running target unix/-m64
=== objc Summary for unix/-m64 ===
# of expected passes 1534
# of unsupported tests 10
=== objc Summary ===
# of expected passes 3068
# of unsupported tests 20
/home/gccbuild/build/nightly/build-gcc-treecleanup/gcc/xgcc version 4.1.0-tcb 20050401 (experimental) (merged 20050330)
=== libffi tests ===
Running target unix/-m32
FAIL: libffi.call/float.c (test for excess errors)
WARNING: libffi.call/float.c compilation failed to produce executable
=== libffi Summary for unix/-m32 ===
# of expected passes 217
# of unexpected failures 1
# of unsupported tests 2
Running target unix/-m64
FAIL: libffi.call/float.c (test for excess errors)
WARNING: libffi.call/float.c compilation failed to produce executable
FAIL: libffi.call/float3.c execution test
=== libffi Summary for unix/-m64 ===
# of expected passes 216
# of unexpected failures 2
# of unsupported tests 2
=== libffi Summary ===
# of expected passes 433
# of unexpected failures 3
# of unsupported tests 4
=== libjava tests ===
Running target unix/-m32
=== libjava Summary for unix/-m32 ===
# of expected passes 3788
# of expected failures 10
# of untested testcases 8
Running target unix/-m64
FAIL: PR16923.c compilation
FAIL: Array_3 -O3 execution - bytecode->native test
FAIL: Class_1 execution - gij test
FAIL: Class_1 execution - gij test
WARNING: program timed out.
FAIL: FileHandleGcTest execution - gij test
WARNING: program timed out.
FAIL: FileHandleGcTest execution - gij test
FAIL: InvokeInterface execution - gij test
FAIL: InvokeInterface execution - gij test
FAIL: PR12350 execution - gij test
FAIL: PR12350 execution - gij test
FAIL: PR12416 execution - gij test
FAIL: PR12416 execution - gij test
WARNING: program timed out.
FAIL: PR18699 execution - gij test
WARNING: program timed out.
FAIL: PR18699 execution - gij test
FAIL: PR260 execution - gij test
FAIL: PR260 execution - gij test
WARNING: program timed out.
FAIL: Process_3 execution - gij test
FAIL: SyncTest execution - gij test
FAIL: SyncTest execution - gij test
FAIL: invokethrow execution - gij test
FAIL: invokethrow execution - gij test
FAIL: pr179 execution - gij test
FAIL: pr179 execution - gij test
FAIL: pr8415 execution - gij test
FAIL: pr8415 execution - gij test
FAIL: stringconst2 output - gij test
FAIL: stringconst2 output - gij test
=== libjava Summary for unix/-m64 ===
# of expected passes 3736
# of unexpected failures 27
# of expected failures 10
# of untested testcases 32
=== libjava Summary ===
# of expected passes 7524
# of unexpected failures 27
# of expected failures 20
# of untested testcases 40
=== libmudflap tests ===
Running target unix/-m32
=== libmudflap Summary for unix/-m32 ===
# of expected passes 1308
Running target unix/-m64
FAIL: libmudflap.c/fail27-frag.c output pattern test
FAIL: libmudflap.c/fail27-frag.c (-O2) output pattern test
FAIL: libmudflap.c/fail27-frag.c (-O3) output pattern test
=== libmudflap Summary for unix/-m64 ===
# of expected passes 1305
# of unexpected failures 3
=== libmudflap Summary ===
# of expected passes 2613
# of unexpected failures 3
=== libstdc++ tests ===
Running target unix/-m32
XPASS: 26_numerics/cmath/c99_classification_macros_c.cc (test for excess errors)
XPASS: ext/array_allocator/2.cc execution test
=== libstdc++ Summary for unix/-m32 ===
# of expected passes 3619
# of unexpected successes 2
# of expected failures 8
Running target unix/-m64
FAIL: 22_locale/messages/members/char/1.cc execution test
FAIL: 22_locale/messages/members/char/2.cc execution test
FAIL: 22_locale/messages/members/char/wrapped_env.cc execution test
FAIL: 22_locale/messages/members/char/wrapped_locale.cc execution test
FAIL: 22_locale/messages_byname/named_equivalence.cc execution test
XPASS: 26_numerics/cmath/c99_classification_macros_c.cc (test for excess errors)
XPASS: 27_io/fpos/14320-1.cc execution test
XPASS: ext/array_allocator/2.cc execution test
=== libstdc++ Summary for unix/-m64 ===
# of expected passes 3611
# of unexpected failures 5
# of unexpected successes 3
# of expected failures 10
=== libstdc++ Summary ===
# of expected passes 7230
# of unexpected failures 5
# of unexpected successes 5
# of expected failures 18
Compiler version: 4.1.0-tcb 20050401 (experimental) (merged 20050330)
Platform: powerpc64-unknown-linux-gnu
configure flags: --prefix=/opt/gcc-nightly/treecleanup-20050415 --build=powerpc64-linux --host=powerpc64-linux --target=powerpc64-linux --with-cpu=default32 --with-as=/opt/gcc-nightly/binutils-2.15.94.0.2.2/bin/as --with-ld=/opt/gcc-nightly/binutils-2.15.94.0.2.2/bin/ld --enable-threads=posix --enable-shared --enable-__cxa_atexit --with-mpfr=/opt/gcc-nightly/gmp --enable-languages=c,c++,f95,java,objc