This is the mail archive of the
gcc-testresults@gcc.gnu.org
mailing list for the GCC project.
Results for 4.0.0 20050410 (prerelease) testsuite on powerpc-unknown-linux-gnu
- From: Mark Wielaard <mark at wildebeest dot org>
- To: gcc-testresults at gcc dot gnu dot org, mark at wildebeest dot org
- Date: Wed, 13 Apr 2005 09:17:26 +0200
- Subject: Results for 4.0.0 20050410 (prerelease) testsuite on powerpc-unknown-linux-gnu
Debian GNU/Linux 3.1
Linux 2.4.18-newpmac
binutils Version: 2.15-5
glibc Version: 2.3.2.ds1-20
Test results for libjava include the results of the Mauve testsuite
(see http://sources.redhat.com/mauve/)
LAST_UPDATED: Obtained from CVS: -rgcc-4_0-branch
Native configuration is powerpc-unknown-linux-gnu
=== g++ tests ===
Running target unix
FAIL: g++.old-deja/g++.other/init5.C execution test
=== g++ Summary ===
# of expected passes 10927
# of unexpected failures 1
# of expected failures 69
# of unsupported tests 76
/home/mark/src/gcc40/obj/gcc/testsuite/../g++ version 4.0.0 20050410 (prerelease)
=== gcc tests ===
Running target unix
WARNING: program timed out.
FAIL: gcc.c-torture/compile/20001226-1.c -O3 -g (test for excess errors)
FAIL: gcc.dg/20020103-1.c scan-assembler-not LC
=== gcc Summary ===
# of expected passes 34231
# of unexpected failures 2
# of expected failures 101
# of untested testcases 28
# of unsupported tests 420
/home/mark/src/gcc40/obj/gcc/xgcc version 4.0.0 20050410 (prerelease)
=== libffi tests ===
Running target unix
=== libffi Summary ===
# of expected passes 219
# of unsupported tests 2
=== libjava tests ===
Running target unix
FAIL: Array_3 -O3 execution - bytecode->native test
FAIL: Mauve configure
=== libjava Summary ===
# of expected passes 3070
# of unexpected failures 2
# of expected failures 14
# of untested testcases 19
=== libstdc++-v3 check-abi Summary ===
# of added symbols: 59
# of missing symbols: 0
# of incompatible symbols: 0
using: /home/mark/src/gcc40/gcc/libstdc++-v3/config/abi/powerpc-linux-gnu/baseline_symbols.txt
=== libstdc++ tests ===
Running target unix
XPASS: 22_locale/locale/cons/12658_thread-1.cc execution test
XPASS: 26_numerics/cmath/c99_classification_macros_c.cc (test for excess errors)
=== libstdc++ Summary ===
# of expected passes 3619
# of unexpected successes 2
# of expected failures 13
Compiler version: 4.0.0 20050410 (prerelease)
Platform: powerpc-unknown-linux-gnu
configure flags: --disable-multilib --disable-checking --disable-libmudflap --with-system-zlib --enable-java-awt=gtk,xlib --prefix=/usr/local/gcc40 --enable-languages=c,c++,java
time make
real 25457.15
user 18080.18
sys 4789.60
time check
Command exited with non-zero status 2
real 27632.97
user 20520.43
sys 6491.47