This is the mail archive of the
gcc-testresults@gcc.gnu.org
mailing list for the GCC project.
Results for 3.3.6 20050411 (prerelease) testsuite on alphaev67-unknown-linux-gnu
- From: Richard Henderson <rth at twiddle dot net>
- To: gcc-testresults at gcc dot gnu dot org
- Date: Mon, 11 Apr 2005 16:26:04 -0700
- Subject: Results for 3.3.6 20050411 (prerelease) testsuite on alphaev67-unknown-linux-gnu
LAST_UPDATED: Mon Apr 11 17:30:13 UTC 2005
Native configuration is alphaev67-unknown-linux-gnu
=== libjava tests ===
Running target unix
WARNING: program timed out.
FAIL: SyncTest execution - gij test
WARNING: program timed out.
FAIL: SyncTest execution - gij test
FAIL: initexc execution - gij test
FAIL: initexc execution - gij test
=== libjava Summary ===
# of expected passes 2983
# of unexpected failures 4
# of expected failures 16
# of untested testcases 16
=== libstdc++-v3 check-abi Summary ===
# of added symbols: 137
# of missing symbols: 46
# of incompatible symbols: 92
using: /home/rth/work/gcc/src-3.3/libstdc++-v3/config/abi/alpha-linux-gnu/baseline_symbols.txt
=== libstdc++-v3 tests ===
Running target unix
FAIL: 22_locale/ctype_scan_wchar_t.cc execution test
FAIL: 26_numerics/fabs_inline.cc (test for excess errors)
WARNING: 26_numerics/fabs_inline.cc compilation failed to produce executable
=== libstdc++-v3 Summary ===
# of expected passes 450
# of unexpected failures 2
# of expected failures 28
=== g++ tests ===
Running target unix
=== g++ Summary ===
# of expected passes 8215
# of expected failures 98
# of untested testcases 22
# of unsupported tests 29
/home/rth/work/gcc/bld-33/gcc/testsuite/../g++ version 3.3.6 20050411 (prerelease)
=== g77 tests ===
Running target unix
=== g77 Summary ===
# of expected passes 1720
# of unsupported tests 8
/home/rth/work/gcc/bld-33/gcc/testsuite/../g77 version 3.3.6 20050411 (prerelease)
=== gcc tests ===
Running target unix
FAIL: gcc.c-torture/execute/20020227-1.c compilation, -O2
UNRESOLVED: gcc.c-torture/execute/20020227-1.c execution, -O2
FAIL: gcc.c-torture/execute/20020227-1.c compilation, -O3 -fomit-frame-pointer
UNRESOLVED: gcc.c-torture/execute/20020227-1.c execution, -O3 -fomit-frame-pointer
FAIL: gcc.c-torture/execute/20020227-1.c compilation, -O3 -g
UNRESOLVED: gcc.c-torture/execute/20020227-1.c execution, -O3 -g
FAIL: gcc.c-torture/execute/20020227-1.c compilation, -Os
UNRESOLVED: gcc.c-torture/execute/20020227-1.c execution, -Os
FAIL: gcc.dg/duff-2.c (test for excess errors)
FAIL: gcc.dg/special/gcsec-1.c -ffunction-sections -fdata-sections -Wl,--gc-sections -static (test for excess errors)
=== gcc Summary ===
# of expected passes 21223
# of unexpected failures 6
# of expected failures 74
# of unresolved testcases 4
# of unsupported tests 188
/home/rth/work/gcc/bld-33/gcc/xgcc version 3.3.6 20050411 (prerelease)
Compiler version: 3.3.6 20050411 (prerelease)
Platform: alphaev67-unknown-linux-gnu
configure flags: --host=alphaev67-unknown-linux-gnu --prefix=/home/rth/work/gcc/run-33 --enable-languages=c,c++,java,f77