This is the mail archive of the
gcc-testresults@gcc.gnu.org
mailing list for the GCC project.
Results for 4.0.0 20050411 (prerelease) testsuite on hppa-unknown-linux-gnu
- From: dave at hiauly6 dot hia dot nrc dot ca (John David Anglin)
- To: dave at hiauly6 dot hia dot nrc dot ca, gcc-testresults at gcc dot gnu dot org
- Date: Mon, 11 Apr 2005 16:48:45 -0400 (EDT)
- Subject: Results for 4.0.0 20050411 (prerelease) testsuite on hppa-unknown-linux-gnu
LAST_UPDATED: Mon Apr 11 02:56:25 UTC 2005
=== acats tests ===
FAIL: c940013
FAIL: cb41002
FAIL: cxg1005
=== acats Summary ===
# of expected passes 2317
# of unexpected failures 3
Native configuration is hppa-unknown-linux-gnu
=== g++ tests ===
Running target unix
XPASS: g++.old-deja/g++.other/init5.C execution test
=== g++ Summary ===
# of expected passes 10806
# of unexpected successes 1
# of expected failures 69
# of unsupported tests 92
/home/dave/gnu/gcc-4.0/objdir/gcc/testsuite/../g++ version 4.0.0 20050411 (prerelease)
=== gcc tests ===
Running target unix
XPASS: gcc.dg/const-elim-1.c scan-assembler-not L\\\\\$?C[^A-Z]
XPASS: gcc.dg/tree-ssa/loop-1.c scan-assembler-times foo 5
=== gcc Summary ===
# of expected passes 32970
# of unexpected successes 2
# of expected failures 75
# of untested testcases 28
# of unsupported tests 484
/home/dave/gnu/gcc-4.0/objdir/gcc/xgcc version 4.0.0 20050411 (prerelease)
=== gfortran tests ===
Running target unix
XPASS: gfortran.dg/ret_pointer_1.f90 -O0 execution test
XPASS: gfortran.dg/ret_pointer_1.f90 -O1 execution test
XPASS: gfortran.dg/ret_pointer_1.f90 -O2 execution test
XPASS: gfortran.dg/ret_pointer_1.f90 -O3 -fomit-frame-pointer execution test
XPASS: gfortran.dg/ret_pointer_1.f90 -O3 -fomit-frame-pointer -funroll-loops execution test
XPASS: gfortran.dg/ret_pointer_1.f90 -O3 -fomit-frame-pointer -funroll-all-loops -finline-functions execution test
XPASS: gfortran.dg/ret_pointer_1.f90 -O3 -g execution test
XPASS: gfortran.dg/ret_pointer_1.f90 -Os execution test
FAIL: gfortran.fortran-torture/execute/forall_3.f90 execution, -O1
FAIL: gfortran.fortran-torture/execute/forall_3.f90 execution, -Os
=== gfortran Summary ===
# of expected passes 5768
# of unexpected failures 2
# of unexpected successes 8
# of expected failures 18
# of unsupported tests 16
/home/dave/gnu/gcc-4.0/objdir/gcc/testsuite/../gfortran version 4.0.0 20050411 (prerelease)
=== objc tests ===
Running target unix
=== objc Summary ===
# of expected passes 1534
# of unsupported tests 10
/home/dave/gnu/gcc-4.0/objdir/gcc/xgcc version 4.0.0 20050411 (prerelease)
=== libffi tests ===
Running target unix
FAIL: libffi.call/cls_5byte.c output pattern test, is 127 120 1 12 128 9: 139 248 10
FAIL: libffi.call/cls_6byte.c output pattern test, is 127 120 1 128 12 128 9 127: 139 248 10 255
FAIL: libffi.call/cls_align_sint16.c output pattern test, is 12 4951 127 1 9320 13: 13 14271 140
FAIL: libffi.call/cls_align_uint16.c output pattern test, is 12 4951 127 1 9320 13: 13 14271 140
=== libffi Summary ===
# of expected passes 215
# of unexpected failures 4
# of unsupported tests 2
=== libjava tests ===
Running target unix
FAIL: /home/dave/gnu/gcc-4.0/gcc/libjava/testsuite/libjava.jar/simple.jar execution - gij test
FAIL: PR15133 execution - gij test
FAIL: PR18116 execution - gij test
FAIL: bytebuffer execution - gij test
FAIL: calls execution - gij test
FAIL: cxxtest execution - gij test
FAIL: directbuffer execution - gij test
FAIL: field execution - gij test
FAIL: final_method execution - gij test
FAIL: findclass execution - gij test
FAIL: iface execution - gij test
FAIL: invoke execution - gij test
FAIL: jniutf execution - gij test
FAIL: martin execution - gij test
FAIL: noclass execution - gij test
FAIL: overload execution - gij test
FAIL: pr11951 execution - gij test
FAIL: register execution - gij test
FAIL: simple_int execution - gij test
FAIL: throwit execution - gij test
FAIL: virtual execution - gij test
FAIL: ArrayStore execution - gij test
FAIL: ArrayStore execution - gij test
FAIL: ArrayStore2 execution - gij test
FAIL: ArrayStore2 execution - gij test
FAIL: Array_1 execution - gij test
FAIL: Array_1 execution - gij test
FAIL: Array_2 execution - gij test
FAIL: Array_2 execution - gij test
FAIL: Array_3 execution - gij test
FAIL: Array_3 execution - gij test
FAIL: Array_3 -O3 execution - bytecode->native test
FAIL: Class_1 execution - gij test
FAIL: Class_1 execution - gij test
FAIL: CompareNaN execution - gij test
FAIL: CompareNaN execution - gij test
FAIL: Divide_1 execution - gij test
FAIL: Divide_1 execution - gij test
FAIL: EvaluationOrder execution - gij test
FAIL: EvaluationOrder execution - gij test
FAIL: FileHandleGcTest execution - gij test
FAIL: FileHandleGcTest execution - gij test
FAIL: Final execution - gij test
FAIL: Final execution - gij test
FAIL: Float_1 execution - gij test
FAIL: Float_1 execution - gij test
FAIL: G19990301_01 execution - gij test
FAIL: G19990301_01 execution - gij test
FAIL: G19990302_02 execution - gij test
FAIL: G19990302_02 execution - gij test
FAIL: G19990303_01 execution - gij test
FAIL: G19990303_01 execution - gij test
FAIL: G19990303_02 execution - gij test
FAIL: G19990303_02 execution - gij test
FAIL: G19990304_01 execution - gij test
FAIL: G19990304_01 execution - gij test
FAIL: G19990310_01 execution - gij test
FAIL: G19990310_01 execution - gij test
FAIL: II execution - gij test
FAIL: II execution - gij test
FAIL: InterfaceDispatch execution - gij test
FAIL: InterfaceDispatch execution - gij test
FAIL: InvokeInterface execution - gij test
FAIL: InvokeInterface execution - gij test
FAIL: InvokeReturn execution - gij test
FAIL: InvokeReturn execution - gij test
FAIL: Invoke_1 execution - gij test
FAIL: Invoke_1 execution - gij test
FAIL: Invoke_2 execution - gij test
FAIL: Invoke_2 execution - gij test
FAIL: KeepInline execution - gij test
FAIL: KeepInline execution - gij test
FAIL: LargeFile execution - gij test
FAIL: LargeFile execution - gij test
FAIL: MathBuiltin execution - gij test
FAIL: MathBuiltin execution - gij test
FAIL: Matrix4f execution - gij test
FAIL: Matrix4f execution - gij test
FAIL: N19990310_02 execution - gij test
FAIL: N19990310_02 execution - gij test
FAIL: N19990310_3 execution - gij test
FAIL: N19990310_3 execution - gij test
FAIL: N19990310_4 execution - gij test
FAIL: N19990310_4 execution - gij test
FAIL: N19990310_5 execution - gij test
FAIL: N19990310_5 execution - gij test
FAIL: Overflow execution - gij test
FAIL: Overflow execution - gij test
FAIL: PR12350 execution - gij test
FAIL: PR12350 execution - gij test
FAIL: PR12416 execution - gij test
FAIL: PR12416 execution - gij test
FAIL: PR12656 execution - gij test
FAIL: PR12656 execution - gij test
FAIL: PR12915 execution - gij test
FAIL: PR12915 execution - gij test
FAIL: PR141 execution - gij test
FAIL: PR141 execution - gij test
FAIL: PR160 execution - gij test
FAIL: PR160 execution - gij test
FAIL: PR162 execution - gij test
FAIL: PR162 execution - gij test
FAIL: PR16867 execution - gij test
FAIL: PR16867 execution - gij test
FAIL: PR18699 execution - gij test
FAIL: PR18699 execution - gij test
FAIL: PR19921 execution - gij test
FAIL: PR19921 execution - gij test
FAIL: PR20056 execution - gij test
FAIL: PR20056 execution - gij test
WARNING: program timed out.
FAIL: PR218 execution - source compiled test
FAIL: PR218 execution - gij test
WARNING: program timed out.
FAIL: PR218 execution - bytecode->native test
WARNING: program timed out.
FAIL: PR218 -O3 execution - source compiled test
FAIL: PR218 execution - gij test
WARNING: program timed out.
FAIL: PR218 -O3 execution - bytecode->native test
FAIL: PR242 execution - gij test
FAIL: PR242 execution - gij test
FAIL: PR260 execution - gij test
FAIL: PR260 execution - gij test
FAIL: PR3096 execution - gij test
FAIL: PR3096 execution - gij test
FAIL: PR3731 execution - gij test
FAIL: PR3731 execution - gij test
FAIL: PR5057 execution - gij test
FAIL: PR5057 execution - gij test
FAIL: PR5057_2 execution - gij test
FAIL: PR5057_2 execution - gij test
FAIL: PR55 execution - gij test
FAIL: PR55 execution - gij test
FAIL: PR56 execution - gij test
FAIL: PR56 execution - gij test
FAIL: PR6085 execution - gij test
FAIL: PR6085 execution - gij test
FAIL: PR6204 execution - gij test
FAIL: PR6204 execution - gij test
FAIL: PR6729 execution - gij test
FAIL: PR6729 execution - gij test
FAIL: PR6820 execution - gij test
FAIL: PR6820 execution - gij test
FAIL: PR7482 execution - gij test
FAIL: PR7482 execution - gij test
FAIL: Process_1 execution - gij test
FAIL: Process_1 execution - gij test
FAIL: Process_2 execution - gij test
FAIL: Process_2 execution - gij test
FAIL: Process_3 execution - gij test
FAIL: Process_3 execution - gij test
FAIL: Process_4 execution - gij test
FAIL: Process_4 execution - gij test
FAIL: Process_5 execution - gij test
FAIL: Process_5 execution - gij test
FAIL: Process_6 execution - gij test
FAIL: Process_6 execution - gij test
FAIL: Serialization execution - gij test
FAIL: Serialization execution - gij test
FAIL: Shazam execution - gij test
FAIL: Shazam execution - gij test
FAIL: StaticConstructor execution - gij test
FAIL: StaticConstructor execution - gij test
FAIL: StringBuffer_1 execution - gij test
FAIL: StringBuffer_1 execution - gij test
FAIL: StringBuffer_overflow execution - gij test
FAIL: StringBuffer_overflow execution - gij test
FAIL: String_overflow execution - gij test
FAIL: String_overflow execution - gij test
FAIL: SyncGlobal execution - gij test
FAIL: SyncGlobal execution - gij test
FAIL: SyncTest execution - gij test
FAIL: SyncTest execution - gij test
FAIL: Synch execution - gij test
FAIL: Synch execution - gij test
FAIL: TLtest execution - gij test
FAIL: TLtest execution - gij test
FAIL: TestProxy execution - gij test
FAIL: TestProxy execution - gij test
FAIL: Thread_Alive execution - gij test
FAIL: Thread_Alive execution - gij test
FAIL: Thread_HoldsLock execution - gij test
FAIL: Thread_HoldsLock execution - gij test
FAIL: Thread_Interrupt execution - gij test
FAIL: Thread_Interrupt execution - gij test
FAIL: Thread_Join execution - gij test
FAIL: Thread_Join execution - gij test
FAIL: Thread_Monitor execution - gij test
FAIL: Thread_Monitor execution - gij test
FAIL: Thread_Sleep execution - gij test
FAIL: Thread_Sleep execution - gij test
FAIL: Thread_Wait execution - gij test
FAIL: Thread_Wait execution - gij test
FAIL: Thread_Wait_2 execution - gij test
FAIL: Thread_Wait_2 execution - gij test
FAIL: Thread_Wait_Interrupt execution - gij test
FAIL: Thread_Wait_Interrupt execution - gij test
FAIL: Throw_1 execution - gij test
FAIL: Throw_1 execution - gij test
FAIL: Throw_2 execution - gij test
FAIL: Throw_2 execution - gij test
FAIL: anfi execution - gij test
FAIL: anfi execution - gij test
FAIL: anon execution - gij test
FAIL: anon execution - gij test
FAIL: anon2 execution - gij test
FAIL: anon2 execution - gij test
FAIL: anon3 execution - gij test
FAIL: anon3 execution - gij test
FAIL: anon4 execution - gij test
FAIL: anon4 execution - gij test
FAIL: anon_ctor_itf_arg execution - gij test
FAIL: anon_ctor_itf_arg execution - gij test
FAIL: anonarray execution - gij test
FAIL: anonarray execution - gij test
FAIL: anonarray2 execution - gij test
FAIL: anonarray2 execution - gij test
FAIL: anonarray3 execution - gij test
FAIL: anonarray3 execution - gij test
FAIL: assign execution - gij test
FAIL: assign execution - gij test
FAIL: assign2 execution - gij test
FAIL: assign2 execution - gij test
FAIL: bytearray execution - gij test
FAIL: bytearray execution - gij test
FAIL: direct_read execution - gij test
FAIL: direct_read execution - gij test
FAIL: direct_write execution - gij test
FAIL: direct_write execution - gij test
FAIL: emptystring execution - gij test
FAIL: emptystring execution - gij test
FAIL: err1 execution - gij test
FAIL: err1 execution - gij test
FAIL: err10 execution - gij test
FAIL: err10 execution - gij test
FAIL: err11 execution - gij test
FAIL: err11 execution - gij test
FAIL: err12 execution - gij test
FAIL: err12 execution - gij test
FAIL: err13 execution - gij test
FAIL: err13 execution - gij test
FAIL: err14 execution - gij test
FAIL: err14 execution - gij test
FAIL: err2 execution - gij test
FAIL: err2 execution - gij test
FAIL: err3 execution - gij test
FAIL: err3 execution - gij test
FAIL: err4 execution - gij test
FAIL: err4 execution - gij test
FAIL: err5 execution - gij test
FAIL: err5 execution - gij test
FAIL: err6 execution - gij test
FAIL: err6 execution - gij test
FAIL: err7 execution - gij test
FAIL: err7 execution - gij test
FAIL: err8 execution - gij test
FAIL: err8 execution - gij test
FAIL: err9 execution - gij test
FAIL: err9 execution - gij test
FAIL: final_inner execution - gij test
FAIL: final_inner execution - gij test
FAIL: final_int execution - gij test
FAIL: final_int execution - gij test
FAIL: final_static_and_friend execution - gij test
FAIL: final_static_and_friend execution - gij test
FAIL: indirect execution - gij test
FAIL: indirect execution - gij test
FAIL: indirect_read execution - gij test
FAIL: indirect_read execution - gij test
FAIL: indirect_write execution - gij test
FAIL: indirect_write execution - gij test
FAIL: initexc execution - gij test
FAIL: initexc execution - gij test
FAIL: initfield execution - gij test
FAIL: initfield execution - gij test
FAIL: inline execution - gij test
FAIL: inline execution - gij test
FAIL: inner1 execution - gij test
FAIL: inner1 execution - gij test
FAIL: inner2 execution - gij test
FAIL: inner2 execution - gij test
FAIL: inner3 execution - gij test
FAIL: inner3 execution - gij test
FAIL: inner4 execution - gij test
FAIL: inner4 execution - gij test
FAIL: inner_array execution - gij test
FAIL: inner_array execution - gij test
FAIL: inner_interface execution - gij test
FAIL: inner_interface execution - gij test
FAIL: instance execution - gij test
FAIL: instance execution - gij test
FAIL: instinit execution - gij test
FAIL: instinit execution - gij test
FAIL: instinit2 execution - gij test
FAIL: instinit2 execution - gij test
FAIL: invoke_from_inner execution - gij test
FAIL: invoke_from_inner execution - gij test
FAIL: invokethrow execution - gij test
FAIL: invokethrow execution - gij test
FAIL: klass execution - gij test
FAIL: klass execution - gij test
FAIL: md5test execution - gij test
FAIL: md5test execution - gij test
FAIL: multiple_finit execution - gij test
FAIL: multiple_finit execution - gij test
FAIL: negzero execution - gij test
FAIL: negzero execution - gij test
FAIL: nested_with_ctor execution - gij test
FAIL: nested_with_ctor execution - gij test
FAIL: newarray_overflow execution - gij test
FAIL: newarray_overflow execution - gij test
FAIL: override execution - gij test
FAIL: override execution - gij test
FAIL: pr109 execution - gij test
FAIL: pr109 execution - gij test
FAIL: pr13107 execution - gij test
FAIL: pr13107 execution - gij test
FAIL: pr13107_2 execution - gij test
FAIL: pr13107_2 execution - gij test
FAIL: pr13107_3 execution - gij test
FAIL: pr13107_3 execution - gij test
FAIL: pr133 execution - gij test
FAIL: pr133 execution - gij test
FAIL: pr16789 execution - gij test
FAIL: pr16789 execution - gij test
FAIL: pr179 execution - gij test
FAIL: pr179 execution - gij test
FAIL: pr184 execution - gij test
FAIL: pr184 execution - gij test
FAIL: pr6388 execution - gij test
FAIL: pr6388 execution - gij test
FAIL: pr83 execution - gij test
FAIL: pr83 execution - gij test
FAIL: pr8415 execution - gij test
FAIL: pr8415 execution - gij test
FAIL: pr8676 execution - gij test
FAIL: pr8676 execution - gij test
FAIL: pr8823 execution - gij test
FAIL: pr8823 execution - gij test
FAIL: pr8945 execution - gij test
FAIL: pr8945 execution - gij test
FAIL: private_direct_read execution - gij test
FAIL: private_direct_read execution - gij test
FAIL: search_outer execution - gij test
FAIL: search_outer execution - gij test
FAIL: shatest execution - gij test
FAIL: shatest execution - gij test
FAIL: stringconst execution - gij test
FAIL: stringconst execution - gij test
FAIL: stringconst2 execution - gij test
FAIL: stringconst2 execution - gij test
FAIL: stub execution - gij test
FAIL: stub execution - gij test
FAIL: test_long execution - gij test
FAIL: test_long execution - gij test
FAIL: tmi execution - gij test
FAIL: tmi execution - gij test
FAIL: tp execution - gij test
FAIL: tp execution - gij test
FAIL: update_outer execution - gij test
FAIL: update_outer execution - gij test
FAIL: utf8concat execution - gij test
FAIL: utf8concat execution - gij test
FAIL: utilTest execution - gij test
FAIL: utilTest execution - gij test
FAIL: verify execution - gij test
FAIL: verify execution - gij test
=== libjava Summary ===
# of expected passes 3062
# of unexpected failures 364
# of expected failures 14
# of untested testcases 380
=== libmudflap tests ===
Running target unix
FAIL: libmudflap.c/pass49-frag.c execution test
FAIL: libmudflap.c/pass49-frag.c output pattern test
FAIL: libmudflap.c/pass49-frag.c (-static) execution test
FAIL: libmudflap.c/pass49-frag.c (-static) output pattern test
FAIL: libmudflap.c/pass49-frag.c (-O2) execution test
FAIL: libmudflap.c/pass49-frag.c (-O2) output pattern test
FAIL: libmudflap.c/pass49-frag.c (-O3) execution test
FAIL: libmudflap.c/pass49-frag.c (-O3) output pattern test
FAIL: libmudflap.cth/pass40-frag.c execution test
FAIL: libmudflap.cth/pass40-frag.c output pattern test
FAIL: libmudflap.cth/pass40-frag.c (-O2) execution test
FAIL: libmudflap.cth/pass40-frag.c (-O2) output pattern test
FAIL: libmudflap.cth/pass40-frag.c (-O3) execution test
FAIL: libmudflap.cth/pass40-frag.c (-O3) output pattern test
=== libmudflap Summary ===
# of expected passes 1274
# of unexpected failures 14
=== libstdc++-v3 check-abi Summary ===
# of added symbols: 59
# of missing symbols: 0
# of incompatible symbols: 0
using: /home/dave/gnu/gcc-4.0/gcc/libstdc++-v3/config/abi/hppa-linux-gnu/baseline_symbols.txt
=== libstdc++ tests ===
Running target unix
XPASS: 22_locale/locale/cons/12658_thread-1.cc execution test
XPASS: 26_numerics/cmath/c99_classification_macros_c.cc (test for excess errors)
=== libstdc++ Summary ===
# of expected passes 3620
# of unexpected successes 2
# of expected failures 12
Compiler version: 4.0.0 20050411 (prerelease)
Platform: hppa-unknown-linux-gnu
configure flags: --with-gnu-as --with-gnu-ld --enable-shared --prefix=/home/dave/opt/gnu/gcc/gcc-4.0.0 --with-local-prefix=/home/dave/opt/gnu --enable-threads=posix --enable-__cxa_atexit --host=hppa-linux --enable-clocale=gnu --enable-java-gc=boehm --enable-java-awt=xlib --enable-languages=c,ada,c++,f95,java,objc