This is the mail archive of the
gcc-testresults@gcc.gnu.org
mailing list for the GCC project.
Results for 4.0.0 20050407 (prerelease) testsuite on sparc-sun-solaris2.5.1
- From: eric at linux dot site (Eric Botcazou)
- To: gcc-testresults at gcc dot gnu dot org
- Date: Sat, 09 Apr 2005 22:48:25 +0200
- Subject: Results for 4.0.0 20050407 (prerelease) testsuite on sparc-sun-solaris2.5.1
LAST_UPDATED: Thu Apr 7 07:28:43 UTC 2005
=== acats tests ===
=== acats Summary ===
# of expected passes 2320
# of unexpected failures 0
Native configuration is sparc-sun-solaris2.5.1
=== g++ tests ===
Running target unix
FAIL: g++.dg/pch/externc-1.C -g assembly comparison
FAIL: g++.dg/pch/externc-1.C -O2 -g assembly comparison
FAIL: g++.dg/pch/static-1.C -g assembly comparison
FAIL: g++.dg/pch/static-1.C -O2 -g assembly comparison
FAIL: g++.dg/pch/system-1.C -g assembly comparison
FAIL: g++.dg/pch/system-1.C -O2 -g assembly comparison
FAIL: g++.dg/pch/system-2.C -g assembly comparison
FAIL: g++.dg/pch/system-2.C -O2 -g assembly comparison
FAIL: g++.dg/pch/uninst.C -g assembly comparison
FAIL: g++.dg/pch/uninst.C -O2 -g assembly comparison
FAIL: g++.dg/pch/wchar-1.C -g assembly comparison
FAIL: g++.dg/pch/wchar-1.C -O2 -g assembly comparison
XPASS: g++.dg/special/conpr-2.C execution test
XPASS: g++.dg/special/initp1.C execution test
=== g++ Summary ===
# of expected passes 10805
# of unexpected failures 12
# of unexpected successes 2
# of expected failures 70
# of unsupported tests 97
/opt/build/eric/gcc-4_0-branch/gcc/testsuite/../g++ version 4.0.0 20050407 (prerelease)
=== gcc tests ===
Running target unix
FAIL: gcc.dg/builtin-apply4.c execution test
=== gcc Summary ===
# of expected passes 33324
# of unexpected failures 1
# of expected failures 102
# of untested testcases 28
# of unsupported tests 517
/opt/build/eric/gcc-4_0-branch/gcc/xgcc version 4.0.0 20050407 (prerelease)
=== gfortran tests ===
Running target unix
XPASS: gfortran.dg/ret_pointer_1.f90 -O0 execution test
XPASS: gfortran.dg/ret_pointer_1.f90 -O1 execution test
XPASS: gfortran.dg/ret_pointer_1.f90 -O2 execution test
XPASS: gfortran.dg/ret_pointer_1.f90 -O3 -fomit-frame-pointer execution test
XPASS: gfortran.dg/ret_pointer_1.f90 -O3 -fomit-frame-pointer -funroll-loops execution test
XPASS: gfortran.dg/ret_pointer_1.f90 -O3 -fomit-frame-pointer -funroll-all-loops -finline-functions execution test
XPASS: gfortran.dg/ret_pointer_1.f90 -O3 -g execution test
FAIL: gfortran.fortran-torture/execute/forall_3.f90 execution, -O1
=== gfortran Summary ===
# of expected passes 5691
# of unexpected failures 1
# of unexpected successes 7
# of expected failures 19
# of unsupported tests 16
/opt/build/eric/gcc-4_0-branch/gcc/testsuite/../gfortran version 4.0.0 20050407 (prerelease)
=== objc tests ===
Running target unix
=== objc Summary ===
# of expected passes 1534
# of unsupported tests 10
/opt/build/eric/gcc-4_0-branch/gcc/xgcc version 4.0.0 20050407 (prerelease)
=== libstdc++ tests ===
Running target unix
FAIL: 22_locale/ctype/is/char/3.cc execution test
FAIL: 23_containers/vector/resize/1.cc execution test
FAIL: 27_io/basic_filebuf/sgetn/char/1-in.cc execution test
FAIL: 27_io/basic_filebuf/sgetn/char/1-io.cc execution test
FAIL: 27_io/basic_filebuf/sgetn/char/2-in.cc execution test
FAIL: 27_io/basic_filebuf/sgetn/char/2-io.cc execution test
FAIL: 27_io/basic_istream/readsome/char/6746-2.cc execution test
FAIL: 27_io/ios_base/storage/2.cc execution test
=== libstdc++ Summary ===
# of expected passes 2540
# of unexpected failures 8
# of expected failures 12
Compiler version: 4.0.0 20050407 (prerelease)
Platform: sparc-sun-solaris2.5.1
configure flags: --prefix=/opt/build/eric/local/gcc --with-as=/opt/build/eric/binutils-2_16-branch/gas/as-new --with-gnu-as --with-ld=/opt/build/eric/binutils-2_16-branch/ld/ld-new --with-gnu-ld --with-gmp=/opt/build/eric/local --with-mpfr=/opt/build/eric/local --with-local-prefix=/opt/build/eric/local --enable-checking=release --enable-languages=c,ada,c++,f95,java,objc
BOOT_CFLAGS=-g -O2