This is the mail archive of the
gcc-testresults@gcc.gnu.org
mailing list for the GCC project.
Results for 4.1.0 20050409 (experimental) testsuite on powerpc-unknown-linux-gnu
- From: James Morrison <ja2morri at csclub dot uwaterloo dot ca>
- To: gcc-testresults at gcc dot gnu dot org
- Date: 09 Apr 2005 15:12:23 -0400
- Subject: Results for 4.1.0 20050409 (experimental) testsuite on powerpc-unknown-linux-gnu
LAST_UPDATED: Thu Mar 3 22:27:03 UTC 2005
Native configuration is powerpc-unknown-linux-gnu
=== g++ tests ===
Running target unix
FAIL: g++.old-deja/g++.other/init5.C execution test
=== g++ Summary ===
# of expected passes 11050
# of unexpected failures 1
# of expected failures 65
# of unsupported tests 78
/home/jim/cvs/gcc.head/ppc-linux-20050409/gcc/testsuite/../g++ version 4.1.0 20050409 (experimental)
=== gcc tests ===
Running target unix
XPASS: gcc.c-torture/execute/20020720-1.c compilation, -O1
UNRESOLVED: gcc.c-torture/execute/20020720-1.c execution, -O2
UNRESOLVED: gcc.c-torture/execute/20020720-1.c execution, -O3 -fomit-frame-pointer
UNRESOLVED: gcc.c-torture/execute/20020720-1.c execution, -O3 -g
UNRESOLVED: gcc.c-torture/execute/20020720-1.c execution, -Os
FAIL: gcc.dg/20020103-1.c scan-assembler-not LC
FAIL: gcc.dg/uninit-1.c uninitialized variable warning (test for bogus messages, line 16)
XPASS: gcc.dg/vect/vect-67.c scan-tree-dump-times vectorized 1 loops 1
FAIL: gcc.dg/vect/vect-82_64.c execution test
FAIL: gcc.dg/vect/vect-83_64.c execution test
=== gcc Summary ===
# of expected passes 35214
# of unexpected failures 4
# of unexpected successes 2
# of expected failures 104
# of unresolved testcases 4
# of untested testcases 28
# of unsupported tests 431
/home/jim/cvs/gcc.head/ppc-linux-20050409/gcc/xgcc version 4.1.0 20050409 (experimental)
=== gfortran tests ===
Running target unix
XPASS: gfortran.dg/ret_pointer_1.f90 -O0 execution test
XPASS: gfortran.dg/ret_pointer_1.f90 -O1 execution test
XPASS: gfortran.dg/ret_pointer_1.f90 -O2 execution test
XPASS: gfortran.dg/ret_pointer_1.f90 -O3 -fomit-frame-pointer execution test
XPASS: gfortran.dg/ret_pointer_1.f90 -O3 -fomit-frame-pointer -funroll-loops execution test
XPASS: gfortran.dg/ret_pointer_1.f90 -O3 -fomit-frame-pointer -funroll-all-loops -finline-functions execution test
XPASS: gfortran.dg/ret_pointer_1.f90 -O3 -g execution test
XPASS: gfortran.dg/ret_pointer_1.f90 -Os execution test
FAIL: gfortran.fortran-torture/execute/forall_3.f90 execution, -O0
FAIL: gfortran.fortran-torture/execute/forall_3.f90 execution, -O1
FAIL: gfortran.fortran-torture/execute/forall_3.f90 execution, -O2
FAIL: gfortran.fortran-torture/execute/forall_3.f90 execution, -O3 -fomit-frame-pointer
FAIL: gfortran.fortran-torture/execute/forall_3.f90 execution, -O3 -fomit-frame-pointer -funroll-loops
FAIL: gfortran.fortran-torture/execute/forall_3.f90 execution, -O3 -fomit-frame-pointer -funroll-all-loops -finline-functions
FAIL: gfortran.fortran-torture/execute/forall_3.f90 execution, -O3 -g
FAIL: gfortran.fortran-torture/execute/forall_3.f90 execution, -Os
=== gfortran Summary ===
# of expected passes 5793
# of unexpected failures 8
# of unexpected successes 8
# of expected failures 24
# of unsupported tests 16
/home/jim/cvs/gcc.head/ppc-linux-20050409/gcc/testsuite/../gfortran version 4.1.0 20050409 (experimental)
=== objc tests ===
Running target unix
=== objc Summary ===
# of expected passes 1534
# of unsupported tests 10
/home/jim/cvs/gcc.head/ppc-linux-20050409/gcc/xgcc version 4.1.0 20050409 (experimental)
=== treelang tests ===
Running target unix
=== treelang Summary ===
# of expected passes 48
=== libmudflap tests ===
Running target unix
=== libmudflap Summary ===
# of expected passes 1308
=== libstdc++ tests ===
Running target unix
FAIL: abi_check
XPASS: 26_numerics/cmath/c99_classification_macros_c.cc (test for excess errors)
XPASS: ext/array_allocator/2.cc execution test
=== libstdc++ Summary ===
# of expected passes 3620
# of unexpected failures 1
# of unexpected successes 2
# of expected failures 12
Compiler version: 4.1.0 20050409 (experimental)
Platform: powerpc-unknown-linux-gnu
configure flags: --prefix=/home/jim/var/ppc-linux --enable-threads=posix --disable-multilib --enable-languages=c,c++,f95,objc,treelang