This is the mail archive of the
gcc-testresults@gcc.gnu.org
mailing list for the GCC project.
Results for 4.1.0 20050409 (experimental) testsuite on i686-pc-linux-gnu
- From: CodeSourcery Automatic Testing System <gcc at codesourcery dot com>
- To: gcc-testresults at gcc dot gnu dot org
- Date: Sat, 9 Apr 2005 03:31:21 -0700
- Subject: Results for 4.1.0 20050409 (experimental) testsuite on i686-pc-linux-gnu
LAST_UPDATED: Sat Apr 9 08:38:56 UTC 2005
Native configuration is i686-pc-linux-gnu
=== g++ tests ===
Running target unix
=== g++ Summary ===
# of expected passes 11000
# of expected failures 66
# of unsupported tests 58
/scratch/gcc/nightly-2005-04-09-mainline/i686-pc-linux-gnu/build_gcc/build/gcc/testsuite/../g++ version 4.1.0 20050409 (experimental)
=== gcc tests ===
Running target unix
FAIL: gcc.dg/uninit-1.c uninitialized variable warning (test for bogus messages, line 16)
XPASS: gcc.dg/vect/vect-22.c scan-tree-dump-times vectorized 3 loops 1
XPASS: gcc.dg/vect/vect-67.c scan-tree-dump-times vectorized 1 loops 1
=== gcc Summary ===
# of expected passes 34303
# of unexpected failures 1
# of unexpected successes 2
# of expected failures 99
# of untested testcases 28
# of unsupported tests 331
/scratch/gcc/nightly-2005-04-09-mainline/i686-pc-linux-gnu/build_gcc/build/gcc/xgcc version 4.1.0 20050409 (experimental)
=== libstdc++ tests ===
Running target unix
XPASS: 26_numerics/cmath/c99_classification_macros_c.cc (test for excess errors)
=== libstdc++ Summary ===
# of expected passes 3622
# of unexpected successes 1
# of expected failures 12
Compiler version: 4.1.0 20050409 (experimental)
Platform: i686-pc-linux-gnu
configure flags: --prefix=/home/gcc/scratch/nightly-2005-04-09-mainline/i686-pc-linux-gnu/build_gcc/install --enable-threads --disable-libmudflap --enable-languages=c,c++