This is the mail archive of the
gcc-testresults@gcc.gnu.org
mailing list for the GCC project.
Results for 4.1.0 20050405 (experimental) testsuite on sparc-unknown-linux-gnu
- From: Christian Joensson <chj at j-son dot org>
- To: gcc-testresults at gcc dot gnu dot org
- Date: Wed, 6 Apr 2005 19:05:21 +0200
- Subject: Results for 4.1.0 20050405 (experimental) testsuite on sparc-unknown-linux-gnu
Aurora SPARC Linux release 2.0 (Kashmir FC3) UltraSparc IIi (Sabre) sun4u:
binutils-2.15.92.0.2-5.sparc
bison-1.875c-2.sparc
dejagnu-1.4.4-2.noarch
expect-5.42.1-1.sparc
gcc-3.4.2-6.fc3.sparc
gcc4-4.0.0-0.8sparc.sparc
glibc-2.3.3-99.sparc64
glibc-2.3.3-99.sparcv9
glibc-devel-2.3.3-99.sparc
glibc-devel-2.3.3-99.sparc64
glibc-headers-2.3.3-99.sparc64
glibc-headers-2.3.3-99.sparc
glibc-kernheaders-2.6-20sparc.sparc
gmp-4.1.4-3sparc.sparc
gmp-4.1.4-3sparc.sparc64
gmp-devel-4.1.4-3sparc.sparc
gmp-devel-4.1.4-3sparc.sparc64
kernel-2.6.11-1.1166sp1.sparc64
package kernel-devel is not installed
package kernel-smp is not installed
libgcc-3.4.2-6.fc3.sparc
libgcc-3.4.2-6.fc3.sparc64
libstdc++-3.4.2-6.fc3.sparc64
libstdc++-3.4.2-6.fc3.sparc
libstdc++-devel-3.4.2-6.fc3.sparc64
libstdc++-devel-3.4.2-6.fc3.sparc
make-3.80-5.sparc
nptl-devel-2.3.3-99.sparcv9
tcl-8.4.7-2.sparc
LAST_UPDATED: Tue Apr 5 17:13:14 UTC 2005
=== acats tests ===
FAIL: c32001e
FAIL: c52011a
FAIL: c52103x
FAIL: c52104x
FAIL: c64105b
FAIL: c95086b
FAIL: cd2b11a
FAIL: cd2b11b
=== acats Summary ===
# of expected passes 2312
# of unexpected failures 8
Native configuration is sparc-unknown-linux-gnu
=== gcc tests ===
Running target unix
FAIL: gcc.dg/special/gcsec-1.c (test for excess errors)
WARNING: gcc.dg/special/gcsec-1.c compilation failed to produce executable
XPASS: gcc.dg/vect/vect-67.c scan-tree-dump-times vectorized 1 loops 1
=== gcc Summary ===
# of expected passes 33677
# of unexpected failures 1
# of unexpected successes 1
# of expected failures 102
# of untested testcases 28
# of unsupported tests 519
/usr/local/src/trunk/objdir32/gcc/xgcc version 4.1.0 20050405 (experimental)
=== gfortran tests ===
Running target unix
FAIL: gfortran.dg/backspace.f -O0 execution test
FAIL: gfortran.dg/backspace.f -O1 execution test
FAIL: gfortran.dg/backspace.f -O2 execution test
FAIL: gfortran.dg/backspace.f -O3 -fomit-frame-pointer execution test
FAIL: gfortran.dg/backspace.f -O3 -fomit-frame-pointer -funroll-loops execution test
FAIL: gfortran.dg/backspace.f -O3 -fomit-frame-pointer -funroll-all-loops -finline-functions execution test
FAIL: gfortran.dg/backspace.f -O3 -g execution test
FAIL: gfortran.dg/backspace.f -Os execution test
FAIL: gfortran.dg/pr20755.f -O0 (test for excess errors)
WARNING: gfortran.dg/pr20755.f -O0 compilation failed to produce executable
FAIL: gfortran.dg/pr20755.f -O1 (test for excess errors)
WARNING: gfortran.dg/pr20755.f -O1 compilation failed to produce executable
FAIL: gfortran.dg/pr20755.f -O2 (test for excess errors)
WARNING: gfortran.dg/pr20755.f -O2 compilation failed to produce executable
FAIL: gfortran.dg/pr20755.f -O3 -fomit-frame-pointer (test for excess errors)
WARNING: gfortran.dg/pr20755.f -O3 -fomit-frame-pointer compilation failed to produce executable
FAIL: gfortran.dg/pr20755.f -O3 -fomit-frame-pointer -funroll-loops (test for excess errors)
WARNING: gfortran.dg/pr20755.f -O3 -fomit-frame-pointer -funroll-loops compilation failed to produce executable
FAIL: gfortran.dg/pr20755.f -O3 -fomit-frame-pointer -funroll-all-loops -finline-functions (test for excess errors)
WARNING: gfortran.dg/pr20755.f -O3 -fomit-frame-pointer -funroll-all-loops -finline-functions compilation failed to produce executable
FAIL: gfortran.dg/pr20755.f -O3 -g (test for excess errors)
WARNING: gfortran.dg/pr20755.f -O3 -g compilation failed to produce executable
FAIL: gfortran.dg/pr20755.f -Os (test for excess errors)
WARNING: gfortran.dg/pr20755.f -Os compilation failed to produce executable
XPASS: gfortran.dg/ret_pointer_1.f90 -O0 execution test
XPASS: gfortran.dg/ret_pointer_1.f90 -O1 execution test
XPASS: gfortran.dg/ret_pointer_1.f90 -O2 execution test
XPASS: gfortran.dg/ret_pointer_1.f90 -O3 -fomit-frame-pointer execution test
XPASS: gfortran.dg/ret_pointer_1.f90 -O3 -fomit-frame-pointer -funroll-loops execution test
XPASS: gfortran.dg/ret_pointer_1.f90 -O3 -fomit-frame-pointer -funroll-all-loops -finline-functions execution test
XPASS: gfortran.dg/ret_pointer_1.f90 -O3 -g execution test
FAIL: gfortran.fortran-torture/execute/forall_3.f90 execution, -O1
=== gfortran Summary ===
# of expected passes 5687
# of unexpected failures 17
# of unexpected successes 7
# of expected failures 22
# of unsupported tests 20
/usr/local/src/trunk/objdir32/gcc/testsuite/../gfortran version 4.1.0 20050405 (experimental)
=== g++ tests ===
Running target unix
XPASS: g++.old-deja/g++.other/init5.C execution test
=== g++ Summary ===
# of expected passes 10948
# of unexpected successes 1
# of expected failures 65
# of unsupported tests 91
/usr/local/src/trunk/objdir32/gcc/testsuite/../g++ version 4.1.0 20050405 (experimental)
=== objc tests ===
Running target unix
=== objc Summary ===
# of expected passes 1534
# of unsupported tests 10
/usr/local/src/trunk/objdir32/gcc/xgcc version 4.1.0 20050405 (experimental)
=== treelang tests ===
Running target unix
=== treelang Summary ===
# of expected passes 48
=== libmudflap tests ===
Running target unix
FAIL: libmudflap.c/pass54-frag.c execution test
FAIL: libmudflap.c/pass54-frag.c (-static) execution test
=== libmudflap Summary ===
# of expected passes 1306
# of unexpected failures 2
=== libstdc++ tests ===
Running target unix
XPASS: 26_numerics/cmath/c99_classification_macros_c.cc (test for excess errors)
=== libstdc++ Summary ===
# of expected passes 3618
# of unexpected successes 1
# of expected failures 12
Compiler version: 4.1.0 20050405 (experimental)
Platform: sparc-unknown-linux-gnu
configure flags: sparc-linux --enable-__cxa_atexit --disable-multilib --enable-shared --enable-languages=c,ada,c++,f95,objc,treelang