This is the mail archive of the
gcc-testresults@gcc.gnu.org
mailing list for the GCC project.
Results for 4.0.0 20050404 (prerelease) testsuite oni686-pc-linux-gnu
- From: Laurent GUERBY <laurent at guerby dot net>
- To: gcc-testresults at gcc dot gnu dot org
- Date: Tue, 05 Apr 2005 23:16:55 +0200
- Subject: Results for 4.0.0 20050404 (prerelease) testsuite oni686-pc-linux-gnu
LAST_UPDATED: Mon Apr 4 21:10:53 UTC 2005
=== acats tests ===
FAIL: c32001e
FAIL: c52011a
FAIL: c64105b
FAIL: c95086b
FAIL: cd2b11a
FAIL: cd2b11b
FAIL: cdd2a02
FAIL: cxa4006
FAIL: cxa4017
=== acats Summary ===
# of expected passes 2311
# of unexpected failures 9
Native configuration is i686-pc-linux-gnu
=== gcc tests ===
Running target unix
XPASS: gcc.dg/vect/vect-22.c scan-tree-dump-times vectorized 3 loops 1
=== gcc Summary ===
# of expected passes 33702
# of unexpected successes 1
# of expected failures 101
# of untested testcases 28
# of unsupported tests 322
/home/guerby/work/gcc/build/build-20050405T123428/gcc/xgcc version 4.0.0 20050404 (prerelease)
Compiler version: 4.0.0 20050404 (prerelease)
Platform: i686-pc-linux-gnu
configure flags: --prefix=/home/guerby/work/gcc/install/install-20050405T123428 --enable-__cxa_atexit --disable-nls --enable-threads=posix --enable-checking --enable-languages=c,ada