This is the mail archive of the
gcc-testresults@gcc.gnu.org
mailing list for the GCC project.
Results for 4.1.0 20050404 (experimental) testsuite on powerpc64-unknown-linux-gnu
- From: Jon Grimm <jgrimm at uranus dot ltc dot austin dot ibm dot com>
- To: gcc-testresults at gcc dot gnu dot org
- Date: Mon, 4 Apr 2005 23:19:20 -0600
- Subject: Results for 4.1.0 20050404 (experimental) testsuite on powerpc64-unknown-linux-gnu
Linux 2.6.9-5.EL ppc64
GNU C Library stable release version 2.3.4
GNU ld version 2.15.94 20050124
GNU assembler 2.15.94 20050124
GNU Make 3.80
DejaGnu:
Expect version is 5.40.0
Tcl version is 8.4
Framework version is 1.4.4
32-bit biarch default32
Linux 2.6.9-1.849_EL ppc64
GNU C Library stable release version 2.3.3
GNU ld version 2.15.92
GNU assembler 2.15.92
GNU Make 3.80
DejaGnu:
Expect version is 5.42.1
Tcl version is 8.4.7
Framework version is 1.4.4
32-bit biarch default32
LAST_UPDATED: Tue Apr 5 02:06:29 UTC 2005
Native configuration is powerpc64-unknown-linux-gnu
=== g++ tests ===
Running target unix/-m32
=== g++ Summary for unix/-m32 ===
# of expected passes 11011
# of expected failures 65
# of unsupported tests 78
Running target unix/-m64
=== g++ Summary for unix/-m64 ===
# of expected passes 10973
# of expected failures 65
# of unsupported tests 81
=== g++ Summary ===
# of expected passes 21984
# of expected failures 130
# of unsupported tests 159
/home/jgrimm/build/nightly/build-gcc-mline/gcc/testsuite/../g++ version 4.1.0 20050404 (experimental)
=== gcc tests ===
Running target unix/-m32
XPASS: gcc.c-torture/execute/20020720-1.c compilation, -O1
UNRESOLVED: gcc.c-torture/execute/20020720-1.c execution, -O2
UNRESOLVED: gcc.c-torture/execute/20020720-1.c execution, -O3 -fomit-frame-pointer
UNRESOLVED: gcc.c-torture/execute/20020720-1.c execution, -O3 -g
UNRESOLVED: gcc.c-torture/execute/20020720-1.c execution, -Os
FAIL: gcc.dg/vect/vect-92.c execution test
=== gcc Summary for unix/-m32 ===
# of expected passes 35863
# of unexpected failures 1
# of unexpected successes 1
# of expected failures 105
# of unresolved testcases 4
# of untested testcases 28
# of unsupported tests 446
Running target unix/-m64
UNRESOLVED: gcc.c-torture/execute/20020720-1.c execution, -O1
UNRESOLVED: gcc.c-torture/execute/20020720-1.c execution, -O2
UNRESOLVED: gcc.c-torture/execute/20020720-1.c execution, -O3 -fomit-frame-pointer
UNRESOLVED: gcc.c-torture/execute/20020720-1.c execution, -O3 -g
UNRESOLVED: gcc.c-torture/execute/20020720-1.c execution, -Os
FAIL: gcc.c-torture/execute/930106-1.c compilation, -O0
UNRESOLVED: gcc.c-torture/execute/930106-1.c execution, -O0
FAIL: gcc.dg/altivec-21.c (test for errors, line 13)
FAIL: gcc.dg/altivec-21.c (test for errors, line 14)
FAIL: gcc.dg/ppc64-abi-2.c (test for excess errors)
WARNING: gcc.dg/ppc64-abi-2.c compilation failed to produce executable
XPASS: gcc.dg/tree-ssa/sra-2.c scan-tree-dump-times link_error 0
FAIL: gcc.dg/vmx/varargs-1.c -O3 -fomit-frame-pointer (test for excess errors)
WARNING: gcc.dg/vmx/varargs-1.c -O3 -fomit-frame-pointer compilation failed to produce executable
FAIL: gcc.dg/vmx/varargs-1.c -O3 -fomit-frame-pointer -funroll-loops (test for excess errors)
WARNING: gcc.dg/vmx/varargs-1.c -O3 -fomit-frame-pointer -funroll-loops compilation failed to produce executable
FAIL: gcc.dg/vmx/varargs-1.c -O3 -fomit-frame-pointer -funroll-all-loops -finline-functions (test for excess errors)
WARNING: gcc.dg/vmx/varargs-1.c -O3 -fomit-frame-pointer -funroll-all-loops -finline-functions compilation failed to produce executable
FAIL: gcc.dg/vmx/varargs-1.c -O3 -g (test for excess errors)
WARNING: gcc.dg/vmx/varargs-1.c -O3 -g compilation failed to produce executable
=== gcc Summary for unix/-m64 ===
# of expected passes 35851
# of unexpected failures 8
# of unexpected successes 1
# of expected failures 112
# of unresolved testcases 6
# of untested testcases 28
# of unsupported tests 443
=== gcc Summary ===
# of expected passes 71714
# of unexpected failures 9
# of unexpected successes 2
# of expected failures 217
# of unresolved testcases 10
# of untested testcases 56
# of unsupported tests 889
/home/jgrimm/build/nightly/build-gcc-mline/gcc/xgcc version 4.1.0 20050404 (experimental)
=== gfortran tests ===
Running target unix/-m32
XPASS: gfortran.dg/ret_pointer_1.f90 -O0 execution test
XPASS: gfortran.dg/ret_pointer_1.f90 -O1 execution test
FAIL: gfortran.fortran-torture/execute/forall_3.f90 execution, -O0
FAIL: gfortran.fortran-torture/execute/forall_3.f90 execution, -O1
FAIL: gfortran.fortran-torture/execute/forall_3.f90 execution, -O2
FAIL: gfortran.fortran-torture/execute/forall_3.f90 execution, -O3 -fomit-frame-pointer
FAIL: gfortran.fortran-torture/execute/forall_3.f90 execution, -O3 -fomit-frame-pointer -funroll-loops
FAIL: gfortran.fortran-torture/execute/forall_3.f90 execution, -O3 -fomit-frame-pointer -funroll-all-loops -finline-functions
FAIL: gfortran.fortran-torture/execute/forall_3.f90 execution, -O3 -g
FAIL: gfortran.fortran-torture/execute/forall_3.f90 execution, -Os
=== gfortran Summary for unix/-m32 ===
# of expected passes 5643
# of unexpected failures 8
# of unexpected successes 2
# of expected failures 30
# of unsupported tests 16
Running target unix/-m64
XPASS: gfortran.dg/ret_pointer_1.f90 -O0 execution test
XPASS: gfortran.dg/ret_pointer_1.f90 -O1 execution test
XPASS: gfortran.dg/ret_pointer_1.f90 -O2 execution test
XPASS: gfortran.dg/ret_pointer_1.f90 -O3 -fomit-frame-pointer execution test
XPASS: gfortran.dg/ret_pointer_1.f90 -O3 -fomit-frame-pointer -funroll-loops execution test
XPASS: gfortran.dg/ret_pointer_1.f90 -O3 -fomit-frame-pointer -funroll-all-loops -finline-functions execution test
XPASS: gfortran.dg/ret_pointer_1.f90 -O3 -g execution test
XPASS: gfortran.dg/ret_pointer_1.f90 -Os execution test
FAIL: gfortran.dg/vect/vect-5.f90 -O scan-tree-dump-times vectorized 2 loops 1
FAIL: gfortran.dg/vect/vect-5.f90 -O scan-tree-dump-times Alignment of access forced using peeling 1
FAIL: gfortran.dg/vect/vect-5.f90 -O scan-tree-dump-times Vectorizing an unaligned access 2
FAIL: gfortran.fortran-torture/execute/forall_3.f90 execution, -O0
FAIL: gfortran.fortran-torture/execute/forall_3.f90 execution, -O1
FAIL: gfortran.fortran-torture/execute/forall_3.f90 execution, -O2
FAIL: gfortran.fortran-torture/execute/forall_3.f90 execution, -O3 -fomit-frame-pointer
FAIL: gfortran.fortran-torture/execute/forall_3.f90 execution, -O3 -fomit-frame-pointer -funroll-loops
FAIL: gfortran.fortran-torture/execute/forall_3.f90 execution, -O3 -fomit-frame-pointer -funroll-all-loops -finline-functions
FAIL: gfortran.fortran-torture/execute/forall_3.f90 execution, -O3 -g
FAIL: gfortran.fortran-torture/execute/forall_3.f90 execution, -Os
=== gfortran Summary for unix/-m64 ===
# of expected passes 5640
# of unexpected failures 11
# of unexpected successes 8
# of expected failures 24
# of unsupported tests 16
=== gfortran Summary ===
# of expected passes 11283
# of unexpected failures 19
# of unexpected successes 10
# of expected failures 54
# of unsupported tests 32
/home/jgrimm/build/nightly/build-gcc-mline/gcc/testsuite/../gfortran version 4.1.0 20050404 (experimental)
=== objc tests ===
Running target unix/-m32
=== objc Summary for unix/-m32 ===
# of expected passes 1534
# of unsupported tests 10
Running target unix/-m64
=== objc Summary for unix/-m64 ===
# of expected passes 1534
# of unsupported tests 10
=== objc Summary ===
# of expected passes 3068
# of unsupported tests 20
/home/jgrimm/build/nightly/build-gcc-mline/gcc/xgcc version 4.1.0 20050404 (experimental)
=== libmudflap tests ===
Running target unix/-m32
FAIL: libmudflap.cth/pass40-frag.c execution test
FAIL: libmudflap.cth/pass40-frag.c output pattern test
FAIL: libmudflap.cth/pass40-frag.c (-O2) execution test
FAIL: libmudflap.cth/pass40-frag.c (-O2) output pattern test
FAIL: libmudflap.cth/pass40-frag.c (-O3) execution test
FAIL: libmudflap.cth/pass40-frag.c (-O3) output pattern test
=== libmudflap Summary for unix/-m32 ===
# of expected passes 1302
# of unexpected failures 6
Running target unix/-m64
FAIL: libmudflap.c/fail27-frag.c output pattern test
FAIL: libmudflap.c/fail27-frag.c (-O2) output pattern test
FAIL: libmudflap.c/fail27-frag.c (-O3) output pattern test
=== libmudflap Summary for unix/-m64 ===
# of expected passes 1305
# of unexpected failures 3
=== libmudflap Summary ===
# of expected passes 2607
# of unexpected failures 9
=== libstdc++ tests ===
Running target unix
=== libstdc++ Summary ===
# of expected passes 1
Compiler version: 4.1.0 20050404 (experimental)
Platform: powerpc64-unknown-linux-gnu
configure flags: --prefix=/home/jgrimm/opt/gcc-nightly/mline-20050405 --build=powerpc64-linux --host=powerpc64-linux --target=powerpc64-linux --with-cpu=default32 --with-as=/home/jgrimm/tools/binutils/bin/as --with-ld=/home/jgrimm/tools/binutils/bin/ld --enable-threads=posix --enable-shared --enable-__cxa_atexit --with-mpfr=/home/jgrimm/opt/gcc-nightly/gmp32 --enable-languages=c,c++,f95,objc