This is the mail archive of the
gcc-testresults@gcc.gnu.org
mailing list for the GCC project.
Results for 4.1.020050403(experimental) testsuite on powerpc-unknown-linux-gnu
- From: dberlin at dang5 dot watson dot ibm dot com (dberlin)
- To: gcc-testresults at gcc dot gnu dot org
- Date: Sun, 3 Apr 2005 13:20:14 -0400 (EDT)
- Subject: Results for 4.1.020050403(experimental) testsuite on powerpc-unknown-linux-gnu
LAST_UPDATED: Sat Apr 2 17:59:39 UTC 2005
Native configuration is powerpc-unknown-linux-gnu
=== gcc tests ===
Running target unix
XPASS: gcc.c-torture/execute/20020720-1.c compilation, -O1
UNRESOLVED: gcc.c-torture/execute/20020720-1.c execution, -O2
UNRESOLVED: gcc.c-torture/execute/20020720-1.c execution, -O3 -fomit-frame-pointer
UNRESOLVED: gcc.c-torture/execute/20020720-1.c execution, -O3 -g
UNRESOLVED: gcc.c-torture/execute/20020720-1.c execution, -Os
FAIL: gcc.dg/20020103-1.c scan-assembler-not LC
=== gcc Summary ===
# of expected passes 35045
# of unexpected failures 1
# of unexpected successes 1
# of expected failures 105
# of unresolved testcases 4
# of untested testcases 28
# of unsupported tests 427
/home/dberlin/gcc-clean/build/gcc/xgcc version 4.1.0 20050403 (experimental)
=== gfortran tests ===
Running target unix
XPASS: gfortran.dg/ret_pointer_1.f90 -O0 execution test
XPASS: gfortran.dg/ret_pointer_1.f90 -O1 execution test
XPASS: gfortran.dg/ret_pointer_1.f90 -O2 execution test
XPASS: gfortran.dg/ret_pointer_1.f90 -O3 -fomit-frame-pointer execution test
XPASS: gfortran.dg/ret_pointer_1.f90 -O3 -fomit-frame-pointer -funroll-loops execution test
XPASS: gfortran.dg/ret_pointer_1.f90 -O3 -fomit-frame-pointer -funroll-all-loops -finline-functions execution test
XPASS: gfortran.dg/ret_pointer_1.f90 -O3 -g execution test
XPASS: gfortran.dg/ret_pointer_1.f90 -Os execution test
FAIL: gfortran.fortran-torture/execute/backspace.f90 execution, -O0
FAIL: gfortran.fortran-torture/execute/backspace.f90 execution, -O1
FAIL: gfortran.fortran-torture/execute/backspace.f90 execution, -O2
FAIL: gfortran.fortran-torture/execute/backspace.f90 execution, -O3 -fomit-frame-pointer
FAIL: gfortran.fortran-torture/execute/backspace.f90 execution, -O3 -fomit-frame-pointer -funroll-loops
FAIL: gfortran.fortran-torture/execute/backspace.f90 execution, -O3 -fomit-frame-pointer -funroll-all-loops -finline-functions
FAIL: gfortran.fortran-torture/execute/backspace.f90 execution, -O3 -g
FAIL: gfortran.fortran-torture/execute/backspace.f90 execution, -Os
FAIL: gfortran.fortran-torture/execute/forall_3.f90 execution, -O0
FAIL: gfortran.fortran-torture/execute/forall_3.f90 execution, -O1
FAIL: gfortran.fortran-torture/execute/forall_3.f90 execution, -O2
FAIL: gfortran.fortran-torture/execute/forall_3.f90 execution, -O3 -fomit-frame-pointer
FAIL: gfortran.fortran-torture/execute/forall_3.f90 execution, -O3 -fomit-frame-pointer -funroll-loops
FAIL: gfortran.fortran-torture/execute/forall_3.f90 execution, -O3 -fomit-frame-pointer -funroll-all-loops -finline-functions
FAIL: gfortran.fortran-torture/execute/forall_3.f90 execution, -O3 -g
FAIL: gfortran.fortran-torture/execute/forall_3.f90 execution, -Os
=== gfortran Summary ===
# of expected passes 5627
# of unexpected failures 16
# of unexpected successes 8
# of expected failures 24
# of unsupported tests 16
/home/dberlin/gcc-clean/build/gcc/testsuite/../gfortran version 4.1.0 20050403 (experimental)
=== g++ tests ===
Running target unix
FAIL: g++.old-deja/g++.other/init5.C execution test
=== g++ Summary ===
# of expected passes 10999
# of unexpected failures 1
# of expected failures 66
# of unsupported tests 78
/home/dberlin/gcc-clean/build/gcc/testsuite/../g++ version 4.1.0 20050403 (experimental)
=== objc tests ===
Running target unix
=== objc Summary ===
# of expected passes 1534
# of unsupported tests 10
/home/dberlin/gcc-clean/build/gcc/xgcc version 4.1.0 20050403 (experimental)
=== libmudflap tests ===
Running target unix
=== libmudflap Summary ===
# of expected passes 1308
=== libstdc++ tests ===
Running target unix
FAIL: abi_check
=== libstdc++ Summary ===
# of unexpected failures 1
Compiler version: 4.1.020050403(experimental)
Platform: powerpc-unknown-linux-gnu
configure flags: --enable-languages=c,c++,f95,objc