This is the mail archive of the
gcc-testresults@gcc.gnu.org
mailing list for the GCC project.
Results for 4.1.0 20050327 (experimental) testsuite on x86_64-unknown-linux-gnu
- From: Al Stone <ahs3 at fc dot hp dot com>
- To: gcc-testresults at gcc dot gnu dot org
- Date: Sun, 27 Mar 2005 07:05:20 -0700 (MST)
- Subject: Results for 4.1.0 20050327 (experimental) testsuite on x86_64-unknown-linux-gnu
LAST_UPDATED:
Native configuration is x86_64-unknown-linux-gnu
=== g++ tests ===
Running target unix
WARNING: program timed out.
FAIL: g++.old-deja/g++.jason/bool2.C (test for excess errors)
=== g++ Summary ===
# of expected passes 10831
# of unexpected failures 1
# of expected failures 67
# of unsupported tests 90
/opt/toolchain/amd64/obj/upstream/gcc/gcc/testsuite/../g++ version 4.1.0 20050327 (experimental)
=== gcc tests ===
Running target unix
FAIL: gcc.c-torture/compile/20011119-2.c -O1 (test for excess errors)
WARNING: program timed out.
FAIL: gcc.c-torture/execute/20010717-1.c compilation, -O1
UNRESOLVED: gcc.c-torture/execute/20010717-1.c execution, -O1
WARNING: program timed out.
FAIL: gcc.c-torture/execute/20011121-1.c compilation, -O2
UNRESOLVED: gcc.c-torture/execute/20011121-1.c execution, -O2
WARNING: program timed out.
FAIL: gcc.c-torture/execute/931018-1.c compilation, -O3 -fomit-frame-pointer
UNRESOLVED: gcc.c-torture/execute/931018-1.c execution, -O3 -fomit-frame-pointer
FAIL: gcc.c-torture/unsorted/pass.c, -O3 -fomit-frame-pointer
FAIL: gcc.c-torture/unsorted/pass.c, -O3 -g
FAIL: gcc.c-torture/unsorted/pass.c, -Os
FAIL: gcc.c-torture/unsorted/uuarg.c, -O3 -fomit-frame-pointer
FAIL: gcc.c-torture/unsorted/uuarg.c, -O3 -g
WARNING: program timed out.
FAIL: gcc.dg/cpp/macro6.c (test for excess errors)
WARNING: program timed out.
FAIL: gcc.dg/cpp/trad/include.c (test for excess errors)
FAIL: gcc.dg/setjmp-2.c (test for excess errors)
WARNING: gcc.dg/setjmp-2.c compilation failed to produce executable
FAIL: gcc.dg/short-compare-1.c (test for excess errors)
WARNING: gcc.dg/short-compare-1.c compilation failed to produce executable
FAIL: gcc.dg/short-compare-2.c (test for excess errors)
WARNING: gcc.dg/short-compare-2.c compilation failed to produce executable
FAIL: ./import-2.h -O0 -g (test for excess errors)
FAIL: ./import-2.h -O0 (test for excess errors)
FAIL: ./import-2.h -O1 (test for excess errors)
FAIL: ./import-2.h -O2 (test for excess errors)
FAIL: ./import-2.h -O3 -fomit-frame-pointer (test for excess errors)
FAIL: ./import-2.h -O3 -g (test for excess errors)
FAIL: ./import-2.h -Os (test for excess errors)
XPASS: gcc.dg/vect/vect-22.c scan-tree-dump-times vectorized 3 loops 1
WARNING: program timed out.
FAIL: gcc.misc-tests/gcov-2.c gcov failed: File '/opt/toolchain/src/upstream/gcc/gcc/testsuite/gcc.misc-tests/gcov-2.c'
=== gcc Summary ===
# of expected passes 33481
# of unexpected failures 22
# of unexpected successes 1
# of expected failures 105
# of unresolved testcases 3
# of untested testcases 42
# of unsupported tests 435
/opt/toolchain/amd64/obj/upstream/gcc/gcc/xgcc version 4.1.0 20050327 (experimental)
=== libstdc++ tests ===
Running target unix
XPASS: 26_numerics/cmath/c99_classification_macros_c.cc (test for excess errors)
XPASS: 27_io/fpos/14320-1.cc execution test
=== libstdc++ Summary ===
# of expected passes 3483
# of unexpected successes 2
# of expected failures 4
Compiler version: 4.1.0 20050327 (experimental)
Platform: x86_64-unknown-linux-gnu
configure flags: --prefix=/opt/toolchain/amd64/tot --with-system-zlib --enable-nls --without-included-gettext --disable-multilib --enable-languages=c,c++
Counting all warnings,
there are 0 warnings in stage3 of this bootstrap.
Number of warnings per file:
Number of warning types: