This is the mail archive of the
gcc-testresults@gcc.gnu.org
mailing list for the GCC project.
Results for 4.1.0 20050315 (experimental) testsuite onx86_64-unknown-linux-gnu
- From: Laurent GUERBY <laurent at guerby dot net>
- To: gcc-testresults at gcc dot gnu dot org
- Date: Wed, 16 Mar 2005 08:10:36 +0100
- Subject: Results for 4.1.0 20050315 (experimental) testsuite onx86_64-unknown-linux-gnu
LAST_UPDATED: Tue Mar 15 20:49:36 UTC 2005
=== acats tests ===
FAIL: cdd2a02
FAIL: cxa4006
FAIL: cxa4017
FAIL: cxa5012
=== acats Summary ===
# of expected passes 2316
# of unexpected failures 4
Native configuration is x86_64-unknown-linux-gnu
=== gcc tests ===
Running target unix
XPASS: gcc.dg/vect/vect-22.c scan-tree-dump-times vectorized 3 loops 1
=== gcc Summary ===
# of expected passes 33459
# of unexpected successes 1
# of expected failures 105
# of untested testcases 28
# of unsupported tests 428
/home/guerby/work/gcc/build/build-20050315T221848/gcc/xgcc version 4.1.0 20050315 (experimental)
Compiler version: 4.1.0 20050315 (experimental)
Platform: x86_64-unknown-linux-gnu
configure flags: --prefix=/home/guerby/work/gcc/install/install-20050315T221848 --enable-__cxa_atexit --disable-nls --enable-threads=posix --enable-checking --enable-languages=c,ada