This is the mail archive of the
gcc-testresults@gcc.gnu.org
mailing list for the GCC project.
Results for 4.1.0 20050308 (experimental) testsuite on i686-pc-linux-gnu
- From: CodeSourcery Automatic Testing System <gcc at codesourcery dot com>
- To: gcc-testresults at gcc dot gnu dot org
- Date: Tue, 8 Mar 2005 07:17:09 -0800
- Subject: Results for 4.1.0 20050308 (experimental) testsuite on i686-pc-linux-gnu
LAST_UPDATED: Tue Mar 8 09:06:58 UTC 2005
Native configuration is i686-pc-linux-gnu
=== g++ tests ===
Running target unix
=== g++ Summary ===
# of expected passes 10763
# of expected failures 71
# of unsupported tests 56
/scratch/gcc/nightly-2005-03-08-mainline/i686-pc-linux-gnu/build_gcc/build/gcc/testsuite/../g++ version 4.1.0 20050308 (experimental)
=== gcc tests ===
Running target unix
FAIL: gcc.dg/pr15784-4.c scan-tree-dump ~x;
FAIL: gcc.dg/pr15784-4.c scan-tree-dump -x;
FAIL: gcc.dg/tree-ssa/20030728-1.c scan-tree-dump-times = 0 3
XPASS: gcc.dg/vect/vect-22.c scan-tree-dump-times vectorized 3 loops 1
=== gcc Summary ===
# of expected passes 33345
# of unexpected failures 3
# of unexpected successes 1
# of expected failures 100
# of untested testcases 28
# of unsupported tests 314
/scratch/gcc/nightly-2005-03-08-mainline/i686-pc-linux-gnu/build_gcc/build/gcc/xgcc version 4.1.0 20050308 (experimental)
=== libstdc++ tests ===
Running target unix
XPASS: 22_locale/locale/cons/12658_thread-1.cc execution test
XPASS: 26_numerics/cmath/c99_classification_macros_c.cc (test for excess errors)
=== libstdc++ Summary ===
# of expected passes 3617
# of unexpected successes 2
# of expected failures 8
Compiler version: 4.1.0 20050308 (experimental)
Platform: i686-pc-linux-gnu
configure flags: --prefix=/home/gcc/scratch/nightly-2005-03-08-mainline/i686-pc-linux-gnu/build_gcc/install --enable-threads --disable-libmudflap --enable-languages=c,c++