This is the mail archive of the
gcc-testresults@gcc.gnu.org
mailing list for the GCC project.
Results for 4.1.0 20050303 (experimental) testsuite on hppa64-hp-hpux11.11
- From: CodeSourcery Automatic Testing System <gcc at codesourcery dot com>
- To: gcc-testresults at gcc dot gnu dot org
- Date: Thu, 3 Mar 2005 08:49:13 -0800
- Subject: Results for 4.1.0 20050303 (experimental) testsuite on hppa64-hp-hpux11.11
LAST_UPDATED: Thu Mar 3 10:53:57 UTC 2005
Native configuration is hppa64-hp-hpux11.11
=== g++ tests ===
Running target unix
FAIL: g++.dg/abi/inline1.C scan-assembler-not _ZTV1S
WARNING: program timed out.
FAIL: g++.dg/eh/cleanup1.C (test for excess errors)
FAIL: g++.dg/warn/weak1.C (test for excess errors)
WARNING: g++.dg/warn/weak1.C compilation failed to produce executable
=== g++ Summary ===
# of expected passes 10304
# of unexpected failures 3
# of expected failures 72
# of unsupported tests 109
/scratch/gcc/nightly-2005-03-03-mainline/hppa64-hp-hpux11.11/build_gcc/build/gcc/testsuite/../g++ version 4.1.0 20050303 (experimental)
=== gcc tests ===
Running target unix
WARNING: Could not compile gcc.dg/compat/struct-layout-1 generator
FAIL: gcc.dg/20020425-1.c (test for excess errors)
XPASS: gcc.dg/funcorder.c scan-assembler-not link_error,%r
FAIL: gcc.dg/titype-1.c (test for excess errors)
WARNING: gcc.dg/titype-1.c compilation failed to produce executable
FAIL: gcc.dg/uninit-C.c (test for excess errors)
=== gcc Summary ===
# of expected passes 32992
# of unexpected failures 3
# of unexpected successes 1
# of expected failures 78
# of untested testcases 28
# of unsupported tests 488
/scratch/gcc/nightly-2005-03-03-mainline/hppa64-hp-hpux11.11/build_gcc/build/gcc/xgcc version 4.1.0 20050303 (experimental)
=== libstdc++ tests ===
Running target unix
=== libstdc++ Summary ===
# of expected passes 3575
# of expected failures 8
# of unsupported tests 19
Compiler version: 4.1.0 20050303 (experimental)
Platform: hppa64-hp-hpux11.11
configure flags: --prefix=/scratch/gcc/nightly-2005-03-03-mainline/hppa64-hp-hpux11.11/build_gcc/install --enable-threads --with-libiconv-prefix=/usr/local --host=hppa64-hp-hpux11.11 --target=hppa64-hp-hpux11.11 --disable-nls --with-gnu-as --with-as=/usr/local/tools/gcc-3.3.1/bin/hppa64-hp-hpux11.11-as --without-gnu-ld --with-ld=/usr/ccs/bin/ld --enable-languages=c,c++