This is the mail archive of the
gcc-testresults@gcc.gnu.org
mailing list for the GCC project.
Results for 4.0.0-tree-profiling 20050211 (experimental) testsuite on powerpc64-unknown-linux-gnu
- From: Janis Johnson <janis187 at us dot ibm dot com>
- To: gcc-testresults at gcc dot gnu dot org
- Date: Mon, 28 Feb 2005 03:23:55 -0800
- Subject: Results for 4.0.0-tree-profiling 20050211 (experimental) testsuite on powerpc64-unknown-linux-gnu
Linux 2.4.21-17.EL ppc64
GNU C Library stable release version 2.3.2
GNU ld version 2.15
GNU assembler 2.15
GNU Make version 3.79.1
DejaGnu:
Expect version is 5.40.0
Tcl version is 8.4
Framework version is 1.4.4
32-bit biarch default32
CVS branch: tree-profiling-branch
This hardware does not support VMX instructions.
LAST_UPDATED: Mon Feb 28 06:58:42 UTC 2005
Native configuration is powerpc64-unknown-linux-gnu
=== g++ tests ===
Running target unix/-m32
FAIL: g++.dg/other/static11.C (test for excess errors)
=== g++ Summary for unix/-m32 ===
# of expected passes 10723
# of unexpected failures 1
# of expected failures 69
# of unsupported tests 76
Running target unix/-m64
FAIL: g++.dg/other/static11.C (test for excess errors)
=== g++ Summary for unix/-m64 ===
# of expected passes 10685
# of unexpected failures 1
# of expected failures 69
# of unsupported tests 79
=== g++ Summary ===
# of expected passes 21408
# of unexpected failures 2
# of expected failures 138
# of unsupported tests 155
/home/gccbuild/build/nightly/build-gcc-treeprof/gcc/testsuite/../g++ version 4.0.0-tree-profiling 20050211 (experimental)
=== gcc tests ===
Running target unix/-m32
FAIL: gcc.c-torture/compile/pr17529.c -O1 (test for excess errors)
FAIL: gcc.c-torture/compile/pr17529.c -O2 (test for excess errors)
FAIL: gcc.c-torture/compile/pr17529.c -O3 -fomit-frame-pointer (test for excess errors)
FAIL: gcc.c-torture/compile/pr17529.c -O3 -g (test for excess errors)
FAIL: gcc.c-torture/compile/pr17529.c -Os (test for excess errors)
FAIL: gcc.dg/20040206-1.c (test for warnings, line 11)
FAIL: gcc.dg/format/ext-1.c printf_unlocked (test for warnings, line 125)
FAIL: gcc.dg/format/ext-1.c (test for excess errors)
FAIL: gcc.dg/format/ext-1.c -DWIDE printf_unlocked (test for warnings, line 125)
FAIL: gcc.dg/format/ext-1.c -DWIDE (test for excess errors)
FAIL: gcc.dg/tree-ssa/ssa-dce-2.c scan-tree-dump-times if 0
FAIL: gcc.dg/vect/vect-77.c scan-tree-dump-times vectorized 1 loops 1
FAIL: gcc.dg/vect/vect-77.c scan-tree-dump-times Vectorizing an unaligned access 1
FAIL: gcc.dg/vect/vect-78.c scan-tree-dump-times vectorized 1 loops 1
FAIL: gcc.dg/vect/vect-78.c scan-tree-dump-times Vectorizing an unaligned access 1
=== gcc Summary for unix/-m32 ===
# of expected passes 34194
# of unexpected failures 15
# of expected failures 89
# of untested testcases 28
# of unsupported tests 436
Running target unix/-m64
FAIL: gcc.c-torture/compile/pr17529.c -O1 (test for excess errors)
FAIL: gcc.c-torture/compile/pr17529.c -O2 (test for excess errors)
FAIL: gcc.c-torture/compile/pr17529.c -O3 -fomit-frame-pointer (test for excess errors)
FAIL: gcc.c-torture/compile/pr17529.c -O3 -g (test for excess errors)
FAIL: gcc.c-torture/compile/pr17529.c -Os (test for excess errors)
FAIL: gcc.dg/20040206-1.c (test for warnings, line 11)
FAIL: gcc.dg/tree-ssa/ssa-dce-2.c scan-tree-dump-times if 0
FAIL: gcc.dg/vect/vect-46.c scan-tree-dump-times vectorized 1 loops 1
FAIL: gcc.dg/vect/vect-50.c scan-tree-dump-times vectorized 1 loops 1
FAIL: gcc.dg/vect/vect-50.c scan-tree-dump-times Vectorizing an unaligned access 2
FAIL: gcc.dg/vect/vect-50.c scan-tree-dump-times Alignment of access forced using peeling 1
FAIL: gcc.dg/vect/vect-52.c scan-tree-dump-times vectorized 1 loops 1
FAIL: gcc.dg/vect/vect-52.c scan-tree-dump-times Vectorizing an unaligned access 2
FAIL: gcc.dg/vect/vect-58.c scan-tree-dump-times vectorized 1 loops 1
FAIL: gcc.dg/vect/vect-58.c scan-tree-dump-times Vectorizing an unaligned access 2
FAIL: gcc.dg/vect/vect-58.c scan-tree-dump-times Alignment of access forced using peeling 1
FAIL: gcc.dg/vect/vect-60.c scan-tree-dump-times vectorized 1 loops 1
FAIL: gcc.dg/vect/vect-60.c scan-tree-dump-times Vectorizing an unaligned access 2
FAIL: gcc.dg/vect/vect-87.c scan-tree-dump-times vectorized 1 loops 1
FAIL: gcc.dg/vect/vect-87.c scan-tree-dump-times Alignment of access forced using peeling 1
FAIL: gcc.dg/vect/vect-88.c scan-tree-dump-times vectorized 1 loops 1
FAIL: gcc.dg/vect/vect-88.c scan-tree-dump-times Alignment of access forced using peeling 1
=== gcc Summary for unix/-m64 ===
# of expected passes 34193
# of unexpected failures 22
# of expected failures 96
# of untested testcases 28
# of unsupported tests 433
=== gcc Summary ===
# of expected passes 68387
# of unexpected failures 37
# of expected failures 185
# of untested testcases 56
# of unsupported tests 869
/home/gccbuild/build/nightly/build-gcc-treeprof/gcc/xgcc version 4.0.0-tree-profiling 20050211 (experimental)
=== gfortran tests ===
Running target unix/-m32
FAIL: gfortran.dg/array-1.f90 -O2 (test for excess errors)
WARNING: gfortran.dg/array-1.f90 -O2 compilation failed to produce executable
FAIL: gfortran.dg/array-1.f90 -O3 -fomit-frame-pointer (test for excess errors)
WARNING: gfortran.dg/array-1.f90 -O3 -fomit-frame-pointer compilation failed to produce executable
FAIL: gfortran.dg/array-1.f90 -O3 -fomit-frame-pointer -funroll-loops (test for excess errors)
WARNING: gfortran.dg/array-1.f90 -O3 -fomit-frame-pointer -funroll-loops compilation failed to produce executable
FAIL: gfortran.dg/array-1.f90 -O3 -fomit-frame-pointer -funroll-all-loops -finline-functions (test for excess errors)
WARNING: gfortran.dg/array-1.f90 -O3 -fomit-frame-pointer -funroll-all-loops -finline-functions compilation failed to produce executable
FAIL: gfortran.dg/array-1.f90 -O3 -g (test for excess errors)
WARNING: gfortran.dg/array-1.f90 -O3 -g compilation failed to produce executable
FAIL: gfortran.dg/array-1.f90 -Os (test for excess errors)
WARNING: gfortran.dg/array-1.f90 -Os compilation failed to produce executable
FAIL: gfortran.dg/do_1.f90 -O2 (test for excess errors)
WARNING: gfortran.dg/do_1.f90 -O2 compilation failed to produce executable
FAIL: gfortran.dg/do_1.f90 -O3 -fomit-frame-pointer (test for excess errors)
WARNING: gfortran.dg/do_1.f90 -O3 -fomit-frame-pointer compilation failed to produce executable
FAIL: gfortran.dg/do_1.f90 -O3 -fomit-frame-pointer -funroll-loops (test for excess errors)
WARNING: gfortran.dg/do_1.f90 -O3 -fomit-frame-pointer -funroll-loops compilation failed to produce executable
FAIL: gfortran.dg/do_1.f90 -O3 -fomit-frame-pointer -funroll-all-loops -finline-functions (test for excess errors)
WARNING: gfortran.dg/do_1.f90 -O3 -fomit-frame-pointer -funroll-all-loops -finline-functions compilation failed to produce executable
FAIL: gfortran.dg/do_1.f90 -O3 -g (test for excess errors)
WARNING: gfortran.dg/do_1.f90 -O3 -g compilation failed to produce executable
FAIL: gfortran.dg/do_1.f90 -Os (test for excess errors)
WARNING: gfortran.dg/do_1.f90 -Os compilation failed to produce executable
FAIL: gfortran.dg/edit_real_1.f90 -O2 (test for excess errors)
WARNING: gfortran.dg/edit_real_1.f90 -O2 compilation failed to produce executable
FAIL: gfortran.dg/edit_real_1.f90 -O3 -fomit-frame-pointer (test for excess errors)
WARNING: gfortran.dg/edit_real_1.f90 -O3 -fomit-frame-pointer compilation failed to produce executable
FAIL: gfortran.dg/edit_real_1.f90 -O3 -fomit-frame-pointer -funroll-loops (test for excess errors)
WARNING: gfortran.dg/edit_real_1.f90 -O3 -fomit-frame-pointer -funroll-loops compilation failed to produce executable
FAIL: gfortran.dg/edit_real_1.f90 -O3 -fomit-frame-pointer -funroll-all-loops -finline-functions (test for excess errors)
WARNING: gfortran.dg/edit_real_1.f90 -O3 -fomit-frame-pointer -funroll-all-loops -finline-functions compilation failed to produce executable
FAIL: gfortran.dg/edit_real_1.f90 -O3 -g (test for excess errors)
WARNING: gfortran.dg/edit_real_1.f90 -O3 -g compilation failed to produce executable
FAIL: gfortran.dg/edit_real_1.f90 -Os (test for excess errors)
WARNING: gfortran.dg/edit_real_1.f90 -Os compilation failed to produce executable
FAIL: gfortran.dg/entry_1.f90 -O2 (test for excess errors)
WARNING: gfortran.dg/entry_1.f90 -O2 compilation failed to produce executable
FAIL: gfortran.dg/entry_1.f90 -O3 -fomit-frame-pointer (test for excess errors)
WARNING: gfortran.dg/entry_1.f90 -O3 -fomit-frame-pointer compilation failed to produce executable
FAIL: gfortran.dg/entry_1.f90 -O3 -fomit-frame-pointer -funroll-loops (test for excess errors)
WARNING: gfortran.dg/entry_1.f90 -O3 -fomit-frame-pointer -funroll-loops compilation failed to produce executable
FAIL: gfortran.dg/entry_1.f90 -O3 -fomit-frame-pointer -funroll-all-loops -finline-functions (test for excess errors)
WARNING: gfortran.dg/entry_1.f90 -O3 -fomit-frame-pointer -funroll-all-loops -finline-functions compilation failed to produce executable
FAIL: gfortran.dg/entry_1.f90 -O3 -g (test for excess errors)
WARNING: gfortran.dg/entry_1.f90 -O3 -g compilation failed to produce executable
FAIL: gfortran.dg/entry_1.f90 -Os (test for excess errors)
WARNING: gfortran.dg/entry_1.f90 -Os compilation failed to produce executable
FAIL: gfortran.dg/fmt_read.f90 -O2 (test for excess errors)
WARNING: gfortran.dg/fmt_read.f90 -O2 compilation failed to produce executable
FAIL: gfortran.dg/fmt_read.f90 -O3 -fomit-frame-pointer (test for excess errors)
WARNING: gfortran.dg/fmt_read.f90 -O3 -fomit-frame-pointer compilation failed to produce executable
FAIL: gfortran.dg/fmt_read.f90 -O3 -fomit-frame-pointer -funroll-loops (test for excess errors)
WARNING: gfortran.dg/fmt_read.f90 -O3 -fomit-frame-pointer -funroll-loops compilation failed to produce executable
FAIL: gfortran.dg/fmt_read.f90 -O3 -fomit-frame-pointer -funroll-all-loops -finline-functions (test for excess errors)
WARNING: gfortran.dg/fmt_read.f90 -O3 -fomit-frame-pointer -funroll-all-loops -finline-functions compilation failed to produce executable
FAIL: gfortran.dg/fmt_read.f90 -O3 -g (test for excess errors)
WARNING: gfortran.dg/fmt_read.f90 -O3 -g compilation failed to produce executable
FAIL: gfortran.dg/fmt_read.f90 -Os (test for excess errors)
WARNING: gfortran.dg/fmt_read.f90 -Os compilation failed to produce executable
FAIL: gfortran.dg/pr17090.f90 -O2 (test for excess errors)
WARNING: gfortran.dg/pr17090.f90 -O2 compilation failed to produce executable
FAIL: gfortran.dg/pr17090.f90 -O3 -fomit-frame-pointer (test for excess errors)
WARNING: gfortran.dg/pr17090.f90 -O3 -fomit-frame-pointer compilation failed to produce executable
FAIL: gfortran.dg/pr17090.f90 -O3 -fomit-frame-pointer -funroll-loops (test for excess errors)
WARNING: gfortran.dg/pr17090.f90 -O3 -fomit-frame-pointer -funroll-loops compilation failed to produce executable
FAIL: gfortran.dg/pr17090.f90 -O3 -fomit-frame-pointer -funroll-all-loops -finline-functions (test for excess errors)
WARNING: gfortran.dg/pr17090.f90 -O3 -fomit-frame-pointer -funroll-all-loops -finline-functions compilation failed to produce executable
FAIL: gfortran.dg/pr17090.f90 -O3 -g (test for excess errors)
WARNING: gfortran.dg/pr17090.f90 -O3 -g compilation failed to produce executable
FAIL: gfortran.dg/pr17090.f90 -Os (test for excess errors)
WARNING: gfortran.dg/pr17090.f90 -Os compilation failed to produce executable
FAIL: gfortran.dg/pr17706.f90 -O2 (test for excess errors)
WARNING: gfortran.dg/pr17706.f90 -O2 compilation failed to produce executable
FAIL: gfortran.dg/pr17706.f90 -O3 -fomit-frame-pointer (test for excess errors)
WARNING: gfortran.dg/pr17706.f90 -O3 -fomit-frame-pointer compilation failed to produce executable
FAIL: gfortran.dg/pr17706.f90 -O3 -fomit-frame-pointer -funroll-loops (test for excess errors)
WARNING: gfortran.dg/pr17706.f90 -O3 -fomit-frame-pointer -funroll-loops compilation failed to produce executable
FAIL: gfortran.dg/pr17706.f90 -O3 -fomit-frame-pointer -funroll-all-loops -finline-functions (test for excess errors)
WARNING: gfortran.dg/pr17706.f90 -O3 -fomit-frame-pointer -funroll-all-loops -finline-functions compilation failed to produce executable
FAIL: gfortran.dg/pr17706.f90 -O3 -g (test for excess errors)
WARNING: gfortran.dg/pr17706.f90 -O3 -g compilation failed to produce executable
FAIL: gfortran.dg/pr17706.f90 -Os (test for excess errors)
WARNING: gfortran.dg/pr17706.f90 -Os compilation failed to produce executable
FAIL: gfortran.dg/ret_array_1.f90 -O2 (test for excess errors)
WARNING: gfortran.dg/ret_array_1.f90 -O2 compilation failed to produce executable
FAIL: gfortran.dg/ret_array_1.f90 -O3 -fomit-frame-pointer (test for excess errors)
WARNING: gfortran.dg/ret_array_1.f90 -O3 -fomit-frame-pointer compilation failed to produce executable
FAIL: gfortran.dg/ret_array_1.f90 -O3 -fomit-frame-pointer -funroll-loops (test for excess errors)
WARNING: gfortran.dg/ret_array_1.f90 -O3 -fomit-frame-pointer -funroll-loops compilation failed to produce executable
FAIL: gfortran.dg/ret_array_1.f90 -O3 -fomit-frame-pointer -funroll-all-loops -finline-functions (test for excess errors)
WARNING: gfortran.dg/ret_array_1.f90 -O3 -fomit-frame-pointer -funroll-all-loops -finline-functions compilation failed to produce executable
FAIL: gfortran.dg/ret_array_1.f90 -O3 -g (test for excess errors)
WARNING: gfortran.dg/ret_array_1.f90 -O3 -g compilation failed to produce executable
FAIL: gfortran.dg/ret_array_1.f90 -Os (test for excess errors)
WARNING: gfortran.dg/ret_array_1.f90 -Os compilation failed to produce executable
XPASS: gfortran.dg/ret_pointer_1.f90 -O0 execution test
XPASS: gfortran.dg/ret_pointer_1.f90 -O1 execution test
FAIL: gfortran.dg/string_ctor_1.f90 -O2 (test for excess errors)
WARNING: gfortran.dg/string_ctor_1.f90 -O2 compilation failed to produce executable
FAIL: gfortran.dg/string_ctor_1.f90 -O3 -fomit-frame-pointer (test for excess errors)
WARNING: gfortran.dg/string_ctor_1.f90 -O3 -fomit-frame-pointer compilation failed to produce executable
FAIL: gfortran.dg/string_ctor_1.f90 -O3 -fomit-frame-pointer -funroll-loops (test for excess errors)
WARNING: gfortran.dg/string_ctor_1.f90 -O3 -fomit-frame-pointer -funroll-loops compilation failed to produce executable
FAIL: gfortran.dg/string_ctor_1.f90 -O3 -fomit-frame-pointer -funroll-all-loops -finline-functions (test for excess errors)
WARNING: gfortran.dg/string_ctor_1.f90 -O3 -fomit-frame-pointer -funroll-all-loops -finline-functions compilation failed to produce executable
FAIL: gfortran.dg/string_ctor_1.f90 -O3 -g (test for excess errors)
WARNING: gfortran.dg/string_ctor_1.f90 -O3 -g compilation failed to produce executable
FAIL: gfortran.dg/string_ctor_1.f90 -Os (test for excess errors)
WARNING: gfortran.dg/string_ctor_1.f90 -Os compilation failed to produce executable
FAIL: gfortran.dg/g77/20010116.f -O2 (test for excess errors)
WARNING: gfortran.dg/g77/20010116.f -O2 compilation failed to produce executable
FAIL: gfortran.dg/g77/20010116.f -O3 -fomit-frame-pointer (test for excess errors)
WARNING: gfortran.dg/g77/20010116.f -O3 -fomit-frame-pointer compilation failed to produce executable
FAIL: gfortran.dg/g77/20010116.f -O3 -fomit-frame-pointer -funroll-loops (test for excess errors)
WARNING: gfortran.dg/g77/20010116.f -O3 -fomit-frame-pointer -funroll-loops compilation failed to produce executable
FAIL: gfortran.dg/g77/20010116.f -O3 -fomit-frame-pointer -funroll-all-loops -finline-functions (test for excess errors)
WARNING: gfortran.dg/g77/20010116.f -O3 -fomit-frame-pointer -funroll-all-loops -finline-functions compilation failed to produce executable
FAIL: gfortran.dg/g77/20010116.f -O3 -g (test for excess errors)
WARNING: gfortran.dg/g77/20010116.f -O3 -g compilation failed to produce executable
FAIL: gfortran.dg/g77/20010116.f -Os (test for excess errors)
WARNING: gfortran.dg/g77/20010116.f -Os compilation failed to produce executable
FAIL: gfortran.dg/g77/20010426-1.f -O2 (test for excess errors)
WARNING: gfortran.dg/g77/20010426-1.f -O2 compilation failed to produce executable
FAIL: gfortran.dg/g77/20010426-1.f -O3 -fomit-frame-pointer (test for excess errors)
WARNING: gfortran.dg/g77/20010426-1.f -O3 -fomit-frame-pointer compilation failed to produce executable
FAIL: gfortran.dg/g77/20010426-1.f -O3 -fomit-frame-pointer -funroll-loops (test for excess errors)
WARNING: gfortran.dg/g77/20010426-1.f -O3 -fomit-frame-pointer -funroll-loops compilation failed to produce executable
FAIL: gfortran.dg/g77/20010426-1.f -O3 -fomit-frame-pointer -funroll-all-loops -finline-functions (test for excess errors)
WARNING: gfortran.dg/g77/20010426-1.f -O3 -fomit-frame-pointer -funroll-all-loops -finline-functions compilation failed to produce executable
FAIL: gfortran.dg/g77/20010426-1.f -O3 -g (test for excess errors)
WARNING: gfortran.dg/g77/20010426-1.f -O3 -g compilation failed to produce executable
FAIL: gfortran.dg/g77/20010426-1.f -Os (test for excess errors)
WARNING: gfortran.dg/g77/20010426-1.f -Os compilation failed to produce executable
FAIL: gfortran.dg/g77/dnrm2.f -O2 (test for excess errors)
WARNING: gfortran.dg/g77/dnrm2.f -O2 compilation failed to produce executable
FAIL: gfortran.dg/g77/dnrm2.f -O3 -fomit-frame-pointer (test for excess errors)
WARNING: gfortran.dg/g77/dnrm2.f -O3 -fomit-frame-pointer compilation failed to produce executable
FAIL: gfortran.dg/g77/dnrm2.f -O3 -fomit-frame-pointer -funroll-loops (test for excess errors)
WARNING: gfortran.dg/g77/dnrm2.f -O3 -fomit-frame-pointer -funroll-loops compilation failed to produce executable
FAIL: gfortran.dg/g77/dnrm2.f -O3 -fomit-frame-pointer -funroll-all-loops -finline-functions (test for excess errors)
WARNING: gfortran.dg/g77/dnrm2.f -O3 -fomit-frame-pointer -funroll-all-loops -finline-functions compilation failed to produce executable
FAIL: gfortran.dg/g77/dnrm2.f -O3 -g (test for excess errors)
WARNING: gfortran.dg/g77/dnrm2.f -O3 -g compilation failed to produce executable
FAIL: gfortran.dg/g77/dnrm2.f -Os (test for excess errors)
WARNING: gfortran.dg/g77/dnrm2.f -Os compilation failed to produce executable
FAIL: gfortran.dg/g77/f77-edit-i-out.f -O2 (test for excess errors)
WARNING: gfortran.dg/g77/f77-edit-i-out.f -O2 compilation failed to produce executable
FAIL: gfortran.dg/g77/f77-edit-i-out.f -O3 -fomit-frame-pointer (test for excess errors)
WARNING: gfortran.dg/g77/f77-edit-i-out.f -O3 -fomit-frame-pointer compilation failed to produce executable
FAIL: gfortran.dg/g77/f77-edit-i-out.f -O3 -fomit-frame-pointer -funroll-loops (test for excess errors)
WARNING: gfortran.dg/g77/f77-edit-i-out.f -O3 -fomit-frame-pointer -funroll-loops compilation failed to produce executable
FAIL: gfortran.dg/g77/f77-edit-i-out.f -O3 -fomit-frame-pointer -funroll-all-loops -finline-functions (test for excess errors)
WARNING: gfortran.dg/g77/f77-edit-i-out.f -O3 -fomit-frame-pointer -funroll-all-loops -finline-functions compilation failed to produce executable
FAIL: gfortran.dg/g77/f77-edit-i-out.f -O3 -g (test for excess errors)
WARNING: gfortran.dg/g77/f77-edit-i-out.f -O3 -g compilation failed to produce executable
FAIL: gfortran.dg/g77/f77-edit-i-out.f -Os (test for excess errors)
WARNING: gfortran.dg/g77/f77-edit-i-out.f -Os compilation failed to produce executable
FAIL: gfortran.dg/g77/f77-edit-s-out.f -O2 (test for excess errors)
WARNING: gfortran.dg/g77/f77-edit-s-out.f -O2 compilation failed to produce executable
FAIL: gfortran.dg/g77/f77-edit-s-out.f -O3 -fomit-frame-pointer (test for excess errors)
WARNING: gfortran.dg/g77/f77-edit-s-out.f -O3 -fomit-frame-pointer compilation failed to produce executable
FAIL: gfortran.dg/g77/f77-edit-s-out.f -O3 -fomit-frame-pointer -funroll-loops (test for excess errors)
WARNING: gfortran.dg/g77/f77-edit-s-out.f -O3 -fomit-frame-pointer -funroll-loops compilation failed to produce executable
FAIL: gfortran.dg/g77/f77-edit-s-out.f -O3 -fomit-frame-pointer -funroll-all-loops -finline-functions (test for excess errors)
WARNING: gfortran.dg/g77/f77-edit-s-out.f -O3 -fomit-frame-pointer -funroll-all-loops -finline-functions compilation failed to produce executable
FAIL: gfortran.dg/g77/f77-edit-s-out.f -O3 -g (test for excess errors)
WARNING: gfortran.dg/g77/f77-edit-s-out.f -O3 -g compilation failed to produce executable
FAIL: gfortran.dg/g77/f77-edit-s-out.f -Os (test for excess errors)
WARNING: gfortran.dg/g77/f77-edit-s-out.f -Os compilation failed to produce executable
FAIL: gfortran.dg/g77/f77-edit-t-out.f -O2 (test for excess errors)
WARNING: gfortran.dg/g77/f77-edit-t-out.f -O2 compilation failed to produce executable
FAIL: gfortran.dg/g77/f77-edit-t-out.f -O3 -fomit-frame-pointer (test for excess errors)
WARNING: gfortran.dg/g77/f77-edit-t-out.f -O3 -fomit-frame-pointer compilation failed to produce executable
FAIL: gfortran.dg/g77/f77-edit-t-out.f -O3 -fomit-frame-pointer -funroll-loops (test for excess errors)
WARNING: gfortran.dg/g77/f77-edit-t-out.f -O3 -fomit-frame-pointer -funroll-loops compilation failed to produce executable
FAIL: gfortran.dg/g77/f77-edit-t-out.f -O3 -fomit-frame-pointer -funroll-all-loops -finline-functions (test for excess errors)
WARNING: gfortran.dg/g77/f77-edit-t-out.f -O3 -fomit-frame-pointer -funroll-all-loops -finline-functions compilation failed to produce executable
FAIL: gfortran.dg/g77/f77-edit-t-out.f -O3 -g (test for excess errors)
WARNING: gfortran.dg/g77/f77-edit-t-out.f -O3 -g compilation failed to produce executable
FAIL: gfortran.dg/g77/f77-edit-t-out.f -Os (test for excess errors)
WARNING: gfortran.dg/g77/f77-edit-t-out.f -Os compilation failed to produce executable
FAIL: gfortran.dg/g77/f77-edit-x-out.f -O2 (test for excess errors)
WARNING: gfortran.dg/g77/f77-edit-x-out.f -O2 compilation failed to produce executable
FAIL: gfortran.dg/g77/f77-edit-x-out.f -O3 -fomit-frame-pointer (test for excess errors)
WARNING: gfortran.dg/g77/f77-edit-x-out.f -O3 -fomit-frame-pointer compilation failed to produce executable
FAIL: gfortran.dg/g77/f77-edit-x-out.f -O3 -fomit-frame-pointer -funroll-loops (test for excess errors)
WARNING: gfortran.dg/g77/f77-edit-x-out.f -O3 -fomit-frame-pointer -funroll-loops compilation failed to produce executable
FAIL: gfortran.dg/g77/f77-edit-x-out.f -O3 -fomit-frame-pointer -funroll-all-loops -finline-functions (test for excess errors)
WARNING: gfortran.dg/g77/f77-edit-x-out.f -O3 -fomit-frame-pointer -funroll-all-loops -finline-functions compilation failed to produce executable
FAIL: gfortran.dg/g77/f77-edit-x-out.f -O3 -g (test for excess errors)
WARNING: gfortran.dg/g77/f77-edit-x-out.f -O3 -g compilation failed to produce executable
FAIL: gfortran.dg/g77/f77-edit-x-out.f -Os (test for excess errors)
WARNING: gfortran.dg/g77/f77-edit-x-out.f -Os compilation failed to produce executable
FAIL: gfortran.dg/g77/f90-intrinsic-bit.f -O2 (test for excess errors)
WARNING: gfortran.dg/g77/f90-intrinsic-bit.f -O2 compilation failed to produce executable
FAIL: gfortran.dg/g77/f90-intrinsic-bit.f -O3 -fomit-frame-pointer (test for excess errors)
WARNING: gfortran.dg/g77/f90-intrinsic-bit.f -O3 -fomit-frame-pointer compilation failed to produce executable
FAIL: gfortran.dg/g77/f90-intrinsic-bit.f -O3 -fomit-frame-pointer -funroll-loops (test for excess errors)
WARNING: gfortran.dg/g77/f90-intrinsic-bit.f -O3 -fomit-frame-pointer -funroll-loops compilation failed to produce executable
FAIL: gfortran.dg/g77/f90-intrinsic-bit.f -O3 -fomit-frame-pointer -funroll-all-loops -finline-functions (test for excess errors)
WARNING: gfortran.dg/g77/f90-intrinsic-bit.f -O3 -fomit-frame-pointer -funroll-all-loops -finline-functions compilation failed to produce executable
FAIL: gfortran.dg/g77/f90-intrinsic-bit.f -O3 -g (test for excess errors)
WARNING: gfortran.dg/g77/f90-intrinsic-bit.f -O3 -g compilation failed to produce executable
FAIL: gfortran.dg/g77/f90-intrinsic-bit.f -Os (test for excess errors)
WARNING: gfortran.dg/g77/f90-intrinsic-bit.f -Os compilation failed to produce executable
FAIL: gfortran.dg/g77/f90-intrinsic-mathematical.f -O2 (test for excess errors)
WARNING: gfortran.dg/g77/f90-intrinsic-mathematical.f -O2 compilation failed to produce executable
FAIL: gfortran.dg/g77/f90-intrinsic-mathematical.f -O3 -fomit-frame-pointer (test for excess errors)
WARNING: gfortran.dg/g77/f90-intrinsic-mathematical.f -O3 -fomit-frame-pointer compilation failed to produce executable
FAIL: gfortran.dg/g77/f90-intrinsic-mathematical.f -O3 -fomit-frame-pointer -funroll-loops (test for excess errors)
WARNING: gfortran.dg/g77/f90-intrinsic-mathematical.f -O3 -fomit-frame-pointer -funroll-loops compilation failed to produce executable
FAIL: gfortran.dg/g77/f90-intrinsic-mathematical.f -O3 -fomit-frame-pointer -funroll-all-loops -finline-functions (test for excess errors)
WARNING: gfortran.dg/g77/f90-intrinsic-mathematical.f -O3 -fomit-frame-pointer -funroll-all-loops -finline-functions compilation failed to produce executable
FAIL: gfortran.dg/g77/f90-intrinsic-mathematical.f -O3 -g (test for excess errors)
WARNING: gfortran.dg/g77/f90-intrinsic-mathematical.f -O3 -g compilation failed to produce executable
FAIL: gfortran.dg/g77/f90-intrinsic-mathematical.f -Os (test for excess errors)
WARNING: gfortran.dg/g77/f90-intrinsic-mathematical.f -Os compilation failed to produce executable
FAIL: gfortran.dg/g77/f90-intrinsic-numeric.f -O2 (test for excess errors)
WARNING: gfortran.dg/g77/f90-intrinsic-numeric.f -O2 compilation failed to produce executable
FAIL: gfortran.dg/g77/f90-intrinsic-numeric.f -O3 -fomit-frame-pointer (test for excess errors)
WARNING: gfortran.dg/g77/f90-intrinsic-numeric.f -O3 -fomit-frame-pointer compilation failed to produce executable
FAIL: gfortran.dg/g77/f90-intrinsic-numeric.f -O3 -fomit-frame-pointer -funroll-loops (test for excess errors)
WARNING: gfortran.dg/g77/f90-intrinsic-numeric.f -O3 -fomit-frame-pointer -funroll-loops compilation failed to produce executable
FAIL: gfortran.dg/g77/f90-intrinsic-numeric.f -O3 -fomit-frame-pointer -funroll-all-loops -finline-functions (test for excess errors)
WARNING: gfortran.dg/g77/f90-intrinsic-numeric.f -O3 -fomit-frame-pointer -funroll-all-loops -finline-functions compilation failed to produce executable
FAIL: gfortran.dg/g77/f90-intrinsic-numeric.f -O3 -g (test for excess errors)
WARNING: gfortran.dg/g77/f90-intrinsic-numeric.f -O3 -g compilation failed to produce executable
FAIL: gfortran.dg/g77/f90-intrinsic-numeric.f -Os (test for excess errors)
WARNING: gfortran.dg/g77/f90-intrinsic-numeric.f -Os compilation failed to produce executable
FAIL: gfortran.dg/g77/strlen0.f -O2 (test for excess errors)
WARNING: gfortran.dg/g77/strlen0.f -O2 compilation failed to produce executable
FAIL: gfortran.dg/g77/strlen0.f -O3 -fomit-frame-pointer (test for excess errors)
WARNING: gfortran.dg/g77/strlen0.f -O3 -fomit-frame-pointer compilation failed to produce executable
FAIL: gfortran.dg/g77/strlen0.f -O3 -fomit-frame-pointer -funroll-loops (test for excess errors)
WARNING: gfortran.dg/g77/strlen0.f -O3 -fomit-frame-pointer -funroll-loops compilation failed to produce executable
FAIL: gfortran.dg/g77/strlen0.f -O3 -fomit-frame-pointer -funroll-all-loops -finline-functions (test for excess errors)
WARNING: gfortran.dg/g77/strlen0.f -O3 -fomit-frame-pointer -funroll-all-loops -finline-functions compilation failed to produce executable
FAIL: gfortran.dg/g77/strlen0.f -O3 -g (test for excess errors)
WARNING: gfortran.dg/g77/strlen0.f -O3 -g compilation failed to produce executable
FAIL: gfortran.dg/g77/strlen0.f -Os (test for excess errors)
WARNING: gfortran.dg/g77/strlen0.f -Os compilation failed to produce executable
FAIL: gfortran.fortran-torture/execute/allocate.f90 compilation, -O2
FAIL: gfortran.fortran-torture/execute/allocate.f90 compilation, -O3 -fomit-frame-pointer
FAIL: gfortran.fortran-torture/execute/allocate.f90 compilation, -O3 -fomit-frame-pointer -funroll-loops
FAIL: gfortran.fortran-torture/execute/allocate.f90 compilation, -O3 -fomit-frame-pointer -funroll-all-loops -finline-functions
FAIL: gfortran.fortran-torture/execute/allocate.f90 compilation, -O3 -g
FAIL: gfortran.fortran-torture/execute/allocate.f90 compilation, -Os
FAIL: gfortran.fortran-torture/execute/alternate_return.f90 compilation, -O2
FAIL: gfortran.fortran-torture/execute/alternate_return.f90 compilation, -O3 -fomit-frame-pointer
FAIL: gfortran.fortran-torture/execute/alternate_return.f90 compilation, -O3 -fomit-frame-pointer -funroll-loops
FAIL: gfortran.fortran-torture/execute/alternate_return.f90 compilation, -O3 -fomit-frame-pointer -funroll-all-loops -finline-functions
FAIL: gfortran.fortran-torture/execute/alternate_return.f90 compilation, -O3 -g
FAIL: gfortran.fortran-torture/execute/alternate_return.f90 compilation, -Os
FAIL: gfortran.fortran-torture/execute/arithmeticif.f90 compilation, -O2
FAIL: gfortran.fortran-torture/execute/arithmeticif.f90 compilation, -O3 -fomit-frame-pointer
FAIL: gfortran.fortran-torture/execute/arithmeticif.f90 compilation, -O3 -fomit-frame-pointer -funroll-loops
FAIL: gfortran.fortran-torture/execute/arithmeticif.f90 compilation, -O3 -fomit-frame-pointer -funroll-all-loops -finline-functions
FAIL: gfortran.fortran-torture/execute/arithmeticif.f90 compilation, -O3 -g
FAIL: gfortran.fortran-torture/execute/arithmeticif.f90 compilation, -Os
FAIL: gfortran.fortran-torture/execute/contained.f90 compilation, -O2
FAIL: gfortran.fortran-torture/execute/contained.f90 compilation, -O3 -fomit-frame-pointer
FAIL: gfortran.fortran-torture/execute/contained.f90 compilation, -O3 -fomit-frame-pointer -funroll-loops
FAIL: gfortran.fortran-torture/execute/contained.f90 compilation, -O3 -fomit-frame-pointer -funroll-all-loops -finline-functions
FAIL: gfortran.fortran-torture/execute/contained.f90 compilation, -O3 -g
FAIL: gfortran.fortran-torture/execute/contained.f90 compilation, -Os
FAIL: gfortran.fortran-torture/execute/contained_3.f90 compilation, -O2
FAIL: gfortran.fortran-torture/execute/contained_3.f90 compilation, -O3 -fomit-frame-pointer
FAIL: gfortran.fortran-torture/execute/contained_3.f90 compilation, -O3 -fomit-frame-pointer -funroll-loops
FAIL: gfortran.fortran-torture/execute/contained_3.f90 compilation, -O3 -fomit-frame-pointer -funroll-all-loops -finline-functions
FAIL: gfortran.fortran-torture/execute/contained_3.f90 compilation, -O3 -g
FAIL: gfortran.fortran-torture/execute/contained_3.f90 compilation, -Os
FAIL: gfortran.fortran-torture/execute/elemental.f90 compilation, -O2
FAIL: gfortran.fortran-torture/execute/elemental.f90 compilation, -O3 -fomit-frame-pointer
FAIL: gfortran.fortran-torture/execute/elemental.f90 compilation, -O3 -fomit-frame-pointer -funroll-loops
FAIL: gfortran.fortran-torture/execute/elemental.f90 compilation, -O3 -fomit-frame-pointer -funroll-all-loops -finline-functions
FAIL: gfortran.fortran-torture/execute/elemental.f90 compilation, -O3 -g
FAIL: gfortran.fortran-torture/execute/elemental.f90 compilation, -Os
FAIL: gfortran.fortran-torture/execute/forall_3.f90 execution, -O1
FAIL: gfortran.fortran-torture/execute/forall_3.f90 execution, -O2
FAIL: gfortran.fortran-torture/execute/forall_3.f90 execution, -O3 -fomit-frame-pointer
FAIL: gfortran.fortran-torture/execute/forall_3.f90 execution, -O3 -g
FAIL: gfortran.fortran-torture/execute/forall_3.f90 execution, -Os
FAIL: gfortran.fortran-torture/execute/initializer.f90 compilation, -O2
FAIL: gfortran.fortran-torture/execute/initializer.f90 compilation, -O3 -fomit-frame-pointer
FAIL: gfortran.fortran-torture/execute/initializer.f90 compilation, -O3 -fomit-frame-pointer -funroll-loops
FAIL: gfortran.fortran-torture/execute/initializer.f90 compilation, -O3 -fomit-frame-pointer -funroll-all-loops -finline-functions
FAIL: gfortran.fortran-torture/execute/initializer.f90 compilation, -O3 -g
FAIL: gfortran.fortran-torture/execute/initializer.f90 compilation, -Os
FAIL: gfortran.fortran-torture/execute/inquire_3.f90 compilation, -O2
FAIL: gfortran.fortran-torture/execute/inquire_3.f90 compilation, -O3 -fomit-frame-pointer
FAIL: gfortran.fortran-torture/execute/inquire_3.f90 compilation, -O3 -fomit-frame-pointer -funroll-loops
FAIL: gfortran.fortran-torture/execute/inquire_3.f90 compilation, -O3 -fomit-frame-pointer -funroll-all-loops -finline-functions
FAIL: gfortran.fortran-torture/execute/inquire_3.f90 compilation, -O3 -g
FAIL: gfortran.fortran-torture/execute/inquire_3.f90 compilation, -Os
FAIL: gfortran.fortran-torture/execute/inquire_4.f90 compilation, -O2
FAIL: gfortran.fortran-torture/execute/inquire_4.f90 compilation, -O3 -fomit-frame-pointer
FAIL: gfortran.fortran-torture/execute/inquire_4.f90 compilation, -O3 -fomit-frame-pointer -funroll-loops
FAIL: gfortran.fortran-torture/execute/inquire_4.f90 compilation, -O3 -fomit-frame-pointer -funroll-all-loops -finline-functions
FAIL: gfortran.fortran-torture/execute/inquire_4.f90 compilation, -O3 -g
FAIL: gfortran.fortran-torture/execute/inquire_4.f90 compilation, -Os
FAIL: gfortran.fortran-torture/execute/intrinsic_aint_anint.f90 compilation, -O2
FAIL: gfortran.fortran-torture/execute/intrinsic_aint_anint.f90 compilation, -O3 -fomit-frame-pointer
FAIL: gfortran.fortran-torture/execute/intrinsic_aint_anint.f90 compilation, -O3 -fomit-frame-pointer -funroll-loops
FAIL: gfortran.fortran-torture/execute/intrinsic_aint_anint.f90 compilation, -O3 -fomit-frame-pointer -funroll-all-loops -finline-functions
FAIL: gfortran.fortran-torture/execute/intrinsic_aint_anint.f90 compilation, -O3 -g
FAIL: gfortran.fortran-torture/execute/intrinsic_aint_anint.f90 compilation, -Os
FAIL: gfortran.fortran-torture/execute/intrinsic_anyall.f90 compilation, -O2
FAIL: gfortran.fortran-torture/execute/intrinsic_anyall.f90 compilation, -O3 -fomit-frame-pointer
FAIL: gfortran.fortran-torture/execute/intrinsic_anyall.f90 compilation, -O3 -fomit-frame-pointer -funroll-loops
FAIL: gfortran.fortran-torture/execute/intrinsic_anyall.f90 compilation, -O3 -fomit-frame-pointer -funroll-all-loops -finline-functions
FAIL: gfortran.fortran-torture/execute/intrinsic_anyall.f90 compilation, -O3 -g
FAIL: gfortran.fortran-torture/execute/intrinsic_anyall.f90 compilation, -Os
FAIL: gfortran.fortran-torture/execute/intrinsic_count.f90 compilation, -O2
FAIL: gfortran.fortran-torture/execute/intrinsic_count.f90 compilation, -O3 -fomit-frame-pointer
FAIL: gfortran.fortran-torture/execute/intrinsic_count.f90 compilation, -O3 -fomit-frame-pointer -funroll-loops
FAIL: gfortran.fortran-torture/execute/intrinsic_count.f90 compilation, -O3 -fomit-frame-pointer -funroll-all-loops -finline-functions
FAIL: gfortran.fortran-torture/execute/intrinsic_count.f90 compilation, -O3 -g
FAIL: gfortran.fortran-torture/execute/intrinsic_count.f90 compilation, -Os
FAIL: gfortran.fortran-torture/execute/intrinsic_cshift.f90 compilation, -O2
FAIL: gfortran.fortran-torture/execute/intrinsic_cshift.f90 compilation, -O3 -fomit-frame-pointer
FAIL: gfortran.fortran-torture/execute/intrinsic_cshift.f90 compilation, -O3 -fomit-frame-pointer -funroll-loops
FAIL: gfortran.fortran-torture/execute/intrinsic_cshift.f90 compilation, -O3 -fomit-frame-pointer -funroll-all-loops -finline-functions
FAIL: gfortran.fortran-torture/execute/intrinsic_cshift.f90 compilation, -O3 -g
FAIL: gfortran.fortran-torture/execute/intrinsic_cshift.f90 compilation, -Os
FAIL: gfortran.fortran-torture/execute/intrinsic_eoshift.f90 compilation, -O2
FAIL: gfortran.fortran-torture/execute/intrinsic_eoshift.f90 compilation, -O3 -fomit-frame-pointer
FAIL: gfortran.fortran-torture/execute/intrinsic_eoshift.f90 compilation, -O3 -fomit-frame-pointer -funroll-loops
FAIL: gfortran.fortran-torture/execute/intrinsic_eoshift.f90 compilation, -O3 -fomit-frame-pointer -funroll-all-loops -finline-functions
FAIL: gfortran.fortran-torture/execute/intrinsic_eoshift.f90 compilation, -O3 -g
FAIL: gfortran.fortran-torture/execute/intrinsic_eoshift.f90 compilation, -Os
FAIL: gfortran.fortran-torture/execute/intrinsic_integer.f90 compilation, -O2
FAIL: gfortran.fortran-torture/execute/intrinsic_integer.f90 compilation, -O3 -fomit-frame-pointer
FAIL: gfortran.fortran-torture/execute/intrinsic_integer.f90 compilation, -O3 -fomit-frame-pointer -funroll-loops
FAIL: gfortran.fortran-torture/execute/intrinsic_integer.f90 compilation, -O3 -fomit-frame-pointer -funroll-all-loops -finline-functions
FAIL: gfortran.fortran-torture/execute/intrinsic_integer.f90 compilation, -O3 -g
FAIL: gfortran.fortran-torture/execute/intrinsic_integer.f90 compilation, -Os
FAIL: gfortran.fortran-torture/execute/intrinsic_mmloc.f90 compilation, -O2
FAIL: gfortran.fortran-torture/execute/intrinsic_mmloc.f90 compilation, -O3 -fomit-frame-pointer
FAIL: gfortran.fortran-torture/execute/intrinsic_mmloc.f90 compilation, -O3 -fomit-frame-pointer -funroll-loops
FAIL: gfortran.fortran-torture/execute/intrinsic_mmloc.f90 compilation, -O3 -fomit-frame-pointer -funroll-all-loops -finline-functions
FAIL: gfortran.fortran-torture/execute/intrinsic_mmloc.f90 compilation, -O3 -g
FAIL: gfortran.fortran-torture/execute/intrinsic_mmloc.f90 compilation, -Os
FAIL: gfortran.fortran-torture/execute/intrinsic_mmval.f90 compilation, -O2
FAIL: gfortran.fortran-torture/execute/intrinsic_mmval.f90 compilation, -O3 -fomit-frame-pointer
FAIL: gfortran.fortran-torture/execute/intrinsic_mmval.f90 compilation, -O3 -fomit-frame-pointer -funroll-loops
FAIL: gfortran.fortran-torture/execute/intrinsic_mmval.f90 compilation, -O3 -fomit-frame-pointer -funroll-all-loops -finline-functions
FAIL: gfortran.fortran-torture/execute/intrinsic_mmval.f90 compilation, -O3 -g
FAIL: gfortran.fortran-torture/execute/intrinsic_mmval.f90 compilation, -Os
FAIL: gfortran.fortran-torture/execute/intrinsic_mvbits.f90 compilation, -O2
FAIL: gfortran.fortran-torture/execute/intrinsic_mvbits.f90 compilation, -O3 -fomit-frame-pointer
FAIL: gfortran.fortran-torture/execute/intrinsic_mvbits.f90 compilation, -O3 -fomit-frame-pointer -funroll-loops
FAIL: gfortran.fortran-torture/execute/intrinsic_mvbits.f90 compilation, -O3 -fomit-frame-pointer -funroll-all-loops -finline-functions
FAIL: gfortran.fortran-torture/execute/intrinsic_mvbits.f90 compilation, -O3 -g
FAIL: gfortran.fortran-torture/execute/intrinsic_mvbits.f90 compilation, -Os
FAIL: gfortran.fortran-torture/execute/intrinsic_pack.f90 compilation, -O2
FAIL: gfortran.fortran-torture/execute/intrinsic_pack.f90 compilation, -O3 -fomit-frame-pointer
FAIL: gfortran.fortran-torture/execute/intrinsic_pack.f90 compilation, -O3 -fomit-frame-pointer -funroll-loops
FAIL: gfortran.fortran-torture/execute/intrinsic_pack.f90 compilation, -O3 -fomit-frame-pointer -funroll-all-loops -finline-functions
FAIL: gfortran.fortran-torture/execute/intrinsic_pack.f90 compilation, -O3 -g
FAIL: gfortran.fortran-torture/execute/intrinsic_pack.f90 compilation, -Os
FAIL: gfortran.fortran-torture/execute/intrinsic_product.f90 compilation, -O2
FAIL: gfortran.fortran-torture/execute/intrinsic_product.f90 compilation, -O3 -fomit-frame-pointer
FAIL: gfortran.fortran-torture/execute/intrinsic_product.f90 compilation, -O3 -fomit-frame-pointer -funroll-loops
FAIL: gfortran.fortran-torture/execute/intrinsic_product.f90 compilation, -O3 -fomit-frame-pointer -funroll-all-loops -finline-functions
FAIL: gfortran.fortran-torture/execute/intrinsic_product.f90 compilation, -O3 -g
FAIL: gfortran.fortran-torture/execute/intrinsic_product.f90 compilation, -Os
FAIL: gfortran.fortran-torture/execute/intrinsic_rrspacing.f90 compilation, -O2
FAIL: gfortran.fortran-torture/execute/intrinsic_rrspacing.f90 compilation, -O3 -fomit-frame-pointer
FAIL: gfortran.fortran-torture/execute/intrinsic_rrspacing.f90 compilation, -O3 -fomit-frame-pointer -funroll-loops
FAIL: gfortran.fortran-torture/execute/intrinsic_rrspacing.f90 compilation, -O3 -fomit-frame-pointer -funroll-all-loops -finline-functions
FAIL: gfortran.fortran-torture/execute/intrinsic_rrspacing.f90 compilation, -O3 -g
FAIL: gfortran.fortran-torture/execute/intrinsic_rrspacing.f90 compilation, -Os
FAIL: gfortran.fortran-torture/execute/intrinsic_scale.f90 compilation, -O2
FAIL: gfortran.fortran-torture/execute/intrinsic_scale.f90 compilation, -O3 -fomit-frame-pointer
FAIL: gfortran.fortran-torture/execute/intrinsic_scale.f90 compilation, -O3 -fomit-frame-pointer -funroll-loops
FAIL: gfortran.fortran-torture/execute/intrinsic_scale.f90 compilation, -O3 -fomit-frame-pointer -funroll-all-loops -finline-functions
FAIL: gfortran.fortran-torture/execute/intrinsic_scale.f90 compilation, -O3 -g
FAIL: gfortran.fortran-torture/execute/intrinsic_scale.f90 compilation, -Os
FAIL: gfortran.fortran-torture/execute/intrinsic_spacing.f90 compilation, -O2
FAIL: gfortran.fortran-torture/execute/intrinsic_spacing.f90 compilation, -O3 -fomit-frame-pointer
FAIL: gfortran.fortran-torture/execute/intrinsic_spacing.f90 compilation, -O3 -fomit-frame-pointer -funroll-loops
FAIL: gfortran.fortran-torture/execute/intrinsic_spacing.f90 compilation, -O3 -fomit-frame-pointer -funroll-all-loops -finline-functions
FAIL: gfortran.fortran-torture/execute/intrinsic_spacing.f90 compilation, -O3 -g
FAIL: gfortran.fortran-torture/execute/intrinsic_spacing.f90 compilation, -Os
FAIL: gfortran.fortran-torture/execute/intrinsic_spread.f90 compilation, -O2
FAIL: gfortran.fortran-torture/execute/intrinsic_spread.f90 compilation, -O3 -fomit-frame-pointer
FAIL: gfortran.fortran-torture/execute/intrinsic_spread.f90 compilation, -O3 -fomit-frame-pointer -funroll-loops
FAIL: gfortran.fortran-torture/execute/intrinsic_spread.f90 compilation, -O3 -fomit-frame-pointer -funroll-all-loops -finline-functions
FAIL: gfortran.fortran-torture/execute/intrinsic_spread.f90 compilation, -O3 -g
FAIL: gfortran.fortran-torture/execute/intrinsic_spread.f90 compilation, -Os
FAIL: gfortran.fortran-torture/execute/intrinsic_sr_kind.f90 compilation, -O2
FAIL: gfortran.fortran-torture/execute/intrinsic_sr_kind.f90 compilation, -O3 -fomit-frame-pointer
FAIL: gfortran.fortran-torture/execute/intrinsic_sr_kind.f90 compilation, -O3 -fomit-frame-pointer -funroll-loops
FAIL: gfortran.fortran-torture/execute/intrinsic_sr_kind.f90 compilation, -O3 -fomit-frame-pointer -funroll-all-loops -finline-functions
FAIL: gfortran.fortran-torture/execute/intrinsic_sr_kind.f90 compilation, -O3 -g
FAIL: gfortran.fortran-torture/execute/intrinsic_sr_kind.f90 compilation, -Os
FAIL: gfortran.fortran-torture/execute/intrinsic_sum.f90 compilation, -O2
FAIL: gfortran.fortran-torture/execute/intrinsic_sum.f90 compilation, -O3 -fomit-frame-pointer
FAIL: gfortran.fortran-torture/execute/intrinsic_sum.f90 compilation, -O3 -fomit-frame-pointer -funroll-loops
FAIL: gfortran.fortran-torture/execute/intrinsic_sum.f90 compilation, -O3 -fomit-frame-pointer -funroll-all-loops -finline-functions
FAIL: gfortran.fortran-torture/execute/intrinsic_sum.f90 compilation, -O3 -g
FAIL: gfortran.fortran-torture/execute/intrinsic_sum.f90 compilation, -Os
FAIL: gfortran.fortran-torture/execute/intrinsic_trim.f90 compilation, -O2
FAIL: gfortran.fortran-torture/execute/intrinsic_trim.f90 compilation, -O3 -fomit-frame-pointer
FAIL: gfortran.fortran-torture/execute/intrinsic_trim.f90 compilation, -O3 -fomit-frame-pointer -funroll-loops
FAIL: gfortran.fortran-torture/execute/intrinsic_trim.f90 compilation, -O3 -fomit-frame-pointer -funroll-all-loops -finline-functions
FAIL: gfortran.fortran-torture/execute/intrinsic_trim.f90 compilation, -O3 -g
FAIL: gfortran.fortran-torture/execute/intrinsic_trim.f90 compilation, -Os
FAIL: gfortran.fortran-torture/execute/intrinsic_unpack.f90 compilation, -O2
FAIL: gfortran.fortran-torture/execute/intrinsic_unpack.f90 compilation, -O3 -fomit-frame-pointer
FAIL: gfortran.fortran-torture/execute/intrinsic_unpack.f90 compilation, -O3 -fomit-frame-pointer -funroll-loops
FAIL: gfortran.fortran-torture/execute/intrinsic_unpack.f90 compilation, -O3 -fomit-frame-pointer -funroll-all-loops -finline-functions
FAIL: gfortran.fortran-torture/execute/intrinsic_unpack.f90 compilation, -O3 -g
FAIL: gfortran.fortran-torture/execute/intrinsic_unpack.f90 compilation, -Os
FAIL: gfortran.fortran-torture/execute/math.f90 compilation, -O2
FAIL: gfortran.fortran-torture/execute/math.f90 compilation, -O3 -fomit-frame-pointer
FAIL: gfortran.fortran-torture/execute/math.f90 compilation, -O3 -fomit-frame-pointer -funroll-loops
FAIL: gfortran.fortran-torture/execute/math.f90 compilation, -O3 -fomit-frame-pointer -funroll-all-loops -finline-functions
FAIL: gfortran.fortran-torture/execute/math.f90 compilation, -O3 -g
FAIL: gfortran.fortran-torture/execute/math.f90 compilation, -Os
FAIL: gfortran.fortran-torture/execute/module_interface_2.f90 compilation, -O2
FAIL: gfortran.fortran-torture/execute/module_interface_2.f90 compilation, -O3 -fomit-frame-pointer
FAIL: gfortran.fortran-torture/execute/module_interface_2.f90 compilation, -O3 -fomit-frame-pointer -funroll-loops
FAIL: gfortran.fortran-torture/execute/module_interface_2.f90 compilation, -O3 -fomit-frame-pointer -funroll-all-loops -finline-functions
FAIL: gfortran.fortran-torture/execute/module_interface_2.f90 compilation, -O3 -g
FAIL: gfortran.fortran-torture/execute/module_interface_2.f90 compilation, -Os
FAIL: gfortran.fortran-torture/execute/nullarg.f90 compilation, -O2
FAIL: gfortran.fortran-torture/execute/nullarg.f90 compilation, -O3 -fomit-frame-pointer
FAIL: gfortran.fortran-torture/execute/nullarg.f90 compilation, -O3 -fomit-frame-pointer -funroll-loops
FAIL: gfortran.fortran-torture/execute/nullarg.f90 compilation, -O3 -fomit-frame-pointer -funroll-all-loops -finline-functions
FAIL: gfortran.fortran-torture/execute/nullarg.f90 compilation, -O3 -g
FAIL: gfortran.fortran-torture/execute/nullarg.f90 compilation, -Os
FAIL: gfortran.fortran-torture/execute/optstring_1.f90 compilation, -O2
FAIL: gfortran.fortran-torture/execute/optstring_1.f90 compilation, -O3 -fomit-frame-pointer
FAIL: gfortran.fortran-torture/execute/optstring_1.f90 compilation, -O3 -fomit-frame-pointer -funroll-loops
FAIL: gfortran.fortran-torture/execute/optstring_1.f90 compilation, -O3 -fomit-frame-pointer -funroll-all-loops -finline-functions
FAIL: gfortran.fortran-torture/execute/optstring_1.f90 compilation, -O3 -g
FAIL: gfortran.fortran-torture/execute/optstring_1.f90 compilation, -Os
FAIL: gfortran.fortran-torture/execute/procarg.f90 compilation, -O2
FAIL: gfortran.fortran-torture/execute/procarg.f90 compilation, -O3 -fomit-frame-pointer
FAIL: gfortran.fortran-torture/execute/procarg.f90 compilation, -O3 -fomit-frame-pointer -funroll-loops
FAIL: gfortran.fortran-torture/execute/procarg.f90 compilation, -O3 -fomit-frame-pointer -funroll-all-loops -finline-functions
FAIL: gfortran.fortran-torture/execute/procarg.f90 compilation, -O3 -g
FAIL: gfortran.fortran-torture/execute/procarg.f90 compilation, -Os
FAIL: gfortran.fortran-torture/execute/read_null_string.f90 compilation, -O2
FAIL: gfortran.fortran-torture/execute/read_null_string.f90 compilation, -O3 -fomit-frame-pointer
FAIL: gfortran.fortran-torture/execute/read_null_string.f90 compilation, -O3 -fomit-frame-pointer -funroll-loops
FAIL: gfortran.fortran-torture/execute/read_null_string.f90 compilation, -O3 -fomit-frame-pointer -funroll-all-loops -finline-functions
FAIL: gfortran.fortran-torture/execute/read_null_string.f90 compilation, -O3 -g
FAIL: gfortran.fortran-torture/execute/read_null_string.f90 compilation, -Os
FAIL: gfortran.fortran-torture/execute/retarray.f90 compilation, -O2
FAIL: gfortran.fortran-torture/execute/retarray.f90 compilation, -O3 -fomit-frame-pointer
FAIL: gfortran.fortran-torture/execute/retarray.f90 compilation, -O3 -fomit-frame-pointer -funroll-loops
FAIL: gfortran.fortran-torture/execute/retarray.f90 compilation, -O3 -fomit-frame-pointer -funroll-all-loops -finline-functions
FAIL: gfortran.fortran-torture/execute/retarray.f90 compilation, -O3 -g
FAIL: gfortran.fortran-torture/execute/retarray.f90 compilation, -Os
FAIL: gfortran.fortran-torture/execute/select_1.f90 compilation, -O2
FAIL: gfortran.fortran-torture/execute/select_1.f90 compilation, -O3 -fomit-frame-pointer
FAIL: gfortran.fortran-torture/execute/select_1.f90 compilation, -O3 -fomit-frame-pointer -funroll-loops
FAIL: gfortran.fortran-torture/execute/select_1.f90 compilation, -O3 -fomit-frame-pointer -funroll-all-loops -finline-functions
FAIL: gfortran.fortran-torture/execute/select_1.f90 compilation, -O3 -g
FAIL: gfortran.fortran-torture/execute/select_1.f90 compilation, -Os
FAIL: gfortran.fortran-torture/execute/spec_abs.f90 compilation, -O2
FAIL: gfortran.fortran-torture/execute/spec_abs.f90 compilation, -O3 -fomit-frame-pointer
FAIL: gfortran.fortran-torture/execute/spec_abs.f90 compilation, -O3 -fomit-frame-pointer -funroll-loops
FAIL: gfortran.fortran-torture/execute/spec_abs.f90 compilation, -O3 -fomit-frame-pointer -funroll-all-loops -finline-functions
FAIL: gfortran.fortran-torture/execute/spec_abs.f90 compilation, -O3 -g
FAIL: gfortran.fortran-torture/execute/spec_abs.f90 compilation, -Os
FAIL: gfortran.fortran-torture/execute/specifics.f90 compilation, -O2
FAIL: gfortran.fortran-torture/execute/specifics.f90 compilation, -O3 -fomit-frame-pointer
FAIL: gfortran.fortran-torture/execute/specifics.f90 compilation, -O3 -fomit-frame-pointer -funroll-loops
FAIL: gfortran.fortran-torture/execute/specifics.f90 compilation, -O3 -fomit-frame-pointer -funroll-all-loops -finline-functions
FAIL: gfortran.fortran-torture/execute/specifics.f90 compilation, -O3 -g
FAIL: gfortran.fortran-torture/execute/specifics.f90 compilation, -Os
FAIL: gfortran.fortran-torture/execute/st_function.f90 compilation, -O2
FAIL: gfortran.fortran-torture/execute/st_function.f90 compilation, -O3 -fomit-frame-pointer
FAIL: gfortran.fortran-torture/execute/st_function.f90 compilation, -O3 -fomit-frame-pointer -funroll-loops
FAIL: gfortran.fortran-torture/execute/st_function.f90 compilation, -O3 -fomit-frame-pointer -funroll-all-loops -finline-functions
FAIL: gfortran.fortran-torture/execute/st_function.f90 compilation, -O3 -g
FAIL: gfortran.fortran-torture/execute/st_function.f90 compilation, -Os
FAIL: gfortran.fortran-torture/execute/st_function_2.f90 compilation, -O2
FAIL: gfortran.fortran-torture/execute/st_function_2.f90 compilation, -O3 -fomit-frame-pointer
FAIL: gfortran.fortran-torture/execute/st_function_2.f90 compilation, -O3 -fomit-frame-pointer -funroll-loops
FAIL: gfortran.fortran-torture/execute/st_function_2.f90 compilation, -O3 -fomit-frame-pointer -funroll-all-loops -finline-functions
FAIL: gfortran.fortran-torture/execute/st_function_2.f90 compilation, -O3 -g
FAIL: gfortran.fortran-torture/execute/st_function_2.f90 compilation, -Os
FAIL: gfortran.fortran-torture/execute/stack_varsize.f90 compilation, -O2
FAIL: gfortran.fortran-torture/execute/stack_varsize.f90 compilation, -O3 -fomit-frame-pointer
FAIL: gfortran.fortran-torture/execute/stack_varsize.f90 compilation, -O3 -fomit-frame-pointer -funroll-loops
FAIL: gfortran.fortran-torture/execute/stack_varsize.f90 compilation, -O3 -fomit-frame-pointer -funroll-all-loops -finline-functions
FAIL: gfortran.fortran-torture/execute/stack_varsize.f90 compilation, -O3 -g
FAIL: gfortran.fortran-torture/execute/stack_varsize.f90 compilation, -Os
FAIL: gfortran.fortran-torture/execute/strarray_1.f90 compilation, -O2
FAIL: gfortran.fortran-torture/execute/strarray_1.f90 compilation, -O3 -fomit-frame-pointer
FAIL: gfortran.fortran-torture/execute/strarray_1.f90 compilation, -O3 -fomit-frame-pointer -funroll-loops
FAIL: gfortran.fortran-torture/execute/strarray_1.f90 compilation, -O3 -fomit-frame-pointer -funroll-all-loops -finline-functions
FAIL: gfortran.fortran-torture/execute/strarray_1.f90 compilation, -O3 -g
FAIL: gfortran.fortran-torture/execute/strarray_1.f90 compilation, -Os
FAIL: gfortran.fortran-torture/execute/strarray_2.f90 compilation, -O2
FAIL: gfortran.fortran-torture/execute/strarray_2.f90 compilation, -O3 -fomit-frame-pointer
FAIL: gfortran.fortran-torture/execute/strarray_2.f90 compilation, -O3 -fomit-frame-pointer -funroll-loops
FAIL: gfortran.fortran-torture/execute/strarray_2.f90 compilation, -O3 -fomit-frame-pointer -funroll-all-loops -finline-functions
FAIL: gfortran.fortran-torture/execute/strarray_2.f90 compilation, -O3 -g
FAIL: gfortran.fortran-torture/execute/strarray_2.f90 compilation, -Os
FAIL: gfortran.fortran-torture/execute/strarray_3.f90 compilation, -O2
FAIL: gfortran.fortran-torture/execute/strarray_3.f90 compilation, -O3 -fomit-frame-pointer
FAIL: gfortran.fortran-torture/execute/strarray_3.f90 compilation, -O3 -fomit-frame-pointer -funroll-loops
FAIL: gfortran.fortran-torture/execute/strarray_3.f90 compilation, -O3 -fomit-frame-pointer -funroll-all-loops -finline-functions
FAIL: gfortran.fortran-torture/execute/strarray_3.f90 compilation, -O3 -g
FAIL: gfortran.fortran-torture/execute/strarray_3.f90 compilation, -Os
FAIL: gfortran.fortran-torture/execute/strarray_4.f90 compilation, -O2
FAIL: gfortran.fortran-torture/execute/strarray_4.f90 compilation, -O3 -fomit-frame-pointer
FAIL: gfortran.fortran-torture/execute/strarray_4.f90 compilation, -O3 -fomit-frame-pointer -funroll-loops
FAIL: gfortran.fortran-torture/execute/strarray_4.f90 compilation, -O3 -fomit-frame-pointer -funroll-all-loops -finline-functions
FAIL: gfortran.fortran-torture/execute/strarray_4.f90 compilation, -O3 -g
FAIL: gfortran.fortran-torture/execute/strarray_4.f90 compilation, -Os
=== gfortran Summary for unix/-m32 ===
# of expected passes 4418
# of unexpected failures 395
# of unexpected successes 2
# of expected failures 18
# of untested testcases 270
# of unsupported tests 8
Running target unix/-m64
FAIL: gfortran.dg/array-1.f90 -O2 (test for excess errors)
WARNING: gfortran.dg/array-1.f90 -O2 compilation failed to produce executable
FAIL: gfortran.dg/array-1.f90 -O3 -fomit-frame-pointer (test for excess errors)
WARNING: gfortran.dg/array-1.f90 -O3 -fomit-frame-pointer compilation failed to produce executable
FAIL: gfortran.dg/array-1.f90 -O3 -fomit-frame-pointer -funroll-loops (test for excess errors)
WARNING: gfortran.dg/array-1.f90 -O3 -fomit-frame-pointer -funroll-loops compilation failed to produce executable
FAIL: gfortran.dg/array-1.f90 -O3 -fomit-frame-pointer -funroll-all-loops -finline-functions (test for excess errors)
WARNING: gfortran.dg/array-1.f90 -O3 -fomit-frame-pointer -funroll-all-loops -finline-functions compilation failed to produce executable
FAIL: gfortran.dg/array-1.f90 -O3 -g (test for excess errors)
WARNING: gfortran.dg/array-1.f90 -O3 -g compilation failed to produce executable
FAIL: gfortran.dg/array-1.f90 -Os (test for excess errors)
WARNING: gfortran.dg/array-1.f90 -Os compilation failed to produce executable
FAIL: gfortran.dg/do_1.f90 -O2 (test for excess errors)
WARNING: gfortran.dg/do_1.f90 -O2 compilation failed to produce executable
FAIL: gfortran.dg/do_1.f90 -O3 -fomit-frame-pointer (test for excess errors)
WARNING: gfortran.dg/do_1.f90 -O3 -fomit-frame-pointer compilation failed to produce executable
FAIL: gfortran.dg/do_1.f90 -O3 -fomit-frame-pointer -funroll-loops (test for excess errors)
WARNING: gfortran.dg/do_1.f90 -O3 -fomit-frame-pointer -funroll-loops compilation failed to produce executable
FAIL: gfortran.dg/do_1.f90 -O3 -fomit-frame-pointer -funroll-all-loops -finline-functions (test for excess errors)
WARNING: gfortran.dg/do_1.f90 -O3 -fomit-frame-pointer -funroll-all-loops -finline-functions compilation failed to produce executable
FAIL: gfortran.dg/do_1.f90 -O3 -g (test for excess errors)
WARNING: gfortran.dg/do_1.f90 -O3 -g compilation failed to produce executable
FAIL: gfortran.dg/do_1.f90 -Os (test for excess errors)
WARNING: gfortran.dg/do_1.f90 -Os compilation failed to produce executable
FAIL: gfortran.dg/edit_real_1.f90 -O2 (test for excess errors)
WARNING: gfortran.dg/edit_real_1.f90 -O2 compilation failed to produce executable
FAIL: gfortran.dg/edit_real_1.f90 -O3 -fomit-frame-pointer (test for excess errors)
WARNING: gfortran.dg/edit_real_1.f90 -O3 -fomit-frame-pointer compilation failed to produce executable
FAIL: gfortran.dg/edit_real_1.f90 -O3 -fomit-frame-pointer -funroll-loops (test for excess errors)
WARNING: gfortran.dg/edit_real_1.f90 -O3 -fomit-frame-pointer -funroll-loops compilation failed to produce executable
FAIL: gfortran.dg/edit_real_1.f90 -O3 -fomit-frame-pointer -funroll-all-loops -finline-functions (test for excess errors)
WARNING: gfortran.dg/edit_real_1.f90 -O3 -fomit-frame-pointer -funroll-all-loops -finline-functions compilation failed to produce executable
FAIL: gfortran.dg/edit_real_1.f90 -O3 -g (test for excess errors)
WARNING: gfortran.dg/edit_real_1.f90 -O3 -g compilation failed to produce executable
FAIL: gfortran.dg/edit_real_1.f90 -Os (test for excess errors)
WARNING: gfortran.dg/edit_real_1.f90 -Os compilation failed to produce executable
FAIL: gfortran.dg/entry_1.f90 -O2 (test for excess errors)
WARNING: gfortran.dg/entry_1.f90 -O2 compilation failed to produce executable
FAIL: gfortran.dg/entry_1.f90 -O3 -fomit-frame-pointer (test for excess errors)
WARNING: gfortran.dg/entry_1.f90 -O3 -fomit-frame-pointer compilation failed to produce executable
FAIL: gfortran.dg/entry_1.f90 -O3 -fomit-frame-pointer -funroll-loops (test for excess errors)
WARNING: gfortran.dg/entry_1.f90 -O3 -fomit-frame-pointer -funroll-loops compilation failed to produce executable
FAIL: gfortran.dg/entry_1.f90 -O3 -fomit-frame-pointer -funroll-all-loops -finline-functions (test for excess errors)
WARNING: gfortran.dg/entry_1.f90 -O3 -fomit-frame-pointer -funroll-all-loops -finline-functions compilation failed to produce executable
FAIL: gfortran.dg/entry_1.f90 -O3 -g (test for excess errors)
WARNING: gfortran.dg/entry_1.f90 -O3 -g compilation failed to produce executable
FAIL: gfortran.dg/entry_1.f90 -Os (test for excess errors)
WARNING: gfortran.dg/entry_1.f90 -Os compilation failed to produce executable
FAIL: gfortran.dg/fmt_read.f90 -O2 (test for excess errors)
WARNING: gfortran.dg/fmt_read.f90 -O2 compilation failed to produce executable
FAIL: gfortran.dg/fmt_read.f90 -O3 -fomit-frame-pointer (test for excess errors)
WARNING: gfortran.dg/fmt_read.f90 -O3 -fomit-frame-pointer compilation failed to produce executable
FAIL: gfortran.dg/fmt_read.f90 -O3 -fomit-frame-pointer -funroll-loops (test for excess errors)
WARNING: gfortran.dg/fmt_read.f90 -O3 -fomit-frame-pointer -funroll-loops compilation failed to produce executable
FAIL: gfortran.dg/fmt_read.f90 -O3 -fomit-frame-pointer -funroll-all-loops -finline-functions (test for excess errors)
WARNING: gfortran.dg/fmt_read.f90 -O3 -fomit-frame-pointer -funroll-all-loops -finline-functions compilation failed to produce executable
FAIL: gfortran.dg/fmt_read.f90 -O3 -g (test for excess errors)
WARNING: gfortran.dg/fmt_read.f90 -O3 -g compilation failed to produce executable
FAIL: gfortran.dg/fmt_read.f90 -Os (test for excess errors)
WARNING: gfortran.dg/fmt_read.f90 -Os compilation failed to produce executable
FAIL: gfortran.dg/pr17090.f90 -O2 (test for excess errors)
WARNING: gfortran.dg/pr17090.f90 -O2 compilation failed to produce executable
FAIL: gfortran.dg/pr17090.f90 -O3 -fomit-frame-pointer (test for excess errors)
WARNING: gfortran.dg/pr17090.f90 -O3 -fomit-frame-pointer compilation failed to produce executable
FAIL: gfortran.dg/pr17090.f90 -O3 -fomit-frame-pointer -funroll-loops (test for excess errors)
WARNING: gfortran.dg/pr17090.f90 -O3 -fomit-frame-pointer -funroll-loops compilation failed to produce executable
FAIL: gfortran.dg/pr17090.f90 -O3 -fomit-frame-pointer -funroll-all-loops -finline-functions (test for excess errors)
WARNING: gfortran.dg/pr17090.f90 -O3 -fomit-frame-pointer -funroll-all-loops -finline-functions compilation failed to produce executable
FAIL: gfortran.dg/pr17090.f90 -O3 -g (test for excess errors)
WARNING: gfortran.dg/pr17090.f90 -O3 -g compilation failed to produce executable
FAIL: gfortran.dg/pr17090.f90 -Os (test for excess errors)
WARNING: gfortran.dg/pr17090.f90 -Os compilation failed to produce executable
FAIL: gfortran.dg/pr17706.f90 -O2 (test for excess errors)
WARNING: gfortran.dg/pr17706.f90 -O2 compilation failed to produce executable
FAIL: gfortran.dg/pr17706.f90 -O3 -fomit-frame-pointer (test for excess errors)
WARNING: gfortran.dg/pr17706.f90 -O3 -fomit-frame-pointer compilation failed to produce executable
FAIL: gfortran.dg/pr17706.f90 -O3 -fomit-frame-pointer -funroll-loops (test for excess errors)
WARNING: gfortran.dg/pr17706.f90 -O3 -fomit-frame-pointer -funroll-loops compilation failed to produce executable
FAIL: gfortran.dg/pr17706.f90 -O3 -fomit-frame-pointer -funroll-all-loops -finline-functions (test for excess errors)
WARNING: gfortran.dg/pr17706.f90 -O3 -fomit-frame-pointer -funroll-all-loops -finline-functions compilation failed to produce executable
FAIL: gfortran.dg/pr17706.f90 -O3 -g (test for excess errors)
WARNING: gfortran.dg/pr17706.f90 -O3 -g compilation failed to produce executable
FAIL: gfortran.dg/pr17706.f90 -Os (test for excess errors)
WARNING: gfortran.dg/pr17706.f90 -Os compilation failed to produce executable
FAIL: gfortran.dg/ret_array_1.f90 -O2 (test for excess errors)
WARNING: gfortran.dg/ret_array_1.f90 -O2 compilation failed to produce executable
FAIL: gfortran.dg/ret_array_1.f90 -O3 -fomit-frame-pointer (test for excess errors)
WARNING: gfortran.dg/ret_array_1.f90 -O3 -fomit-frame-pointer compilation failed to produce executable
FAIL: gfortran.dg/ret_array_1.f90 -O3 -fomit-frame-pointer -funroll-loops (test for excess errors)
WARNING: gfortran.dg/ret_array_1.f90 -O3 -fomit-frame-pointer -funroll-loops compilation failed to produce executable
FAIL: gfortran.dg/ret_array_1.f90 -O3 -fomit-frame-pointer -funroll-all-loops -finline-functions (test for excess errors)
WARNING: gfortran.dg/ret_array_1.f90 -O3 -fomit-frame-pointer -funroll-all-loops -finline-functions compilation failed to produce executable
FAIL: gfortran.dg/ret_array_1.f90 -O3 -g (test for excess errors)
WARNING: gfortran.dg/ret_array_1.f90 -O3 -g compilation failed to produce executable
FAIL: gfortran.dg/ret_array_1.f90 -Os (test for excess errors)
WARNING: gfortran.dg/ret_array_1.f90 -Os compilation failed to produce executable
XPASS: gfortran.dg/ret_pointer_1.f90 -O0 execution test
XPASS: gfortran.dg/ret_pointer_1.f90 -O1 execution test
XPASS: gfortran.dg/ret_pointer_1.f90 -O2 execution test
XPASS: gfortran.dg/ret_pointer_1.f90 -O3 -fomit-frame-pointer execution test
XPASS: gfortran.dg/ret_pointer_1.f90 -O3 -fomit-frame-pointer -funroll-loops execution test
XPASS: gfortran.dg/ret_pointer_1.f90 -O3 -fomit-frame-pointer -funroll-all-loops -finline-functions execution test
XPASS: gfortran.dg/ret_pointer_1.f90 -O3 -g execution test
XPASS: gfortran.dg/ret_pointer_1.f90 -Os execution test
FAIL: gfortran.dg/string_ctor_1.f90 -O2 (test for excess errors)
WARNING: gfortran.dg/string_ctor_1.f90 -O2 compilation failed to produce executable
FAIL: gfortran.dg/string_ctor_1.f90 -O3 -fomit-frame-pointer (test for excess errors)
WARNING: gfortran.dg/string_ctor_1.f90 -O3 -fomit-frame-pointer compilation failed to produce executable
FAIL: gfortran.dg/string_ctor_1.f90 -O3 -fomit-frame-pointer -funroll-loops (test for excess errors)
WARNING: gfortran.dg/string_ctor_1.f90 -O3 -fomit-frame-pointer -funroll-loops compilation failed to produce executable
FAIL: gfortran.dg/string_ctor_1.f90 -O3 -fomit-frame-pointer -funroll-all-loops -finline-functions (test for excess errors)
WARNING: gfortran.dg/string_ctor_1.f90 -O3 -fomit-frame-pointer -funroll-all-loops -finline-functions compilation failed to produce executable
FAIL: gfortran.dg/string_ctor_1.f90 -O3 -g (test for excess errors)
WARNING: gfortran.dg/string_ctor_1.f90 -O3 -g compilation failed to produce executable
FAIL: gfortran.dg/string_ctor_1.f90 -Os (test for excess errors)
WARNING: gfortran.dg/string_ctor_1.f90 -Os compilation failed to produce executable
FAIL: gfortran.dg/g77/20010116.f -O2 (test for excess errors)
WARNING: gfortran.dg/g77/20010116.f -O2 compilation failed to produce executable
FAIL: gfortran.dg/g77/20010116.f -O3 -fomit-frame-pointer (test for excess errors)
WARNING: gfortran.dg/g77/20010116.f -O3 -fomit-frame-pointer compilation failed to produce executable
FAIL: gfortran.dg/g77/20010116.f -O3 -fomit-frame-pointer -funroll-loops (test for excess errors)
WARNING: gfortran.dg/g77/20010116.f -O3 -fomit-frame-pointer -funroll-loops compilation failed to produce executable
FAIL: gfortran.dg/g77/20010116.f -O3 -fomit-frame-pointer -funroll-all-loops -finline-functions (test for excess errors)
WARNING: gfortran.dg/g77/20010116.f -O3 -fomit-frame-pointer -funroll-all-loops -finline-functions compilation failed to produce executable
FAIL: gfortran.dg/g77/20010116.f -O3 -g (test for excess errors)
WARNING: gfortran.dg/g77/20010116.f -O3 -g compilation failed to produce executable
FAIL: gfortran.dg/g77/20010116.f -Os (test for excess errors)
WARNING: gfortran.dg/g77/20010116.f -Os compilation failed to produce executable
FAIL: gfortran.dg/g77/20010426-1.f -O2 (test for excess errors)
WARNING: gfortran.dg/g77/20010426-1.f -O2 compilation failed to produce executable
FAIL: gfortran.dg/g77/20010426-1.f -O3 -fomit-frame-pointer (test for excess errors)
WARNING: gfortran.dg/g77/20010426-1.f -O3 -fomit-frame-pointer compilation failed to produce executable
FAIL: gfortran.dg/g77/20010426-1.f -O3 -fomit-frame-pointer -funroll-loops (test for excess errors)
WARNING: gfortran.dg/g77/20010426-1.f -O3 -fomit-frame-pointer -funroll-loops compilation failed to produce executable
FAIL: gfortran.dg/g77/20010426-1.f -O3 -fomit-frame-pointer -funroll-all-loops -finline-functions (test for excess errors)
WARNING: gfortran.dg/g77/20010426-1.f -O3 -fomit-frame-pointer -funroll-all-loops -finline-functions compilation failed to produce executable
FAIL: gfortran.dg/g77/20010426-1.f -O3 -g (test for excess errors)
WARNING: gfortran.dg/g77/20010426-1.f -O3 -g compilation failed to produce executable
FAIL: gfortran.dg/g77/20010426-1.f -Os (test for excess errors)
WARNING: gfortran.dg/g77/20010426-1.f -Os compilation failed to produce executable
FAIL: gfortran.dg/g77/cabs.f -O0 execution test
FAIL: gfortran.dg/g77/cabs.f -O1 execution test
FAIL: gfortran.dg/g77/cabs.f -O2 execution test
FAIL: gfortran.dg/g77/cabs.f -O3 -fomit-frame-pointer execution test
FAIL: gfortran.dg/g77/cabs.f -O3 -fomit-frame-pointer -funroll-loops execution test
FAIL: gfortran.dg/g77/cabs.f -O3 -fomit-frame-pointer -funroll-all-loops -finline-functions execution test
FAIL: gfortran.dg/g77/cabs.f -O3 -g execution test
FAIL: gfortran.dg/g77/cabs.f -Os execution test
FAIL: gfortran.dg/g77/dnrm2.f -O2 (test for excess errors)
WARNING: gfortran.dg/g77/dnrm2.f -O2 compilation failed to produce executable
FAIL: gfortran.dg/g77/dnrm2.f -O3 -fomit-frame-pointer (test for excess errors)
WARNING: gfortran.dg/g77/dnrm2.f -O3 -fomit-frame-pointer compilation failed to produce executable
FAIL: gfortran.dg/g77/dnrm2.f -O3 -fomit-frame-pointer -funroll-loops (test for excess errors)
WARNING: gfortran.dg/g77/dnrm2.f -O3 -fomit-frame-pointer -funroll-loops compilation failed to produce executable
FAIL: gfortran.dg/g77/dnrm2.f -O3 -fomit-frame-pointer -funroll-all-loops -finline-functions (test for excess errors)
WARNING: gfortran.dg/g77/dnrm2.f -O3 -fomit-frame-pointer -funroll-all-loops -finline-functions compilation failed to produce executable
FAIL: gfortran.dg/g77/dnrm2.f -O3 -g (test for excess errors)
WARNING: gfortran.dg/g77/dnrm2.f -O3 -g compilation failed to produce executable
FAIL: gfortran.dg/g77/dnrm2.f -Os (test for excess errors)
WARNING: gfortran.dg/g77/dnrm2.f -Os compilation failed to produce executable
FAIL: gfortran.dg/g77/f77-edit-i-out.f -O2 (test for excess errors)
WARNING: gfortran.dg/g77/f77-edit-i-out.f -O2 compilation failed to produce executable
FAIL: gfortran.dg/g77/f77-edit-i-out.f -O3 -fomit-frame-pointer (test for excess errors)
WARNING: gfortran.dg/g77/f77-edit-i-out.f -O3 -fomit-frame-pointer compilation failed to produce executable
FAIL: gfortran.dg/g77/f77-edit-i-out.f -O3 -fomit-frame-pointer -funroll-loops (test for excess errors)
WARNING: gfortran.dg/g77/f77-edit-i-out.f -O3 -fomit-frame-pointer -funroll-loops compilation failed to produce executable
FAIL: gfortran.dg/g77/f77-edit-i-out.f -O3 -fomit-frame-pointer -funroll-all-loops -finline-functions (test for excess errors)
WARNING: gfortran.dg/g77/f77-edit-i-out.f -O3 -fomit-frame-pointer -funroll-all-loops -finline-functions compilation failed to produce executable
FAIL: gfortran.dg/g77/f77-edit-i-out.f -O3 -g (test for excess errors)
WARNING: gfortran.dg/g77/f77-edit-i-out.f -O3 -g compilation failed to produce executable
FAIL: gfortran.dg/g77/f77-edit-i-out.f -Os (test for excess errors)
WARNING: gfortran.dg/g77/f77-edit-i-out.f -Os compilation failed to produce executable
FAIL: gfortran.dg/g77/f77-edit-s-out.f -O2 (test for excess errors)
WARNING: gfortran.dg/g77/f77-edit-s-out.f -O2 compilation failed to produce executable
FAIL: gfortran.dg/g77/f77-edit-s-out.f -O3 -fomit-frame-pointer (test for excess errors)
WARNING: gfortran.dg/g77/f77-edit-s-out.f -O3 -fomit-frame-pointer compilation failed to produce executable
FAIL: gfortran.dg/g77/f77-edit-s-out.f -O3 -fomit-frame-pointer -funroll-loops (test for excess errors)
WARNING: gfortran.dg/g77/f77-edit-s-out.f -O3 -fomit-frame-pointer -funroll-loops compilation failed to produce executable
FAIL: gfortran.dg/g77/f77-edit-s-out.f -O3 -fomit-frame-pointer -funroll-all-loops -finline-functions (test for excess errors)
WARNING: gfortran.dg/g77/f77-edit-s-out.f -O3 -fomit-frame-pointer -funroll-all-loops -finline-functions compilation failed to produce executable
FAIL: gfortran.dg/g77/f77-edit-s-out.f -O3 -g (test for excess errors)
WARNING: gfortran.dg/g77/f77-edit-s-out.f -O3 -g compilation failed to produce executable
FAIL: gfortran.dg/g77/f77-edit-s-out.f -Os (test for excess errors)
WARNING: gfortran.dg/g77/f77-edit-s-out.f -Os compilation failed to produce executable
FAIL: gfortran.dg/g77/f77-edit-t-out.f -O2 (test for excess errors)
WARNING: gfortran.dg/g77/f77-edit-t-out.f -O2 compilation failed to produce executable
FAIL: gfortran.dg/g77/f77-edit-t-out.f -O3 -fomit-frame-pointer (test for excess errors)
WARNING: gfortran.dg/g77/f77-edit-t-out.f -O3 -fomit-frame-pointer compilation failed to produce executable
FAIL: gfortran.dg/g77/f77-edit-t-out.f -O3 -fomit-frame-pointer -funroll-loops (test for excess errors)
WARNING: gfortran.dg/g77/f77-edit-t-out.f -O3 -fomit-frame-pointer -funroll-loops compilation failed to produce executable
FAIL: gfortran.dg/g77/f77-edit-t-out.f -O3 -fomit-frame-pointer -funroll-all-loops -finline-functions (test for excess errors)
WARNING: gfortran.dg/g77/f77-edit-t-out.f -O3 -fomit-frame-pointer -funroll-all-loops -finline-functions compilation failed to produce executable
FAIL: gfortran.dg/g77/f77-edit-t-out.f -O3 -g (test for excess errors)
WARNING: gfortran.dg/g77/f77-edit-t-out.f -O3 -g compilation failed to produce executable
FAIL: gfortran.dg/g77/f77-edit-t-out.f -Os (test for excess errors)
WARNING: gfortran.dg/g77/f77-edit-t-out.f -Os compilation failed to produce executable
FAIL: gfortran.dg/g77/f77-edit-x-out.f -O2 (test for excess errors)
WARNING: gfortran.dg/g77/f77-edit-x-out.f -O2 compilation failed to produce executable
FAIL: gfortran.dg/g77/f77-edit-x-out.f -O3 -fomit-frame-pointer (test for excess errors)
WARNING: gfortran.dg/g77/f77-edit-x-out.f -O3 -fomit-frame-pointer compilation failed to produce executable
FAIL: gfortran.dg/g77/f77-edit-x-out.f -O3 -fomit-frame-pointer -funroll-loops (test for excess errors)
WARNING: gfortran.dg/g77/f77-edit-x-out.f -O3 -fomit-frame-pointer -funroll-loops compilation failed to produce executable
FAIL: gfortran.dg/g77/f77-edit-x-out.f -O3 -fomit-frame-pointer -funroll-all-loops -finline-functions (test for excess errors)
WARNING: gfortran.dg/g77/f77-edit-x-out.f -O3 -fomit-frame-pointer -funroll-all-loops -finline-functions compilation failed to produce executable
FAIL: gfortran.dg/g77/f77-edit-x-out.f -O3 -g (test for excess errors)
WARNING: gfortran.dg/g77/f77-edit-x-out.f -O3 -g compilation failed to produce executable
FAIL: gfortran.dg/g77/f77-edit-x-out.f -Os (test for excess errors)
WARNING: gfortran.dg/g77/f77-edit-x-out.f -Os compilation failed to produce executable
FAIL: gfortran.dg/g77/f90-intrinsic-bit.f -O2 (test for excess errors)
WARNING: gfortran.dg/g77/f90-intrinsic-bit.f -O2 compilation failed to produce executable
FAIL: gfortran.dg/g77/f90-intrinsic-bit.f -O3 -fomit-frame-pointer (test for excess errors)
WARNING: gfortran.dg/g77/f90-intrinsic-bit.f -O3 -fomit-frame-pointer compilation failed to produce executable
FAIL: gfortran.dg/g77/f90-intrinsic-bit.f -O3 -fomit-frame-pointer -funroll-loops (test for excess errors)
WARNING: gfortran.dg/g77/f90-intrinsic-bit.f -O3 -fomit-frame-pointer -funroll-loops compilation failed to produce executable
FAIL: gfortran.dg/g77/f90-intrinsic-bit.f -O3 -fomit-frame-pointer -funroll-all-loops -finline-functions (test for excess errors)
WARNING: gfortran.dg/g77/f90-intrinsic-bit.f -O3 -fomit-frame-pointer -funroll-all-loops -finline-functions compilation failed to produce executable
FAIL: gfortran.dg/g77/f90-intrinsic-bit.f -O3 -g (test for excess errors)
WARNING: gfortran.dg/g77/f90-intrinsic-bit.f -O3 -g compilation failed to produce executable
FAIL: gfortran.dg/g77/f90-intrinsic-bit.f -Os (test for excess errors)
WARNING: gfortran.dg/g77/f90-intrinsic-bit.f -Os compilation failed to produce executable
FAIL: gfortran.dg/g77/f90-intrinsic-mathematical.f -O2 (test for excess errors)
WARNING: gfortran.dg/g77/f90-intrinsic-mathematical.f -O2 compilation failed to produce executable
FAIL: gfortran.dg/g77/f90-intrinsic-mathematical.f -O3 -fomit-frame-pointer (test for excess errors)
WARNING: gfortran.dg/g77/f90-intrinsic-mathematical.f -O3 -fomit-frame-pointer compilation failed to produce executable
FAIL: gfortran.dg/g77/f90-intrinsic-mathematical.f -O3 -fomit-frame-pointer -funroll-loops (test for excess errors)
WARNING: gfortran.dg/g77/f90-intrinsic-mathematical.f -O3 -fomit-frame-pointer -funroll-loops compilation failed to produce executable
FAIL: gfortran.dg/g77/f90-intrinsic-mathematical.f -O3 -fomit-frame-pointer -funroll-all-loops -finline-functions (test for excess errors)
WARNING: gfortran.dg/g77/f90-intrinsic-mathematical.f -O3 -fomit-frame-pointer -funroll-all-loops -finline-functions compilation failed to produce executable
FAIL: gfortran.dg/g77/f90-intrinsic-mathematical.f -O3 -g (test for excess errors)
WARNING: gfortran.dg/g77/f90-intrinsic-mathematical.f -O3 -g compilation failed to produce executable
FAIL: gfortran.dg/g77/f90-intrinsic-mathematical.f -Os (test for excess errors)
WARNING: gfortran.dg/g77/f90-intrinsic-mathematical.f -Os compilation failed to produce executable
FAIL: gfortran.dg/g77/f90-intrinsic-numeric.f -O2 (test for excess errors)
WARNING: gfortran.dg/g77/f90-intrinsic-numeric.f -O2 compilation failed to produce executable
FAIL: gfortran.dg/g77/f90-intrinsic-numeric.f -O3 -fomit-frame-pointer (test for excess errors)
WARNING: gfortran.dg/g77/f90-intrinsic-numeric.f -O3 -fomit-frame-pointer compilation failed to produce executable
FAIL: gfortran.dg/g77/f90-intrinsic-numeric.f -O3 -fomit-frame-pointer -funroll-loops (test for excess errors)
WARNING: gfortran.dg/g77/f90-intrinsic-numeric.f -O3 -fomit-frame-pointer -funroll-loops compilation failed to produce executable
FAIL: gfortran.dg/g77/f90-intrinsic-numeric.f -O3 -fomit-frame-pointer -funroll-all-loops -finline-functions (test for excess errors)
WARNING: gfortran.dg/g77/f90-intrinsic-numeric.f -O3 -fomit-frame-pointer -funroll-all-loops -finline-functions compilation failed to produce executable
FAIL: gfortran.dg/g77/f90-intrinsic-numeric.f -O3 -g (test for excess errors)
WARNING: gfortran.dg/g77/f90-intrinsic-numeric.f -O3 -g compilation failed to produce executable
FAIL: gfortran.dg/g77/f90-intrinsic-numeric.f -Os (test for excess errors)
WARNING: gfortran.dg/g77/f90-intrinsic-numeric.f -Os compilation failed to produce executable
FAIL: gfortran.dg/g77/strlen0.f -O2 (test for excess errors)
WARNING: gfortran.dg/g77/strlen0.f -O2 compilation failed to produce executable
FAIL: gfortran.dg/g77/strlen0.f -O3 -fomit-frame-pointer (test for excess errors)
WARNING: gfortran.dg/g77/strlen0.f -O3 -fomit-frame-pointer compilation failed to produce executable
FAIL: gfortran.dg/g77/strlen0.f -O3 -fomit-frame-pointer -funroll-loops (test for excess errors)
WARNING: gfortran.dg/g77/strlen0.f -O3 -fomit-frame-pointer -funroll-loops compilation failed to produce executable
FAIL: gfortran.dg/g77/strlen0.f -O3 -fomit-frame-pointer -funroll-all-loops -finline-functions (test for excess errors)
WARNING: gfortran.dg/g77/strlen0.f -O3 -fomit-frame-pointer -funroll-all-loops -finline-functions compilation failed to produce executable
FAIL: gfortran.dg/g77/strlen0.f -O3 -g (test for excess errors)
WARNING: gfortran.dg/g77/strlen0.f -O3 -g compilation failed to produce executable
FAIL: gfortran.dg/g77/strlen0.f -Os (test for excess errors)
WARNING: gfortran.dg/g77/strlen0.f -Os compilation failed to produce executable
FAIL: gfortran.fortran-torture/execute/allocate.f90 compilation, -O2
FAIL: gfortran.fortran-torture/execute/allocate.f90 compilation, -O3 -fomit-frame-pointer
FAIL: gfortran.fortran-torture/execute/allocate.f90 compilation, -O3 -fomit-frame-pointer -funroll-loops
FAIL: gfortran.fortran-torture/execute/allocate.f90 compilation, -O3 -fomit-frame-pointer -funroll-all-loops -finline-functions
FAIL: gfortran.fortran-torture/execute/allocate.f90 compilation, -O3 -g
FAIL: gfortran.fortran-torture/execute/allocate.f90 compilation, -Os
FAIL: gfortran.fortran-torture/execute/alternate_return.f90 compilation, -O2
FAIL: gfortran.fortran-torture/execute/alternate_return.f90 compilation, -O3 -fomit-frame-pointer
FAIL: gfortran.fortran-torture/execute/alternate_return.f90 compilation, -O3 -fomit-frame-pointer -funroll-loops
FAIL: gfortran.fortran-torture/execute/alternate_return.f90 compilation, -O3 -fomit-frame-pointer -funroll-all-loops -finline-functions
FAIL: gfortran.fortran-torture/execute/alternate_return.f90 compilation, -O3 -g
FAIL: gfortran.fortran-torture/execute/alternate_return.f90 compilation, -Os
FAIL: gfortran.fortran-torture/execute/arithmeticif.f90 compilation, -O2
FAIL: gfortran.fortran-torture/execute/arithmeticif.f90 compilation, -O3 -fomit-frame-pointer
FAIL: gfortran.fortran-torture/execute/arithmeticif.f90 compilation, -O3 -fomit-frame-pointer -funroll-loops
FAIL: gfortran.fortran-torture/execute/arithmeticif.f90 compilation, -O3 -fomit-frame-pointer -funroll-all-loops -finline-functions
FAIL: gfortran.fortran-torture/execute/arithmeticif.f90 compilation, -O3 -g
FAIL: gfortran.fortran-torture/execute/arithmeticif.f90 compilation, -Os
FAIL: gfortran.fortran-torture/execute/contained.f90 compilation, -O2
FAIL: gfortran.fortran-torture/execute/contained.f90 compilation, -O3 -fomit-frame-pointer
FAIL: gfortran.fortran-torture/execute/contained.f90 compilation, -O3 -fomit-frame-pointer -funroll-loops
FAIL: gfortran.fortran-torture/execute/contained.f90 compilation, -O3 -fomit-frame-pointer -funroll-all-loops -finline-functions
FAIL: gfortran.fortran-torture/execute/contained.f90 compilation, -O3 -g
FAIL: gfortran.fortran-torture/execute/contained.f90 compilation, -Os
FAIL: gfortran.fortran-torture/execute/contained_3.f90 compilation, -O2
FAIL: gfortran.fortran-torture/execute/contained_3.f90 compilation, -O3 -fomit-frame-pointer
FAIL: gfortran.fortran-torture/execute/contained_3.f90 compilation, -O3 -fomit-frame-pointer -funroll-loops
FAIL: gfortran.fortran-torture/execute/contained_3.f90 compilation, -O3 -fomit-frame-pointer -funroll-all-loops -finline-functions
FAIL: gfortran.fortran-torture/execute/contained_3.f90 compilation, -O3 -g
FAIL: gfortran.fortran-torture/execute/contained_3.f90 compilation, -Os
FAIL: gfortran.fortran-torture/execute/elemental.f90 compilation, -O2
FAIL: gfortran.fortran-torture/execute/elemental.f90 compilation, -O3 -fomit-frame-pointer
FAIL: gfortran.fortran-torture/execute/elemental.f90 compilation, -O3 -fomit-frame-pointer -funroll-loops
FAIL: gfortran.fortran-torture/execute/elemental.f90 compilation, -O3 -fomit-frame-pointer -funroll-all-loops -finline-functions
FAIL: gfortran.fortran-torture/execute/elemental.f90 compilation, -O3 -g
FAIL: gfortran.fortran-torture/execute/elemental.f90 compilation, -Os
FAIL: gfortran.fortran-torture/execute/forall_3.f90 execution, -O0
FAIL: gfortran.fortran-torture/execute/forall_3.f90 execution, -O1
FAIL: gfortran.fortran-torture/execute/forall_3.f90 execution, -O2
FAIL: gfortran.fortran-torture/execute/forall_3.f90 execution, -O3 -fomit-frame-pointer
FAIL: gfortran.fortran-torture/execute/forall_3.f90 execution, -O3 -fomit-frame-pointer -funroll-loops
FAIL: gfortran.fortran-torture/execute/forall_3.f90 execution, -O3 -fomit-frame-pointer -funroll-all-loops -finline-functions
FAIL: gfortran.fortran-torture/execute/forall_3.f90 execution, -O3 -g
FAIL: gfortran.fortran-torture/execute/forall_3.f90 execution, -Os
FAIL: gfortran.fortran-torture/execute/initializer.f90 compilation, -O2
FAIL: gfortran.fortran-torture/execute/initializer.f90 compilation, -O3 -fomit-frame-pointer
FAIL: gfortran.fortran-torture/execute/initializer.f90 compilation, -O3 -fomit-frame-pointer -funroll-loops
FAIL: gfortran.fortran-torture/execute/initializer.f90 compilation, -O3 -fomit-frame-pointer -funroll-all-loops -finline-functions
FAIL: gfortran.fortran-torture/execute/initializer.f90 compilation, -O3 -g
FAIL: gfortran.fortran-torture/execute/initializer.f90 compilation, -Os
FAIL: gfortran.fortran-torture/execute/inquire_3.f90 compilation, -O2
FAIL: gfortran.fortran-torture/execute/inquire_3.f90 compilation, -O3 -fomit-frame-pointer
FAIL: gfortran.fortran-torture/execute/inquire_3.f90 compilation, -O3 -fomit-frame-pointer -funroll-loops
FAIL: gfortran.fortran-torture/execute/inquire_3.f90 compilation, -O3 -fomit-frame-pointer -funroll-all-loops -finline-functions
FAIL: gfortran.fortran-torture/execute/inquire_3.f90 compilation, -O3 -g
FAIL: gfortran.fortran-torture/execute/inquire_3.f90 compilation, -Os
FAIL: gfortran.fortran-torture/execute/inquire_4.f90 compilation, -O2
FAIL: gfortran.fortran-torture/execute/inquire_4.f90 compilation, -O3 -fomit-frame-pointer
FAIL: gfortran.fortran-torture/execute/inquire_4.f90 compilation, -O3 -fomit-frame-pointer -funroll-loops
FAIL: gfortran.fortran-torture/execute/inquire_4.f90 compilation, -O3 -fomit-frame-pointer -funroll-all-loops -finline-functions
FAIL: gfortran.fortran-torture/execute/inquire_4.f90 compilation, -O3 -g
FAIL: gfortran.fortran-torture/execute/inquire_4.f90 compilation, -Os
FAIL: gfortran.fortran-torture/execute/intrinsic_abs.f90 execution, -O0
FAIL: gfortran.fortran-torture/execute/intrinsic_abs.f90 execution, -O1
FAIL: gfortran.fortran-torture/execute/intrinsic_abs.f90 execution, -O2
FAIL: gfortran.fortran-torture/execute/intrinsic_abs.f90 execution, -O3 -fomit-frame-pointer
FAIL: gfortran.fortran-torture/execute/intrinsic_abs.f90 execution, -O3 -fomit-frame-pointer -funroll-loops
FAIL: gfortran.fortran-torture/execute/intrinsic_abs.f90 execution, -O3 -fomit-frame-pointer -funroll-all-loops -finline-functions
FAIL: gfortran.fortran-torture/execute/intrinsic_abs.f90 execution, -O3 -g
FAIL: gfortran.fortran-torture/execute/intrinsic_abs.f90 execution, -Os
FAIL: gfortran.fortran-torture/execute/intrinsic_aint_anint.f90 compilation, -O2
FAIL: gfortran.fortran-torture/execute/intrinsic_aint_anint.f90 compilation, -O3 -fomit-frame-pointer
FAIL: gfortran.fortran-torture/execute/intrinsic_aint_anint.f90 compilation, -O3 -fomit-frame-pointer -funroll-loops
FAIL: gfortran.fortran-torture/execute/intrinsic_aint_anint.f90 compilation, -O3 -fomit-frame-pointer -funroll-all-loops -finline-functions
FAIL: gfortran.fortran-torture/execute/intrinsic_aint_anint.f90 compilation, -O3 -g
FAIL: gfortran.fortran-torture/execute/intrinsic_aint_anint.f90 compilation, -Os
FAIL: gfortran.fortran-torture/execute/intrinsic_anyall.f90 compilation, -O2
FAIL: gfortran.fortran-torture/execute/intrinsic_anyall.f90 compilation, -O3 -fomit-frame-pointer
FAIL: gfortran.fortran-torture/execute/intrinsic_anyall.f90 compilation, -O3 -fomit-frame-pointer -funroll-loops
FAIL: gfortran.fortran-torture/execute/intrinsic_anyall.f90 compilation, -O3 -fomit-frame-pointer -funroll-all-loops -finline-functions
FAIL: gfortran.fortran-torture/execute/intrinsic_anyall.f90 compilation, -O3 -g
FAIL: gfortran.fortran-torture/execute/intrinsic_anyall.f90 compilation, -Os
FAIL: gfortran.fortran-torture/execute/intrinsic_count.f90 compilation, -O2
FAIL: gfortran.fortran-torture/execute/intrinsic_count.f90 compilation, -O3 -fomit-frame-pointer
FAIL: gfortran.fortran-torture/execute/intrinsic_count.f90 compilation, -O3 -fomit-frame-pointer -funroll-loops
FAIL: gfortran.fortran-torture/execute/intrinsic_count.f90 compilation, -O3 -fomit-frame-pointer -funroll-all-loops -finline-functions
FAIL: gfortran.fortran-torture/execute/intrinsic_count.f90 compilation, -O3 -g
FAIL: gfortran.fortran-torture/execute/intrinsic_count.f90 compilation, -Os
FAIL: gfortran.fortran-torture/execute/intrinsic_cshift.f90 compilation, -O2
FAIL: gfortran.fortran-torture/execute/intrinsic_cshift.f90 compilation, -O3 -fomit-frame-pointer
FAIL: gfortran.fortran-torture/execute/intrinsic_cshift.f90 compilation, -O3 -fomit-frame-pointer -funroll-loops
FAIL: gfortran.fortran-torture/execute/intrinsic_cshift.f90 compilation, -O3 -fomit-frame-pointer -funroll-all-loops -finline-functions
FAIL: gfortran.fortran-torture/execute/intrinsic_cshift.f90 compilation, -O3 -g
FAIL: gfortran.fortran-torture/execute/intrinsic_cshift.f90 compilation, -Os
FAIL: gfortran.fortran-torture/execute/intrinsic_eoshift.f90 compilation, -O2
FAIL: gfortran.fortran-torture/execute/intrinsic_eoshift.f90 compilation, -O3 -fomit-frame-pointer
FAIL: gfortran.fortran-torture/execute/intrinsic_eoshift.f90 compilation, -O3 -fomit-frame-pointer -funroll-loops
FAIL: gfortran.fortran-torture/execute/intrinsic_eoshift.f90 compilation, -O3 -fomit-frame-pointer -funroll-all-loops -finline-functions
FAIL: gfortran.fortran-torture/execute/intrinsic_eoshift.f90 compilation, -O3 -g
FAIL: gfortran.fortran-torture/execute/intrinsic_eoshift.f90 compilation, -Os
FAIL: gfortran.fortran-torture/execute/intrinsic_integer.f90 compilation, -O2
FAIL: gfortran.fortran-torture/execute/intrinsic_integer.f90 compilation, -O3 -fomit-frame-pointer
FAIL: gfortran.fortran-torture/execute/intrinsic_integer.f90 compilation, -O3 -fomit-frame-pointer -funroll-loops
FAIL: gfortran.fortran-torture/execute/intrinsic_integer.f90 compilation, -O3 -fomit-frame-pointer -funroll-all-loops -finline-functions
FAIL: gfortran.fortran-torture/execute/intrinsic_integer.f90 compilation, -O3 -g
FAIL: gfortran.fortran-torture/execute/intrinsic_integer.f90 compilation, -Os
FAIL: gfortran.fortran-torture/execute/intrinsic_mmloc.f90 compilation, -O2
FAIL: gfortran.fortran-torture/execute/intrinsic_mmloc.f90 compilation, -O3 -fomit-frame-pointer
FAIL: gfortran.fortran-torture/execute/intrinsic_mmloc.f90 compilation, -O3 -fomit-frame-pointer -funroll-loops
FAIL: gfortran.fortran-torture/execute/intrinsic_mmloc.f90 compilation, -O3 -fomit-frame-pointer -funroll-all-loops -finline-functions
FAIL: gfortran.fortran-torture/execute/intrinsic_mmloc.f90 compilation, -O3 -g
FAIL: gfortran.fortran-torture/execute/intrinsic_mmloc.f90 compilation, -Os
FAIL: gfortran.fortran-torture/execute/intrinsic_mmval.f90 compilation, -O2
FAIL: gfortran.fortran-torture/execute/intrinsic_mmval.f90 compilation, -O3 -fomit-frame-pointer
FAIL: gfortran.fortran-torture/execute/intrinsic_mmval.f90 compilation, -O3 -fomit-frame-pointer -funroll-loops
FAIL: gfortran.fortran-torture/execute/intrinsic_mmval.f90 compilation, -O3 -fomit-frame-pointer -funroll-all-loops -finline-functions
FAIL: gfortran.fortran-torture/execute/intrinsic_mmval.f90 compilation, -O3 -g
FAIL: gfortran.fortran-torture/execute/intrinsic_mmval.f90 compilation, -Os
FAIL: gfortran.fortran-torture/execute/intrinsic_mvbits.f90 compilation, -O2
FAIL: gfortran.fortran-torture/execute/intrinsic_mvbits.f90 compilation, -O3 -fomit-frame-pointer
FAIL: gfortran.fortran-torture/execute/intrinsic_mvbits.f90 compilation, -O3 -fomit-frame-pointer -funroll-loops
FAIL: gfortran.fortran-torture/execute/intrinsic_mvbits.f90 compilation, -O3 -fomit-frame-pointer -funroll-all-loops -finline-functions
FAIL: gfortran.fortran-torture/execute/intrinsic_mvbits.f90 compilation, -O3 -g
FAIL: gfortran.fortran-torture/execute/intrinsic_mvbits.f90 compilation, -Os
FAIL: gfortran.fortran-torture/execute/intrinsic_pack.f90 compilation, -O2
FAIL: gfortran.fortran-torture/execute/intrinsic_pack.f90 compilation, -O3 -fomit-frame-pointer
FAIL: gfortran.fortran-torture/execute/intrinsic_pack.f90 compilation, -O3 -fomit-frame-pointer -funroll-loops
FAIL: gfortran.fortran-torture/execute/intrinsic_pack.f90 compilation, -O3 -fomit-frame-pointer -funroll-all-loops -finline-functions
FAIL: gfortran.fortran-torture/execute/intrinsic_pack.f90 compilation, -O3 -g
FAIL: gfortran.fortran-torture/execute/intrinsic_pack.f90 compilation, -Os
FAIL: gfortran.fortran-torture/execute/intrinsic_product.f90 compilation, -O2
FAIL: gfortran.fortran-torture/execute/intrinsic_product.f90 compilation, -O3 -fomit-frame-pointer
FAIL: gfortran.fortran-torture/execute/intrinsic_product.f90 compilation, -O3 -fomit-frame-pointer -funroll-loops
FAIL: gfortran.fortran-torture/execute/intrinsic_product.f90 compilation, -O3 -fomit-frame-pointer -funroll-all-loops -finline-functions
FAIL: gfortran.fortran-torture/execute/intrinsic_product.f90 compilation, -O3 -g
FAIL: gfortran.fortran-torture/execute/intrinsic_product.f90 compilation, -Os
FAIL: gfortran.fortran-torture/execute/intrinsic_rrspacing.f90 compilation, -O2
FAIL: gfortran.fortran-torture/execute/intrinsic_rrspacing.f90 compilation, -O3 -fomit-frame-pointer
FAIL: gfortran.fortran-torture/execute/intrinsic_rrspacing.f90 compilation, -O3 -fomit-frame-pointer -funroll-loops
FAIL: gfortran.fortran-torture/execute/intrinsic_rrspacing.f90 compilation, -O3 -fomit-frame-pointer -funroll-all-loops -finline-functions
FAIL: gfortran.fortran-torture/execute/intrinsic_rrspacing.f90 compilation, -O3 -g
FAIL: gfortran.fortran-torture/execute/intrinsic_rrspacing.f90 compilation, -Os
FAIL: gfortran.fortran-torture/execute/intrinsic_scale.f90 compilation, -O2
FAIL: gfortran.fortran-torture/execute/intrinsic_scale.f90 compilation, -O3 -fomit-frame-pointer
FAIL: gfortran.fortran-torture/execute/intrinsic_scale.f90 compilation, -O3 -fomit-frame-pointer -funroll-loops
FAIL: gfortran.fortran-torture/execute/intrinsic_scale.f90 compilation, -O3 -fomit-frame-pointer -funroll-all-loops -finline-functions
FAIL: gfortran.fortran-torture/execute/intrinsic_scale.f90 compilation, -O3 -g
FAIL: gfortran.fortran-torture/execute/intrinsic_scale.f90 compilation, -Os
FAIL: gfortran.fortran-torture/execute/intrinsic_spacing.f90 compilation, -O2
FAIL: gfortran.fortran-torture/execute/intrinsic_spacing.f90 compilation, -O3 -fomit-frame-pointer
FAIL: gfortran.fortran-torture/execute/intrinsic_spacing.f90 compilation, -O3 -fomit-frame-pointer -funroll-loops
FAIL: gfortran.fortran-torture/execute/intrinsic_spacing.f90 compilation, -O3 -fomit-frame-pointer -funroll-all-loops -finline-functions
FAIL: gfortran.fortran-torture/execute/intrinsic_spacing.f90 compilation, -O3 -g
FAIL: gfortran.fortran-torture/execute/intrinsic_spacing.f90 compilation, -Os
FAIL: gfortran.fortran-torture/execute/intrinsic_spread.f90 compilation, -O2
FAIL: gfortran.fortran-torture/execute/intrinsic_spread.f90 compilation, -O3 -fomit-frame-pointer
FAIL: gfortran.fortran-torture/execute/intrinsic_spread.f90 compilation, -O3 -fomit-frame-pointer -funroll-loops
FAIL: gfortran.fortran-torture/execute/intrinsic_spread.f90 compilation, -O3 -fomit-frame-pointer -funroll-all-loops -finline-functions
FAIL: gfortran.fortran-torture/execute/intrinsic_spread.f90 compilation, -O3 -g
FAIL: gfortran.fortran-torture/execute/intrinsic_spread.f90 compilation, -Os
FAIL: gfortran.fortran-torture/execute/intrinsic_sr_kind.f90 compilation, -O2
FAIL: gfortran.fortran-torture/execute/intrinsic_sr_kind.f90 compilation, -O3 -fomit-frame-pointer
FAIL: gfortran.fortran-torture/execute/intrinsic_sr_kind.f90 compilation, -O3 -fomit-frame-pointer -funroll-loops
FAIL: gfortran.fortran-torture/execute/intrinsic_sr_kind.f90 compilation, -O3 -fomit-frame-pointer -funroll-all-loops -finline-functions
FAIL: gfortran.fortran-torture/execute/intrinsic_sr_kind.f90 compilation, -O3 -g
FAIL: gfortran.fortran-torture/execute/intrinsic_sr_kind.f90 compilation, -Os
FAIL: gfortran.fortran-torture/execute/intrinsic_sum.f90 compilation, -O2
FAIL: gfortran.fortran-torture/execute/intrinsic_sum.f90 compilation, -O3 -fomit-frame-pointer
FAIL: gfortran.fortran-torture/execute/intrinsic_sum.f90 compilation, -O3 -fomit-frame-pointer -funroll-loops
FAIL: gfortran.fortran-torture/execute/intrinsic_sum.f90 compilation, -O3 -fomit-frame-pointer -funroll-all-loops -finline-functions
FAIL: gfortran.fortran-torture/execute/intrinsic_sum.f90 compilation, -O3 -g
FAIL: gfortran.fortran-torture/execute/intrinsic_sum.f90 compilation, -Os
FAIL: gfortran.fortran-torture/execute/intrinsic_trim.f90 compilation, -O2
FAIL: gfortran.fortran-torture/execute/intrinsic_trim.f90 compilation, -O3 -fomit-frame-pointer
FAIL: gfortran.fortran-torture/execute/intrinsic_trim.f90 compilation, -O3 -fomit-frame-pointer -funroll-loops
FAIL: gfortran.fortran-torture/execute/intrinsic_trim.f90 compilation, -O3 -fomit-frame-pointer -funroll-all-loops -finline-functions
FAIL: gfortran.fortran-torture/execute/intrinsic_trim.f90 compilation, -O3 -g
FAIL: gfortran.fortran-torture/execute/intrinsic_trim.f90 compilation, -Os
FAIL: gfortran.fortran-torture/execute/intrinsic_unpack.f90 compilation, -O2
FAIL: gfortran.fortran-torture/execute/intrinsic_unpack.f90 compilation, -O3 -fomit-frame-pointer
FAIL: gfortran.fortran-torture/execute/intrinsic_unpack.f90 compilation, -O3 -fomit-frame-pointer -funroll-loops
FAIL: gfortran.fortran-torture/execute/intrinsic_unpack.f90 compilation, -O3 -fomit-frame-pointer -funroll-all-loops -finline-functions
FAIL: gfortran.fortran-torture/execute/intrinsic_unpack.f90 compilation, -O3 -g
FAIL: gfortran.fortran-torture/execute/intrinsic_unpack.f90 compilation, -Os
FAIL: gfortran.fortran-torture/execute/math.f90 compilation, -O2
FAIL: gfortran.fortran-torture/execute/math.f90 compilation, -O3 -fomit-frame-pointer
FAIL: gfortran.fortran-torture/execute/math.f90 compilation, -O3 -fomit-frame-pointer -funroll-loops
FAIL: gfortran.fortran-torture/execute/math.f90 compilation, -O3 -fomit-frame-pointer -funroll-all-loops -finline-functions
FAIL: gfortran.fortran-torture/execute/math.f90 compilation, -O3 -g
FAIL: gfortran.fortran-torture/execute/math.f90 compilation, -Os
FAIL: gfortran.fortran-torture/execute/module_interface_2.f90 compilation, -O2
FAIL: gfortran.fortran-torture/execute/module_interface_2.f90 compilation, -O3 -fomit-frame-pointer
FAIL: gfortran.fortran-torture/execute/module_interface_2.f90 compilation, -O3 -fomit-frame-pointer -funroll-loops
FAIL: gfortran.fortran-torture/execute/module_interface_2.f90 compilation, -O3 -fomit-frame-pointer -funroll-all-loops -finline-functions
FAIL: gfortran.fortran-torture/execute/module_interface_2.f90 compilation, -O3 -g
FAIL: gfortran.fortran-torture/execute/module_interface_2.f90 compilation, -Os
FAIL: gfortran.fortran-torture/execute/nullarg.f90 compilation, -O2
FAIL: gfortran.fortran-torture/execute/nullarg.f90 compilation, -O3 -fomit-frame-pointer
FAIL: gfortran.fortran-torture/execute/nullarg.f90 compilation, -O3 -fomit-frame-pointer -funroll-loops
FAIL: gfortran.fortran-torture/execute/nullarg.f90 compilation, -O3 -fomit-frame-pointer -funroll-all-loops -finline-functions
FAIL: gfortran.fortran-torture/execute/nullarg.f90 compilation, -O3 -g
FAIL: gfortran.fortran-torture/execute/nullarg.f90 compilation, -Os
FAIL: gfortran.fortran-torture/execute/optstring_1.f90 compilation, -O2
FAIL: gfortran.fortran-torture/execute/optstring_1.f90 compilation, -O3 -fomit-frame-pointer
FAIL: gfortran.fortran-torture/execute/optstring_1.f90 compilation, -O3 -fomit-frame-pointer -funroll-loops
FAIL: gfortran.fortran-torture/execute/optstring_1.f90 compilation, -O3 -fomit-frame-pointer -funroll-all-loops -finline-functions
FAIL: gfortran.fortran-torture/execute/optstring_1.f90 compilation, -O3 -g
FAIL: gfortran.fortran-torture/execute/optstring_1.f90 compilation, -Os
FAIL: gfortran.fortran-torture/execute/power.f90 execution, -O0
FAIL: gfortran.fortran-torture/execute/power.f90 execution, -O1
FAIL: gfortran.fortran-torture/execute/power.f90 execution, -O2
FAIL: gfortran.fortran-torture/execute/power.f90 execution, -O3 -fomit-frame-pointer
FAIL: gfortran.fortran-torture/execute/power.f90 execution, -O3 -fomit-frame-pointer -funroll-loops
FAIL: gfortran.fortran-torture/execute/power.f90 execution, -O3 -fomit-frame-pointer -funroll-all-loops -finline-functions
FAIL: gfortran.fortran-torture/execute/power.f90 execution, -O3 -g
FAIL: gfortran.fortran-torture/execute/power.f90 execution, -Os
FAIL: gfortran.fortran-torture/execute/procarg.f90 compilation, -O2
FAIL: gfortran.fortran-torture/execute/procarg.f90 compilation, -O3 -fomit-frame-pointer
FAIL: gfortran.fortran-torture/execute/procarg.f90 compilation, -O3 -fomit-frame-pointer -funroll-loops
FAIL: gfortran.fortran-torture/execute/procarg.f90 compilation, -O3 -fomit-frame-pointer -funroll-all-loops -finline-functions
FAIL: gfortran.fortran-torture/execute/procarg.f90 compilation, -O3 -g
FAIL: gfortran.fortran-torture/execute/procarg.f90 compilation, -Os
FAIL: gfortran.fortran-torture/execute/read_null_string.f90 compilation, -O2
FAIL: gfortran.fortran-torture/execute/read_null_string.f90 compilation, -O3 -fomit-frame-pointer
FAIL: gfortran.fortran-torture/execute/read_null_string.f90 compilation, -O3 -fomit-frame-pointer -funroll-loops
FAIL: gfortran.fortran-torture/execute/read_null_string.f90 compilation, -O3 -fomit-frame-pointer -funroll-all-loops -finline-functions
FAIL: gfortran.fortran-torture/execute/read_null_string.f90 compilation, -O3 -g
FAIL: gfortran.fortran-torture/execute/read_null_string.f90 compilation, -Os
FAIL: gfortran.fortran-torture/execute/retarray.f90 compilation, -O2
FAIL: gfortran.fortran-torture/execute/retarray.f90 compilation, -O3 -fomit-frame-pointer
FAIL: gfortran.fortran-torture/execute/retarray.f90 compilation, -O3 -fomit-frame-pointer -funroll-loops
FAIL: gfortran.fortran-torture/execute/retarray.f90 compilation, -O3 -fomit-frame-pointer -funroll-all-loops -finline-functions
FAIL: gfortran.fortran-torture/execute/retarray.f90 compilation, -O3 -g
FAIL: gfortran.fortran-torture/execute/retarray.f90 compilation, -Os
FAIL: gfortran.fortran-torture/execute/select_1.f90 compilation, -O2
FAIL: gfortran.fortran-torture/execute/select_1.f90 compilation, -O3 -fomit-frame-pointer
FAIL: gfortran.fortran-torture/execute/select_1.f90 compilation, -O3 -fomit-frame-pointer -funroll-loops
FAIL: gfortran.fortran-torture/execute/select_1.f90 compilation, -O3 -fomit-frame-pointer -funroll-all-loops -finline-functions
FAIL: gfortran.fortran-torture/execute/select_1.f90 compilation, -O3 -g
FAIL: gfortran.fortran-torture/execute/select_1.f90 compilation, -Os
FAIL: gfortran.fortran-torture/execute/spec_abs.f90 compilation, -O2
FAIL: gfortran.fortran-torture/execute/spec_abs.f90 compilation, -O3 -fomit-frame-pointer
FAIL: gfortran.fortran-torture/execute/spec_abs.f90 compilation, -O3 -fomit-frame-pointer -funroll-loops
FAIL: gfortran.fortran-torture/execute/spec_abs.f90 compilation, -O3 -fomit-frame-pointer -funroll-all-loops -finline-functions
FAIL: gfortran.fortran-torture/execute/spec_abs.f90 compilation, -O3 -g
FAIL: gfortran.fortran-torture/execute/spec_abs.f90 compilation, -Os
FAIL: gfortran.fortran-torture/execute/specifics.f90 compilation, -O2
FAIL: gfortran.fortran-torture/execute/specifics.f90 compilation, -O3 -fomit-frame-pointer
FAIL: gfortran.fortran-torture/execute/specifics.f90 compilation, -O3 -fomit-frame-pointer -funroll-loops
FAIL: gfortran.fortran-torture/execute/specifics.f90 compilation, -O3 -fomit-frame-pointer -funroll-all-loops -finline-functions
FAIL: gfortran.fortran-torture/execute/specifics.f90 compilation, -O3 -g
FAIL: gfortran.fortran-torture/execute/specifics.f90 compilation, -Os
FAIL: gfortran.fortran-torture/execute/st_function.f90 compilation, -O2
FAIL: gfortran.fortran-torture/execute/st_function.f90 compilation, -O3 -fomit-frame-pointer
FAIL: gfortran.fortran-torture/execute/st_function.f90 compilation, -O3 -fomit-frame-pointer -funroll-loops
FAIL: gfortran.fortran-torture/execute/st_function.f90 compilation, -O3 -fomit-frame-pointer -funroll-all-loops -finline-functions
FAIL: gfortran.fortran-torture/execute/st_function.f90 compilation, -O3 -g
FAIL: gfortran.fortran-torture/execute/st_function.f90 compilation, -Os
FAIL: gfortran.fortran-torture/execute/st_function_2.f90 compilation, -O2
FAIL: gfortran.fortran-torture/execute/st_function_2.f90 compilation, -O3 -fomit-frame-pointer
FAIL: gfortran.fortran-torture/execute/st_function_2.f90 compilation, -O3 -fomit-frame-pointer -funroll-loops
FAIL: gfortran.fortran-torture/execute/st_function_2.f90 compilation, -O3 -fomit-frame-pointer -funroll-all-loops -finline-functions
FAIL: gfortran.fortran-torture/execute/st_function_2.f90 compilation, -O3 -g
FAIL: gfortran.fortran-torture/execute/st_function_2.f90 compilation, -Os
FAIL: gfortran.fortran-torture/execute/stack_varsize.f90 compilation, -O2
FAIL: gfortran.fortran-torture/execute/stack_varsize.f90 compilation, -O3 -fomit-frame-pointer
FAIL: gfortran.fortran-torture/execute/stack_varsize.f90 compilation, -O3 -fomit-frame-pointer -funroll-loops
FAIL: gfortran.fortran-torture/execute/stack_varsize.f90 compilation, -O3 -fomit-frame-pointer -funroll-all-loops -finline-functions
FAIL: gfortran.fortran-torture/execute/stack_varsize.f90 compilation, -O3 -g
FAIL: gfortran.fortran-torture/execute/stack_varsize.f90 compilation, -Os
FAIL: gfortran.fortran-torture/execute/strarray_1.f90 compilation, -O2
FAIL: gfortran.fortran-torture/execute/strarray_1.f90 compilation, -O3 -fomit-frame-pointer
FAIL: gfortran.fortran-torture/execute/strarray_1.f90 compilation, -O3 -fomit-frame-pointer -funroll-loops
FAIL: gfortran.fortran-torture/execute/strarray_1.f90 compilation, -O3 -fomit-frame-pointer -funroll-all-loops -finline-functions
FAIL: gfortran.fortran-torture/execute/strarray_1.f90 compilation, -O3 -g
FAIL: gfortran.fortran-torture/execute/strarray_1.f90 compilation, -Os
FAIL: gfortran.fortran-torture/execute/strarray_2.f90 compilation, -O2
FAIL: gfortran.fortran-torture/execute/strarray_2.f90 compilation, -O3 -fomit-frame-pointer
FAIL: gfortran.fortran-torture/execute/strarray_2.f90 compilation, -O3 -fomit-frame-pointer -funroll-loops
FAIL: gfortran.fortran-torture/execute/strarray_2.f90 compilation, -O3 -fomit-frame-pointer -funroll-all-loops -finline-functions
FAIL: gfortran.fortran-torture/execute/strarray_2.f90 compilation, -O3 -g
FAIL: gfortran.fortran-torture/execute/strarray_2.f90 compilation, -Os
FAIL: gfortran.fortran-torture/execute/strarray_3.f90 compilation, -O2
FAIL: gfortran.fortran-torture/execute/strarray_3.f90 compilation, -O3 -fomit-frame-pointer
FAIL: gfortran.fortran-torture/execute/strarray_3.f90 compilation, -O3 -fomit-frame-pointer -funroll-loops
FAIL: gfortran.fortran-torture/execute/strarray_3.f90 compilation, -O3 -fomit-frame-pointer -funroll-all-loops -finline-functions
FAIL: gfortran.fortran-torture/execute/strarray_3.f90 compilation, -O3 -g
FAIL: gfortran.fortran-torture/execute/strarray_3.f90 compilation, -Os
FAIL: gfortran.fortran-torture/execute/strarray_4.f90 compilation, -O2
FAIL: gfortran.fortran-torture/execute/strarray_4.f90 compilation, -O3 -fomit-frame-pointer
FAIL: gfortran.fortran-torture/execute/strarray_4.f90 compilation, -O3 -fomit-frame-pointer -funroll-loops
FAIL: gfortran.fortran-torture/execute/strarray_4.f90 compilation, -O3 -fomit-frame-pointer -funroll-all-loops -finline-functions
FAIL: gfortran.fortran-torture/execute/strarray_4.f90 compilation, -O3 -g
FAIL: gfortran.fortran-torture/execute/strarray_4.f90 compilation, -Os
=== gfortran Summary for unix/-m64 ===
# of expected passes 4391
# of unexpected failures 422
# of unexpected successes 8
# of expected failures 12
# of untested testcases 270
# of unsupported tests 8
=== gfortran Summary ===
# of expected passes 8809
# of unexpected failures 817
# of unexpected successes 10
# of expected failures 30
# of untested testcases 540
# of unsupported tests 16
/home/gccbuild/build/nightly/build-gcc-treeprof/gcc/testsuite/../gfortran version 4.0.0-tree-profiling 20050211 (experimental)
=== objc tests ===
Running target unix/-m32
=== objc Summary for unix/-m32 ===
# of expected passes 1534
# of unsupported tests 10
Running target unix/-m64
=== objc Summary for unix/-m64 ===
# of expected passes 1534
# of unsupported tests 10
=== objc Summary ===
# of expected passes 3068
# of unsupported tests 20
/home/gccbuild/build/nightly/build-gcc-treeprof/gcc/xgcc version 4.0.0-tree-profiling 20050211 (experimental)
=== libffi tests ===
Running target unix/-m32
FAIL: libffi.call/cls_align_longdouble.c (test for excess errors)
WARNING: libffi.call/cls_align_longdouble.c compilation failed to produce executable
FAIL: libffi.call/float.c (test for excess errors)
WARNING: libffi.call/float.c compilation failed to produce executable
FAIL: libffi.call/float2.c (test for excess errors)
WARNING: libffi.call/float2.c compilation failed to produce executable
FAIL: libffi.call/float3.c (test for excess errors)
WARNING: libffi.call/float3.c compilation failed to produce executable
=== libffi Summary for unix/-m32 ===
# of expected passes 207
# of unexpected failures 4
# of unsupported tests 2
Running target unix/-m64
FAIL: libffi.call/cls_align_longdouble.c output pattern test, is 12 4951 0 0 6.98351e-251 64: 12 4951 64
FAIL: libffi.call/float3.c execution test
=== libffi Summary for unix/-m64 ===
# of expected passes 214
# of unexpected failures 2
# of unsupported tests 2
=== libffi Summary ===
# of expected passes 421
# of unexpected failures 6
# of unsupported tests 4
=== libjava tests ===
Running target unix/-m32
FAIL: stringconst -O3 compilation from bytecode
FAIL: stringconst2 -O3 compilation from bytecode
=== libjava Summary for unix/-m32 ===
# of expected passes 3720
# of unexpected failures 2
# of expected failures 14
# of untested testcases 20
Running target unix/-m64
FAIL: stringconst -O3 compilation from bytecode
FAIL: stringconst2 -O3 compilation from bytecode
=== libjava Summary for unix/-m64 ===
# of expected passes 3720
# of unexpected failures 2
# of expected failures 14
# of untested testcases 20
=== libjava Summary ===
# of expected passes 7440
# of unexpected failures 4
# of expected failures 28
# of untested testcases 40
=== libmudflap tests ===
Running target unix/-m32
=== libmudflap Summary for unix/-m32 ===
# of expected passes 1280
Running target unix/-m64
FAIL: libmudflap.c/fail27-frag.c output pattern test
FAIL: libmudflap.c/fail27-frag.c (-O2) output pattern test
FAIL: libmudflap.c/fail27-frag.c (-O3) output pattern test
=== libmudflap Summary for unix/-m64 ===
# of expected passes 1277
# of unexpected failures 3
=== libmudflap Summary ===
# of expected passes 2557
# of unexpected failures 3
=== libstdc++-v3 check-abi Summary ===
# of added symbols: 63
# of missing symbols: 0
# of incompatible symbols: 0
using: /home/gccbuild/gcc_treeprof_anoncvs/gcc/libstdc++-v3/config/abi/powerpc-linux-gnu/baseline_symbols.txt
=== libstdc++ tests ===
Running target unix/-m32
XPASS: 22_locale/locale/cons/12658_thread-1.cc execution test
XPASS: 26_numerics/cmath/c99_classification_macros_c.cc (test for excess errors)
=== libstdc++ Summary for unix/-m32 ===
# of expected passes 3436
# of unexpected successes 2
# of expected failures 6
Running target unix/-m64
XPASS: 22_locale/locale/cons/12658_thread-1.cc execution test
FAIL: 22_locale/messages/members/char/1.cc execution test
FAIL: 22_locale/messages/members/char/2.cc execution test
FAIL: 22_locale/messages/members/char/wrapped_env.cc execution test
FAIL: 22_locale/messages/members/char/wrapped_locale.cc execution test
FAIL: 22_locale/messages_byname/named_equivalence.cc execution test
XPASS: 26_numerics/cmath/c99_classification_macros_c.cc (test for excess errors)
FAIL: 26_numerics/complex/13450.cc execution test
FAIL: 26_numerics/complex/complex_value.cc execution test
FAIL: 26_numerics/complex/pow.cc execution test
XPASS: 27_io/fpos/14320-1.cc execution test
XPASS: ext/array_allocator/2.cc execution test
=== libstdc++ Summary for unix/-m64 ===
# of expected passes 3428
# of unexpected failures 8
# of unexpected successes 4
# of expected failures 4
=== libstdc++ Summary ===
# of expected passes 6864
# of unexpected failures 8
# of unexpected successes 6
# of expected failures 10
Compiler version: 4.0.0-tree-profiling 20050211 (experimental)
Platform: powerpc64-unknown-linux-gnu
configure flags: --prefix=/opt/gcc-nightly/treeprof-20050228 --build=powerpc64-linux --host=powerpc64-linux --target=powerpc64-linux --with-cpu=default32 --with-as=/opt/gcc-nightly/binutils/bin/as --with-ld=/opt/gcc-nightly/binutils/bin/ld --enable-threads=posix --enable-shared --enable-__cxa_atexit --with-mpfr=/opt/gcc-nightly/gmp --enable-languages=c,c++,f95,java,objc