This is the mail archive of the
gcc-testresults@gcc.gnu.org
mailing list for the GCC project.
Results for 4.0.0 20050223 (experimental) testsuite on powerpc64-unknown-linux-gnu
- From: Jon Grimm <jgrimm at jupiter dot ltc dot austin dot ibm dot com>
- To: gcc-testresults at gcc dot gnu dot org
- Date: Wed, 23 Feb 2005 03:54:42 -0600
- Subject: Results for 4.0.0 20050223 (experimental) testsuite on powerpc64-unknown-linux-gnu
Linux 2.6.9-1.849_EL ppc64
GNU C Library stable release version 2.3.3
GNU ld version 2.15.94 20050124
GNU assembler 2.15.94 20050124
GNU Make 3.80
DejaGnu:
Expect version is 5.40.0
Tcl version is 8.4
Framework version is 1.4.4
64-bit biarch default64
Linux 2.6.9-1.849_EL ppc64
GNU C Library stable release version 2.3.3
GNU ld version 2.15.92
GNU assembler 2.15.92
GNU Make 3.80
DejaGnu:
Expect version is 5.42.1
Tcl version is 8.4.7
Framework version is 1.4.4
64-bit biarch default64
LAST_UPDATED: Wed Feb 23 06:21:56 UTC 2005
Native configuration is powerpc64-unknown-linux-gnu
=== g++ tests ===
Running target unix/-m32
=== g++ Summary for unix/-m32 ===
# of expected passes 10783
# of expected failures 70
# of unsupported tests 76
Running target unix/-m64
=== g++ Summary for unix/-m64 ===
# of expected passes 10745
# of expected failures 70
# of unsupported tests 79
=== g++ Summary ===
# of expected passes 21528
# of expected failures 140
# of unsupported tests 155
/home/jgrimm/build/nightly/build-gcc-mline64/gcc/testsuite/../g++ version 4.0.0 20050223 (experimental)
=== gcc tests ===
Running target unix/-m32
=== gcc Summary for unix/-m32 ===
# of expected passes 34948
# of expected failures 101
# of untested testcases 28
# of unsupported tests 436
Running target unix/-m64
=== gcc Summary for unix/-m64 ===
# of expected passes 34954
# of expected failures 108
# of untested testcases 28
# of unsupported tests 433
=== gcc Summary ===
# of expected passes 69902
# of expected failures 209
# of untested testcases 56
# of unsupported tests 869
/home/jgrimm/build/nightly/build-gcc-mline64/gcc/xgcc version 4.0.0 20050223 (experimental)
=== gfortran tests ===
Running target unix/-m32
FAIL: gfortran.dg/list_read_4.f90 -O0 (test for excess errors)
WARNING: gfortran.dg/list_read_4.f90 -O0 compilation failed to produce executable
FAIL: gfortran.dg/list_read_4.f90 -O1 (test for excess errors)
WARNING: gfortran.dg/list_read_4.f90 -O1 compilation failed to produce executable
FAIL: gfortran.dg/list_read_4.f90 -O2 (test for excess errors)
WARNING: gfortran.dg/list_read_4.f90 -O2 compilation failed to produce executable
FAIL: gfortran.dg/list_read_4.f90 -O3 -fomit-frame-pointer (test for excess errors)
WARNING: gfortran.dg/list_read_4.f90 -O3 -fomit-frame-pointer compilation failed to produce executable
FAIL: gfortran.dg/list_read_4.f90 -O3 -fomit-frame-pointer -funroll-loops (test for excess errors)
WARNING: gfortran.dg/list_read_4.f90 -O3 -fomit-frame-pointer -funroll-loops compilation failed to produce executable
FAIL: gfortran.dg/list_read_4.f90 -O3 -fomit-frame-pointer -funroll-all-loops -finline-functions (test for excess errors)
WARNING: gfortran.dg/list_read_4.f90 -O3 -fomit-frame-pointer -funroll-all-loops -finline-functions compilation failed to produce executable
FAIL: gfortran.dg/list_read_4.f90 -O3 -g (test for excess errors)
WARNING: gfortran.dg/list_read_4.f90 -O3 -g compilation failed to produce executable
FAIL: gfortran.dg/list_read_4.f90 -Os (test for excess errors)
WARNING: gfortran.dg/list_read_4.f90 -Os compilation failed to produce executable
XPASS: gfortran.dg/ret_pointer_1.f90 -O0 execution test
XPASS: gfortran.dg/ret_pointer_1.f90 -O1 execution test
FAIL: gfortran.fortran-torture/execute/forall_3.f90 execution, -O0
FAIL: gfortran.fortran-torture/execute/forall_3.f90 execution, -O1
FAIL: gfortran.fortran-torture/execute/forall_3.f90 execution, -O2
FAIL: gfortran.fortran-torture/execute/forall_3.f90 execution, -O3 -fomit-frame-pointer
FAIL: gfortran.fortran-torture/execute/forall_3.f90 execution, -O3 -fomit-frame-pointer -funroll-loops
FAIL: gfortran.fortran-torture/execute/forall_3.f90 execution, -O3 -fomit-frame-pointer -funroll-all-loops -finline-functions
FAIL: gfortran.fortran-torture/execute/forall_3.f90 execution, -O3 -g
FAIL: gfortran.fortran-torture/execute/forall_3.f90 execution, -Os
=== gfortran Summary for unix/-m32 ===
# of expected passes 5291
# of unexpected failures 16
# of unexpected successes 2
# of expected failures 24
# of unsupported tests 8
Running target unix/-m64
FAIL: gfortran.dg/list_read_4.f90 -O0 (test for excess errors)
WARNING: gfortran.dg/list_read_4.f90 -O0 compilation failed to produce executable
FAIL: gfortran.dg/list_read_4.f90 -O1 (test for excess errors)
WARNING: gfortran.dg/list_read_4.f90 -O1 compilation failed to produce executable
FAIL: gfortran.dg/list_read_4.f90 -O2 (test for excess errors)
WARNING: gfortran.dg/list_read_4.f90 -O2 compilation failed to produce executable
FAIL: gfortran.dg/list_read_4.f90 -O3 -fomit-frame-pointer (test for excess errors)
WARNING: gfortran.dg/list_read_4.f90 -O3 -fomit-frame-pointer compilation failed to produce executable
FAIL: gfortran.dg/list_read_4.f90 -O3 -fomit-frame-pointer -funroll-loops (test for excess errors)
WARNING: gfortran.dg/list_read_4.f90 -O3 -fomit-frame-pointer -funroll-loops compilation failed to produce executable
FAIL: gfortran.dg/list_read_4.f90 -O3 -fomit-frame-pointer -funroll-all-loops -finline-functions (test for excess errors)
WARNING: gfortran.dg/list_read_4.f90 -O3 -fomit-frame-pointer -funroll-all-loops -finline-functions compilation failed to produce executable
FAIL: gfortran.dg/list_read_4.f90 -O3 -g (test for excess errors)
WARNING: gfortran.dg/list_read_4.f90 -O3 -g compilation failed to produce executable
FAIL: gfortran.dg/list_read_4.f90 -Os (test for excess errors)
WARNING: gfortran.dg/list_read_4.f90 -Os compilation failed to produce executable
XPASS: gfortran.dg/ret_pointer_1.f90 -O0 execution test
XPASS: gfortran.dg/ret_pointer_1.f90 -O1 execution test
XPASS: gfortran.dg/ret_pointer_1.f90 -O2 execution test
XPASS: gfortran.dg/ret_pointer_1.f90 -O3 -fomit-frame-pointer execution test
XPASS: gfortran.dg/ret_pointer_1.f90 -O3 -fomit-frame-pointer -funroll-loops execution test
XPASS: gfortran.dg/ret_pointer_1.f90 -O3 -fomit-frame-pointer -funroll-all-loops -finline-functions execution test
XPASS: gfortran.dg/ret_pointer_1.f90 -O3 -g execution test
XPASS: gfortran.dg/ret_pointer_1.f90 -Os execution test
FAIL: gfortran.fortran-torture/execute/forall_3.f90 execution, -O0
FAIL: gfortran.fortran-torture/execute/forall_3.f90 execution, -O1
FAIL: gfortran.fortran-torture/execute/forall_3.f90 execution, -O2
FAIL: gfortran.fortran-torture/execute/forall_3.f90 execution, -O3 -fomit-frame-pointer
FAIL: gfortran.fortran-torture/execute/forall_3.f90 execution, -O3 -fomit-frame-pointer -funroll-loops
FAIL: gfortran.fortran-torture/execute/forall_3.f90 execution, -O3 -fomit-frame-pointer -funroll-all-loops -finline-functions
FAIL: gfortran.fortran-torture/execute/forall_3.f90 execution, -O3 -g
FAIL: gfortran.fortran-torture/execute/forall_3.f90 execution, -Os
=== gfortran Summary for unix/-m64 ===
# of expected passes 5291
# of unexpected failures 16
# of unexpected successes 8
# of expected failures 18
# of unsupported tests 8
=== gfortran Summary ===
# of expected passes 10582
# of unexpected failures 32
# of unexpected successes 10
# of expected failures 42
# of unsupported tests 16
/home/jgrimm/build/nightly/build-gcc-mline64/gcc/testsuite/../gfortran version 4.0.0 20050223 (experimental)
=== objc tests ===
Running target unix/-m32
=== objc Summary for unix/-m32 ===
# of expected passes 1534
# of unsupported tests 10
Running target unix/-m64
=== objc Summary for unix/-m64 ===
# of expected passes 1534
# of unsupported tests 10
=== objc Summary ===
# of expected passes 3068
# of unsupported tests 20
/home/jgrimm/build/nightly/build-gcc-mline64/gcc/xgcc version 4.0.0 20050223 (experimental)
=== libmudflap tests ===
Running target unix/-m32
FAIL: libmudflap.cth/pass40-frag.c execution test
FAIL: libmudflap.cth/pass40-frag.c output pattern test
FAIL: libmudflap.cth/pass40-frag.c (-O2) execution test
FAIL: libmudflap.cth/pass40-frag.c (-O2) output pattern test
FAIL: libmudflap.cth/pass40-frag.c (-O3) execution test
FAIL: libmudflap.cth/pass40-frag.c (-O3) output pattern test
=== libmudflap Summary for unix/-m32 ===
# of expected passes 1282
# of unexpected failures 6
Running target unix/-m64
FAIL: libmudflap.c/fail27-frag.c output pattern test
FAIL: libmudflap.c/fail27-frag.c (-O2) output pattern test
FAIL: libmudflap.c/fail27-frag.c (-O3) output pattern test
=== libmudflap Summary for unix/-m64 ===
# of expected passes 1285
# of unexpected failures 3
=== libmudflap Summary ===
# of expected passes 2567
# of unexpected failures 9
=== libstdc++-v3 check-abi Summary ===
# of added symbols: 551
# of missing symbols: 486
# of incompatible symbols: 488
using: /home/jgrimm/src/gcc_mline64_anoncvs/gcc/libstdc++-v3/config/abi/powerpc-linux-gnu/baseline_symbols.txt
=== libstdc++ tests ===
Running target unix/-m32
XPASS: 22_locale/locale/cons/12658_thread-1.cc execution test
FAIL: 22_locale/messages/members/char/1.cc execution test
FAIL: 22_locale/messages/members/char/2.cc execution test
FAIL: 22_locale/messages/members/char/wrapped_env.cc execution test
FAIL: 22_locale/messages/members/char/wrapped_locale.cc execution test
FAIL: 22_locale/messages_byname/named_equivalence.cc execution test
XPASS: 26_numerics/cmath/c99_classification_macros_c.cc (test for excess errors)
=== libstdc++ Summary for unix/-m32 ===
# of expected passes 3573
# of unexpected failures 5
# of unexpected successes 2
# of expected failures 9
Running target unix/-m64
XPASS: 22_locale/locale/cons/12658_thread-1.cc execution test
XPASS: 26_numerics/cmath/c99_classification_macros_c.cc (test for excess errors)
XPASS: 27_io/fpos/14320-1.cc execution test
=== libstdc++ Summary for unix/-m64 ===
# of expected passes 3578
# of unexpected successes 3
# of expected failures 8
=== libstdc++ Summary ===
# of expected passes 7151
# of unexpected failures 5
# of unexpected successes 5
# of expected failures 17
Compiler version: 4.0.0 20050223 (experimental)
Platform: powerpc64-unknown-linux-gnu
configure flags: --prefix=/home/jgrimm/opt/gcc-nightly/mline64-20050223 --build=powerpc64-linux --host=powerpc64-linux --target=powerpc64-linux --with-cpu=default64 --with-as=/home/jgrimm/tools/binutils/bin/as --with-ld=/home/jgrimm/tools/binutils/bin/ld --enable-threads=posix --enable-shared --enable-__cxa_atexit --with-mpfr=/home/jgrimm/opt/gcc-nightly/gmp64 --enable-languages=c,c++,f95,objc