This is the mail archive of the
gcc-testresults@gcc.gnu.org
mailing list for the GCC project.
Results for 4.0.0 20050221 (experimental) testsuite on i686-pc-linux-gnu
- From: Andrew Pinski <pinskia at physics dot uc dot edu>
- To: gcc-testresults at gcc dot gnu dot org
- Date: Mon, 21 Feb 2005 07:04:25 -0500
- Subject: Results for 4.0.0 20050221 (experimental) testsuite on i686-pc-linux-gnu
LAST_UPDATED: Mon Feb 21 05:02:56 UTC 2005
Native configuration is i686-pc-linux-gnu
=== g++ tests ===
Running target unix
XPASS: g++.old-deja/g++.other/init5.C execution test
=== g++ Summary ===
# of expected passes 10770
# of unexpected successes 1
# of expected failures 72
# of unsupported tests 60
/home/gates/pinskia/src/gnu/gcc/src/objdir.linux/gcc/testsuite/../g++ version 4.0.0 20050221 (experimental)
=== gcc tests ===
Running target unix
WARNING: program timed out.
FAIL: gcc.c-torture/compile/20001226-1.c (test for excess errors)
FAIL: gcc.dg/cpp/arith-3.c (test for bogus messages, line 257)
XPASS: gcc.dg/vect/vect-22.c scan-tree-dump-times vectorized 3 loops 1
=== gcc Summary ===
# of expected passes 34494
# of unexpected failures 2
# of unexpected successes 1
# of expected failures 100
# of untested testcases 28
# of unsupported tests 307
/home/gates/pinskia/src/gnu/gcc/src/objdir.linux/gcc/xgcc version 4.0.0 20050221 (experimental)
=== gfortran tests ===
Running target unix
XPASS: gfortran.dg/ret_pointer_1.f90 execution test
XPASS: gfortran.dg/ret_pointer_1.f90 execution test
XPASS: gfortran.dg/ret_pointer_1.f90 execution test
XPASS: gfortran.dg/ret_pointer_1.f90 execution test
XPASS: gfortran.dg/ret_pointer_1.f90 execution test
FAIL: gfortran.fortran-torture/execute/forall_3.f90 execution, -O1
=== gfortran Summary ===
# of expected passes 5284
# of unexpected failures 1
# of unexpected successes 5
# of expected failures 21
/home/gates/pinskia/src/gnu/gcc/src/objdir.linux/gcc/testsuite/../gfortran version 4.0.0 20050221 (experimental)
=== objc tests ===
Running target unix
=== objc Summary ===
# of expected passes 1534
# of unsupported tests 10
/home/gates/pinskia/src/gnu/gcc/src/objdir.linux/gcc/xgcc version 4.0.0 20050221 (experimental)
=== libffi tests ===
Running target unix
=== libffi Summary ===
# of expected passes 216
# of unsupported tests 2
=== libjava tests ===
Running target unix
FAIL: PR20056 execution - gij test
FAIL: PR20056 execution - gij test
=== libjava Summary ===
# of expected passes 3765
# of unexpected failures 2
# of expected failures 14
# of untested testcases 18
=== libmudflap tests ===
Running target unix
FAIL: libmudflap.cth/pass40-frag.c execution test
FAIL: libmudflap.cth/pass40-frag.c output pattern test
FAIL: libmudflap.cth/pass40-frag.c (-O2) execution test
FAIL: libmudflap.cth/pass40-frag.c (-O2) output pattern test
FAIL: libmudflap.cth/pass40-frag.c (-O3) execution test
FAIL: libmudflap.cth/pass40-frag.c (-O3) output pattern test
=== libmudflap Summary ===
# of expected passes 1282
# of unexpected failures 6
=== libstdc++-v3 check-abi Summary ===
# of added symbols: 56
# of missing symbols: 0
# of incompatible symbols: 2
using: /home/peshtigo/pinskia/src/gnu/gcc/src/libstdc++-v3/config/abi/i486-linux-gnu/baseline_symbols.txt
=== libstdc++ tests ===
Running target unix
FAIL: 18_support/14026.cc execution test
XPASS: 22_locale/locale/cons/12658_thread-1.cc execution test
XPASS: 26_numerics/cmath/c99_classification_macros_c.cc (test for excess errors)
=== libstdc++ Summary ===
# of expected passes 3512
# of unexpected failures 1
# of unexpected successes 2
# of expected failures 5
Compiler version: 4.0.0 20050221 (experimental)
Platform: i686-pc-linux-gnu
configure flags: --target=i686-pc-linux-gnu --host=i686-pc-linux-gnu --enable-__cxa_atexit --prefix=/home/gates/pinskia/linux --enable-threads=posix --enable-shared --enable-languages=c,c++,f95,java,objc