This is the mail archive of the
gcc-testresults@gcc.gnu.org
mailing list for the GCC project.
Results for 4.0.0 20050218 (experimental) testsuite on powerpc-apple-darwin7.7.0
- From: Andrew Pinski <pinskia at physics dot uc dot edu>
- To: gcc-testresults at gcc dot gnu dot org
- Date: Sat, 19 Feb 2005 18:23:31 -0500
- Subject: Results for 4.0.0 20050218 (experimental) testsuite on powerpc-apple-darwin7.7.0
LAST_UPDATED: Fri Feb 18 20:27:42 UTC 2005
=== acats tests ===
FAIL: c250002
FAIL: c32001e
FAIL: c34002a
FAIL: c37402a
FAIL: c391002
FAIL: c432002
FAIL: c43214c
FAIL: c460007
FAIL: c52011a
FAIL: c64105b
FAIL: c85006e
FAIL: c95086b
FAIL: c954025
FAIL: cc1221d
FAIL: cd2b11a
FAIL: cd2b11b
FAIL: cdd2a02
FAIL: cxa3004
FAIL: cxa4006
FAIL: cxa4017
FAIL: cxaca01
FAIL: cxb3006
=== acats Summary ===
# of expected passes 2300
# of unexpected failures 22
Native configuration is powerpc-apple-darwin7.7.0
=== g++ tests ===
Running target unix
FAIL: g++.dg/ext/visibility/pragma-override1.C (test for excess errors)
FAIL: g++.dg/ext/visibility/pragma-override1.C scan-assembler
\\\\.internal.*Foo.methodEv
FAIL: g++.dg/ext/visibility/pragma-override2.C (test for excess errors)
FAIL: g++.dg/ext/visibility/pragma-override2.C scan-assembler
\\\\.internal.*Foo.methodEv
FAIL: g++.dg/lookup/koenig1.C (test for errors, line 12)
FAIL: g++.dg/lookup/koenig1.C (test for excess errors)
FAIL: g++.dg/template/error1.C (test for errors, line 12)
FAIL: g++.dg/template/error1.C (test for excess errors)
ERROR: g++.dg/tree-ssa/pr15791-3.C: error executing dg-final: no files
matched glob pattern "pr15791-3.C.t??.gimple"
UNRESOLVED: g++.dg/tree-ssa/pr15791-3.C: error executing dg-final: no
files matched glob pattern "pr15791-3.C.t??.gimple"
ERROR: g++.dg/tree-ssa/pr15791-4.C: error executing dg-final: no files
matched glob pattern "pr15791-4.C.t??.gimple"
UNRESOLVED: g++.dg/tree-ssa/pr15791-4.C: error executing dg-final: no
files matched glob pattern "pr15791-4.C.t??.gimple"
ERROR: g++.dg/tree-ssa/pr15791-5.C: error executing dg-final: no files
matched glob pattern "pr15791-5.C.t??.gimple"
UNRESOLVED: g++.dg/tree-ssa/pr15791-5.C: error executing dg-final: no
files matched glob pattern "pr15791-5.C.t??.gimple"
FAIL: g++.dg/warn/weak1.C (test for excess errors)
WARNING: g++.dg/warn/weak1.C compilation failed to produce executable
FAIL: g++.dg/special/conpr-3.C execution test
XPASS: g++.old-deja/g++.eh/badalloc1.C execution test
FAIL: g++.old-deja/g++.other/crash24.C (test for errors, line 10)
FAIL: g++.old-deja/g++.other/vaarg3.C (test for errors, line 12)
FAIL: g++.old-deja/g++.other/vaarg3.C (test for errors, line 21)
FAIL: g++.old-deja/g++.other/vaarg3.C (test for errors, line 23)
FAIL: g++.old-deja/g++.other/vaarg3.C (test for errors, line 24)
FAIL: g++.old-deja/g++.other/vaarg3.C (test for errors, line 25)
FAIL: g++.old-deja/g++.other/vaarg3.C (test for errors, line 26)
FAIL: g++.old-deja/g++.pt/instantiate8.C (test for errors, line 28)
FAIL: g++.old-deja/g++.pt/instantiate8.C (test for errors, line 36)
FAIL: g++.old-deja/g++.pt/partial2.C (test for errors, line 11)
FAIL: g++.old-deja/g++.pt/partial2.C (test for errors, line 17)
FAIL: g++.old-deja/g++.pt/partial2.C (test for errors, line 23)
FAIL: g++.old-deja/g++.robertl/eb4.C (test for errors, line 47)
=== g++ Summary ===
# of expected passes 10601
# of unexpected failures 23
# of unexpected successes 1
# of expected failures 73
# of unresolved testcases 3
# of unsupported tests 94
/Users/pinskia/src/local3/gcc/objdir/gcc/testsuite/../g++ version
4.0.0 20050218 (experimental)
=== gcc tests ===
Running target unix
FAIL: tmpdir-gcc.dg-struct-layout-1/t001
c_compat_x_tst.o-c_compat_y_tst.o execute
FAIL: tmpdir-gcc.dg-struct-layout-1/t024
c_compat_x_tst.o-c_compat_y_tst.o execute
FAIL: tmpdir-gcc.dg-struct-layout-1/t025
c_compat_x_tst.o-c_compat_y_tst.o execute
FAIL: tmpdir-gcc.dg-struct-layout-1/t026
c_compat_x_tst.o-c_compat_y_tst.o execute
FAIL: tmpdir-gcc.dg-struct-layout-1/t027
c_compat_x_tst.o-c_compat_y_tst.o execute
FAIL: tmpdir-gcc.dg-struct-layout-1/t028
c_compat_x_tst.o-c_compat_y_tst.o execute
FAIL: gcc.dg/darwin-longlong.c execution test
FAIL: gcc.dg/vect/vect-82_64.c execution test
FAIL: gcc.dg/vect/vect-83_64.c execution test
FAIL: gcc.dg/vmx/darwin-abi-3.c -O0 execution test
FAIL: gcc.dg/vmx/darwin-abi-3.c -O1 execution test
FAIL: gcc.dg/vmx/darwin-abi-3.c -O2 execution test
FAIL: gcc.dg/vmx/darwin-abi-3.c -O3 -fomit-frame-pointer execution
test
FAIL: gcc.dg/vmx/darwin-abi-3.c -O3 -g execution test
FAIL: gcc.dg/vmx/darwin-abi-3.c -Os execution test
=== gcc Summary ===
# of expected passes 33408
# of unexpected failures 15
# of expected failures 99
# of untested testcases 28
# of unsupported tests 425
/Users/pinskia/src/local3/gcc/objdir/gcc/xgcc version 4.0.0 20050218
(experimental)
=== gfortran tests ===
Running target unix
XPASS: gfortran.dg/ret_pointer_1.f90 -O0 execution test
XPASS: gfortran.dg/ret_pointer_1.f90 -O1 execution test
XPASS: gfortran.dg/ret_pointer_1.f90 -O2 execution test
XPASS: gfortran.dg/ret_pointer_1.f90 -O3 -fomit-frame-pointer
execution test
XPASS: gfortran.dg/ret_pointer_1.f90 -O3 -fomit-frame-pointer
-funroll-loops execution test
XPASS: gfortran.dg/ret_pointer_1.f90 -O3 -fomit-frame-pointer
-funroll-all-loops -finline-functions execution test
XPASS: gfortran.dg/ret_pointer_1.f90 -O3 -g execution test
XPASS: gfortran.dg/ret_pointer_1.f90 -Os execution test
FAIL: gfortran.fortran-torture/execute/forall_3.f90 execution, -O1
FAIL: gfortran.fortran-torture/execute/forall_3.f90 execution, -O2
FAIL: gfortran.fortran-torture/execute/forall_3.f90 execution, -O3
-fomit-frame-pointer
FAIL: gfortran.fortran-torture/execute/forall_3.f90 execution, -O3
-fomit-frame-pointer -funroll-loops
FAIL: gfortran.fortran-torture/execute/forall_3.f90 execution, -O3
-fomit-frame-pointer -funroll-all-loops -finline-functions
FAIL: gfortran.fortran-torture/execute/forall_3.f90 execution, -O3 -g
FAIL: gfortran.fortran-torture/execute/forall_3.f90 execution, -Os
FAIL: gfortran.fortran-torture/execute/test_slice.f90 compilation, -O3
-fomit-frame-pointer -funroll-loops
FAIL: gfortran.fortran-torture/execute/test_slice.f90 compilation, -O3
-fomit-frame-pointer -funroll-all-loops -finline-functions
=== gfortran Summary ===
# of expected passes 5226
# of unexpected failures 9
# of unexpected successes 8
# of expected failures 18
# of untested testcases 2
# of unsupported tests 8
/Users/pinskia/src/local3/gcc/objdir/gcc/testsuite/../gfortran version
4.0.0 20050218 (experimental)
=== libffi tests ===
Running target unix
=== libffi Summary ===
# of expected passes 216
# of unsupported tests 2
=== libjava tests ===
Running target unix
FAIL: Thread_Wait_Interrupt output - gij test
=== libjava Summary ===
# of expected passes 3750
# of unexpected failures 1
# of expected failures 14
# of untested testcases 16
=== libstdc++ tests ===
Running target unix
FAIL: 22_locale/money_get/get/char/5.cc execution test
FAIL: 22_locale/money_get/get/wchar_t/5.cc execution test
FAIL: 22_locale/num_get/get/char/10.cc execution test
FAIL: 22_locale/num_get/get/char/4.cc execution test
FAIL: 22_locale/num_get/get/wchar_t/10.cc execution test
FAIL: 22_locale/num_get/get/wchar_t/4.cc execution test
FAIL: 27_io/basic_istream/extractors_arithmetic/char/01.cc execution
test
FAIL: 27_io/basic_istream/extractors_arithmetic/wchar_t/01.cc execution
test
FAIL: 27_io/ios_base/storage/11584.cc execution test
FAIL: ext/mt_allocator/check_new.cc execution test
FAIL: ext/pool_allocator/check_new.cc execution test
FAIL: tr1/6_containers/unordered/insert/array_syntax.cc execution test
=== libstdc++ Summary ===
# of expected passes 3469
# of unexpected failures 12
# of expected failures 5
# of unsupported tests 9
Compiler version: 4.0.0 20050218 (experimental)
Platform: powerpc-apple-darwin7.7.0
configure flags: --prefix=/Users/pinskia/local3.checking
--enable-languages=c,ada,c++,f95,java