This is the mail archive of the
gcc-testresults@gcc.gnu.org
mailing list for the GCC project.
Results for 4.0.0 20050219 (experimental) testsuite on ia64-hp-hpux11.22
- From: Joseph Myers <joseph at sirius dot codesourcery dot com>
- To: gcc-testresults at gcc dot gnu dot org
- Date: Sat, 19 Feb 2005 12:22:30 -0800
- Subject: Results for 4.0.0 20050219 (experimental) testsuite on ia64-hp-hpux11.22
LAST_UPDATED:
Native configuration is ia64-hp-hpux11.22
=== g++ tests ===
Running target unix/-milp32
FAIL: g++.dg/opt/longbranch1.C (test for excess errors)
XPASS: g++.dg/other/packed1.C execution test
FAIL: g++.dg/warn/weak1.C (test for excess errors)
WARNING: g++.dg/warn/weak1.C compilation failed to produce executable
FAIL: g++.old-deja/g++.eh/badalloc1.C execution test
FAIL: g++.old-deja/g++.law/profile1.C execution test
=== g++ Summary for unix/-milp32 ===
# of expected passes 10300
# of unexpected failures 4
# of unexpected successes 1
# of expected failures 77
# of unsupported tests 104
Running target unix/-mlp64
FAIL: g++.dg/opt/longbranch1.C (test for excess errors)
XPASS: g++.dg/other/packed1.C execution test
FAIL: g++.dg/warn/weak1.C (test for excess errors)
WARNING: g++.dg/warn/weak1.C compilation failed to produce executable
FAIL: g++.old-deja/g++.eh/badalloc1.C execution test
FAIL: g++.old-deja/g++.law/profile1.C execution test
=== g++ Summary for unix/-mlp64 ===
# of expected passes 10268
# of unexpected failures 4
# of unexpected successes 1
# of expected failures 77
# of unsupported tests 106
=== g++ Summary ===
# of expected passes 20568
# of unexpected failures 8
# of unexpected successes 2
# of expected failures 154
# of unsupported tests 210
/scratch/joseph/gcc-build/gcc/testsuite/../g++ version 4.0.0 20050219 (experimental)
=== gcc tests ===
Running target unix/-milp32
FAIL: gcc.c-torture/execute/bf64-1.c execution, -O1
FAIL: gcc.dg/20020219-1.c execution test
FAIL: gcc.dg/20021014-1.c execution test
FAIL: gcc.dg/cleanup-5.c (test for excess errors)
WARNING: gcc.dg/cleanup-5.c compilation failed to produce executable
FAIL: gcc.dg/ia64-fptr-1.c (test for excess errors)
WARNING: gcc.dg/ia64-fptr-1.c compilation failed to produce executable
FAIL: gcc.dg/nest.c execution test
FAIL: gcc.dg/pr19402-2.c (test for excess errors)
WARNING: gcc.dg/pr19402-2.c compilation failed to produce executable
FAIL: gcc.dg/transparent-union-1.c (test for excess errors)
FAIL: gcc.dg/transparent-union-2.c (test for excess errors)
FAIL: largefile.c (test for excess errors)
FAIL: largefile.c (test for excess errors)
FAIL: largefile.c (test for excess errors)
FAIL: largefile.c (test for excess errors)
FAIL: largefile.c (test for excess errors)
FAIL: largefile.c (test for excess errors)
FAIL: largefile.c (test for excess errors)
XPASS: gcc.dg/vect/vect-22.c scan-tree-dump-times vectorized 3 loops 1
XPASS: gcc.dg/vect/vect-44.c scan-tree-dump-times Alignment of access forced using peeling 1
XPASS: gcc.dg/vect/vect-50.c scan-tree-dump-times Alignment of access forced using peeling 1
XPASS: gcc.dg/vect/vect-54.c scan-tree-dump-times Alignment of access forced using peeling 1
XPASS: gcc.dg/vect/vect-58.c scan-tree-dump-times Alignment of access forced using peeling 1
FAIL: gcc.dg/vect/vect-76.c execution test
=== gcc Summary for unix/-milp32 ===
# of expected passes 33422
# of unexpected failures 17
# of unexpected successes 5
# of expected failures 132
# of untested testcases 35
# of unsupported tests 473
Running target unix/-mlp64
FAIL: gcc.c-torture/execute/bf64-1.c execution, -O1
FAIL: gcc.dg/20021014-1.c execution test
FAIL: gcc.dg/cleanup-5.c (test for excess errors)
WARNING: gcc.dg/cleanup-5.c compilation failed to produce executable
FAIL: gcc.dg/ia64-fptr-1.c (test for excess errors)
WARNING: gcc.dg/ia64-fptr-1.c compilation failed to produce executable
WARNING: program timed out.
FAIL: gcc.dg/nest.c execution test
FAIL: gcc.dg/pr19402-2.c (test for excess errors)
WARNING: gcc.dg/pr19402-2.c compilation failed to produce executable
FAIL: gcc.dg/transparent-union-1.c (test for excess errors)
FAIL: gcc.dg/transparent-union-2.c (test for excess errors)
FAIL: largefile.c (test for excess errors)
FAIL: largefile.c (test for excess errors)
FAIL: largefile.c (test for excess errors)
FAIL: largefile.c (test for excess errors)
FAIL: largefile.c (test for excess errors)
FAIL: largefile.c (test for excess errors)
FAIL: largefile.c (test for excess errors)
XPASS: gcc.dg/vect/vect-22.c scan-tree-dump-times vectorized 3 loops 1
XPASS: gcc.dg/vect/vect-44.c scan-tree-dump-times Alignment of access forced using peeling 1
XPASS: gcc.dg/vect/vect-50.c scan-tree-dump-times Alignment of access forced using peeling 1
XPASS: gcc.dg/vect/vect-54.c scan-tree-dump-times Alignment of access forced using peeling 1
XPASS: gcc.dg/vect/vect-58.c scan-tree-dump-times Alignment of access forced using peeling 1
FAIL: gcc.dg/vect/vect-76.c execution test
=== gcc Summary for unix/-mlp64 ===
# of expected passes 33422
# of unexpected failures 16
# of unexpected successes 5
# of expected failures 132
# of untested testcases 35
# of unsupported tests 474
=== gcc Summary ===
# of expected passes 66844
# of unexpected failures 33
# of unexpected successes 10
# of expected failures 264
# of untested testcases 70
# of unsupported tests 947
/scratch/joseph/gcc-build/gcc/xgcc version 4.0.0 20050219 (experimental)
=== libstdc++ tests ===
Running target unix/-milp32
FAIL: 18_support/14026.cc execution test
FAIL: 23_containers/deque/cons/2.cc execution test
FAIL: tr1/6_containers/tuple/comparison_operators/comparisons.cc (test for excess errors)
WARNING: tr1/6_containers/tuple/comparison_operators/comparisons.cc compilation failed to produce executable
FAIL: tr1/6_containers/tuple/cons/assignment.cc (test for excess errors)
WARNING: tr1/6_containers/tuple/cons/assignment.cc compilation failed to produce executable
FAIL: tr1/6_containers/tuple/cons/big_tuples.cc (test for excess errors)
WARNING: tr1/6_containers/tuple/cons/big_tuples.cc compilation failed to produce executable
FAIL: tr1/6_containers/tuple/cons/constructor.cc (test for excess errors)
WARNING: tr1/6_containers/tuple/cons/constructor.cc compilation failed to produce executable
FAIL: tr1/6_containers/tuple/creation_functions/make_tuple.cc (test for excess errors)
WARNING: tr1/6_containers/tuple/creation_functions/make_tuple.cc compilation failed to produce executable
FAIL: tr1/6_containers/tuple/creation_functions/tie.cc (test for excess errors)
WARNING: tr1/6_containers/tuple/creation_functions/tie.cc compilation failed to produce executable
FAIL: tr1/6_containers/tuple/element_access/get.cc (test for excess errors)
WARNING: tr1/6_containers/tuple/element_access/get.cc compilation failed to produce executable
FAIL: tr1/6_containers/tuple/tuple_element.cc (test for excess errors)
WARNING: tr1/6_containers/tuple/tuple_element.cc compilation failed to produce executable
FAIL: tr1/6_containers/tuple/tuple_size.cc (test for excess errors)
WARNING: tr1/6_containers/tuple/tuple_size.cc compilation failed to produce executable
FAIL: tr1/6_containers/unordered/insert/array_syntax.cc (test for excess errors)
WARNING: tr1/6_containers/unordered/insert/array_syntax.cc compilation failed to produce executable
FAIL: tr1/6_containers/unordered/insert/map_range.cc (test for excess errors)
WARNING: tr1/6_containers/unordered/insert/map_range.cc compilation failed to produce executable
FAIL: tr1/6_containers/unordered/insert/map_single.cc (test for excess errors)
WARNING: tr1/6_containers/unordered/insert/map_single.cc compilation failed to produce executable
FAIL: tr1/6_containers/unordered/insert/multimap_range.cc (test for excess errors)
WARNING: tr1/6_containers/unordered/insert/multimap_range.cc compilation failed to produce executable
FAIL: tr1/6_containers/unordered/insert/multimap_single.cc (test for excess errors)
WARNING: tr1/6_containers/unordered/insert/multimap_single.cc compilation failed to produce executable
FAIL: tr1/6_containers/unordered/insert/multiset_range.cc (test for excess errors)
WARNING: tr1/6_containers/unordered/insert/multiset_range.cc compilation failed to produce executable
FAIL: tr1/6_containers/unordered/insert/multiset_single.cc (test for excess errors)
WARNING: tr1/6_containers/unordered/insert/multiset_single.cc compilation failed to produce executable
FAIL: tr1/6_containers/unordered/insert/set_range.cc (test for excess errors)
WARNING: tr1/6_containers/unordered/insert/set_range.cc compilation failed to produce executable
FAIL: tr1/6_containers/unordered/insert/set_single.cc (test for excess errors)
WARNING: tr1/6_containers/unordered/insert/set_single.cc compilation failed to produce executable
FAIL: tr1/6_containers/unordered/instantiate/hash.cc (test for excess errors)
FAIL: tr1/6_containers/unordered/instantiate/map.cc (test for excess errors)
FAIL: tr1/6_containers/unordered/instantiate/multimap.cc (test for excess errors)
FAIL: tr1/6_containers/unordered/instantiate/multiset.cc (test for excess errors)
FAIL: tr1/6_containers/unordered/instantiate/set.cc (test for excess errors)
=== libstdc++ Summary for unix/-milp32 ===
# of expected passes 2375
# of unexpected failures 25
# of expected failures 4
# of unsupported tests 10
Running target unix/-mlp64
FAIL: 18_support/14026.cc execution test
FAIL: tr1/6_containers/tuple/comparison_operators/comparisons.cc (test for excess errors)
WARNING: tr1/6_containers/tuple/comparison_operators/comparisons.cc compilation failed to produce executable
FAIL: tr1/6_containers/tuple/cons/assignment.cc (test for excess errors)
WARNING: tr1/6_containers/tuple/cons/assignment.cc compilation failed to produce executable
FAIL: tr1/6_containers/tuple/cons/big_tuples.cc (test for excess errors)
WARNING: tr1/6_containers/tuple/cons/big_tuples.cc compilation failed to produce executable
FAIL: tr1/6_containers/tuple/cons/constructor.cc (test for excess errors)
WARNING: tr1/6_containers/tuple/cons/constructor.cc compilation failed to produce executable
FAIL: tr1/6_containers/tuple/creation_functions/make_tuple.cc (test for excess errors)
WARNING: tr1/6_containers/tuple/creation_functions/make_tuple.cc compilation failed to produce executable
FAIL: tr1/6_containers/tuple/creation_functions/tie.cc (test for excess errors)
WARNING: tr1/6_containers/tuple/creation_functions/tie.cc compilation failed to produce executable
FAIL: tr1/6_containers/tuple/element_access/get.cc (test for excess errors)
WARNING: tr1/6_containers/tuple/element_access/get.cc compilation failed to produce executable
FAIL: tr1/6_containers/tuple/tuple_element.cc (test for excess errors)
WARNING: tr1/6_containers/tuple/tuple_element.cc compilation failed to produce executable
FAIL: tr1/6_containers/tuple/tuple_size.cc (test for excess errors)
WARNING: tr1/6_containers/tuple/tuple_size.cc compilation failed to produce executable
FAIL: tr1/6_containers/unordered/insert/array_syntax.cc (test for excess errors)
WARNING: tr1/6_containers/unordered/insert/array_syntax.cc compilation failed to produce executable
FAIL: tr1/6_containers/unordered/insert/map_range.cc (test for excess errors)
WARNING: tr1/6_containers/unordered/insert/map_range.cc compilation failed to produce executable
FAIL: tr1/6_containers/unordered/insert/map_single.cc (test for excess errors)
WARNING: tr1/6_containers/unordered/insert/map_single.cc compilation failed to produce executable
FAIL: tr1/6_containers/unordered/insert/multimap_range.cc (test for excess errors)
WARNING: tr1/6_containers/unordered/insert/multimap_range.cc compilation failed to produce executable
FAIL: tr1/6_containers/unordered/insert/multimap_single.cc (test for excess errors)
WARNING: tr1/6_containers/unordered/insert/multimap_single.cc compilation failed to produce executable
FAIL: tr1/6_containers/unordered/insert/multiset_range.cc (test for excess errors)
WARNING: tr1/6_containers/unordered/insert/multiset_range.cc compilation failed to produce executable
FAIL: tr1/6_containers/unordered/insert/multiset_single.cc (test for excess errors)
WARNING: tr1/6_containers/unordered/insert/multiset_single.cc compilation failed to produce executable
FAIL: tr1/6_containers/unordered/insert/set_range.cc (test for excess errors)
WARNING: tr1/6_containers/unordered/insert/set_range.cc compilation failed to produce executable
FAIL: tr1/6_containers/unordered/insert/set_single.cc (test for excess errors)
WARNING: tr1/6_containers/unordered/insert/set_single.cc compilation failed to produce executable
FAIL: tr1/6_containers/unordered/instantiate/hash.cc (test for excess errors)
FAIL: tr1/6_containers/unordered/instantiate/map.cc (test for excess errors)
FAIL: tr1/6_containers/unordered/instantiate/multimap.cc (test for excess errors)
FAIL: tr1/6_containers/unordered/instantiate/multiset.cc (test for excess errors)
FAIL: tr1/6_containers/unordered/instantiate/set.cc (test for excess errors)
=== libstdc++ Summary for unix/-mlp64 ===
# of expected passes 2376
# of unexpected failures 24
# of expected failures 4
# of unsupported tests 10
=== libstdc++ Summary ===
# of expected passes 4751
# of unexpected failures 49
# of expected failures 8
# of unsupported tests 20
Compiler version: 4.0.0 20050219 (experimental)
Platform: ia64-hp-hpux11.22
configure flags: --prefix=/scratch/joseph/gcc-install-mainline --enable-threads=posix --with-gnu-as --without-gnu-ld --with-as=/usr/local/tools/gcc-3.3.1/bin/as --enable-languages=c,c++