This is the mail archive of the
gcc-testresults@gcc.gnu.org
mailing list for the GCC project.
Results for 4.0.0 20050219 (experimental) testsuite on powerpc64-unknown-linux-gnu
- From: Janis Johnson <janis187 at us dot ibm dot com>
- To: gcc-testresults at gcc dot gnu dot org
- Date: Fri, 18 Feb 2005 22:54:00 -0800
- Subject: Results for 4.0.0 20050219 (experimental) testsuite on powerpc64-unknown-linux-gnu
Linux 2.4.21-17.EL ppc64
GNU C Library stable release version 2.3.2
GNU ld version 2.15
GNU assembler 2.15
GNU Make version 3.79.1
DejaGnu:
Expect version is 5.40.0
Tcl version is 8.4
Framework version is 1.4.4
32-bit biarch default32
CVS branch: mainline
This hardware does not support VMX instructions.
LAST_UPDATED: Sat Feb 19 02:27:14 UTC 2005
Native configuration is powerpc64-unknown-linux-gnu
=== g++ tests ===
Running target unix/-m32
=== g++ Summary for unix/-m32 ===
# of expected passes 10751
# of expected failures 72
# of unsupported tests 76
Running target unix/-m64
=== g++ Summary for unix/-m64 ===
# of expected passes 10713
# of expected failures 72
# of unsupported tests 79
=== g++ Summary ===
# of expected passes 21464
# of expected failures 144
# of unsupported tests 155
/home/gccbuild/build/nightly/build-gcc-mline/gcc/testsuite/../g++ version 4.0.0 20050219 (experimental)
=== gcc tests ===
Running target unix/-m32
FAIL: gcc.dg/c90-typespec-1.c unsigned long int char (test for errors, line 515)
FAIL: gcc.dg/c90-typespec-1.c unsigned long int short (test for errors, line 516)
FAIL: gcc.dg/c90-typespec-1.c unsigned long int int (test for errors, line 517)
FAIL: gcc.dg/c90-typespec-1.c unsigned long int long (test for errors, line 518)
FAIL: gcc.dg/c90-typespec-1.c unsigned long int float (test for errors, line 519)
FAIL: gcc.dg/c90-typespec-1.c unsigned long int double (test for errors, line 520)
FAIL: gcc.dg/c90-typespec-1.c unsigned long int signed (test for errors, line 521)
FAIL: gcc.dg/c90-typespec-1.c unsigned long int unsigned (test for errors, line 522)
=== gcc Summary for unix/-m32 ===
# of expected passes 34429
# of unexpected failures 8
# of expected failures 100
# of untested testcases 28
# of unsupported tests 436
Running target unix/-m64
=== gcc Summary for unix/-m64 ===
# of expected passes 34443
# of expected failures 107
# of untested testcases 28
# of unsupported tests 433
=== gcc Summary ===
# of expected passes 68872
# of unexpected failures 8
# of expected failures 207
# of untested testcases 56
# of unsupported tests 869
/home/gccbuild/build/nightly/build-gcc-mline/gcc/xgcc version 4.0.0 20050219 (experimental)
=== gfortran tests ===
Running target unix/-m32
XPASS: gfortran.dg/ret_pointer_1.f90 -O0 execution test
XPASS: gfortran.dg/ret_pointer_1.f90 -O1 execution test
FAIL: gfortran.fortran-torture/execute/forall_3.f90 execution, -O1
FAIL: gfortran.fortran-torture/execute/forall_3.f90 execution, -O2
FAIL: gfortran.fortran-torture/execute/forall_3.f90 execution, -O3 -fomit-frame-pointer
FAIL: gfortran.fortran-torture/execute/forall_3.f90 execution, -O3 -g
FAIL: gfortran.fortran-torture/execute/forall_3.f90 execution, -Os
=== gfortran Summary for unix/-m32 ===
# of expected passes 5232
# of unexpected failures 5
# of unexpected successes 2
# of expected failures 24
# of unsupported tests 8
Running target unix/-m64
XPASS: gfortran.dg/ret_pointer_1.f90 -O0 execution test
XPASS: gfortran.dg/ret_pointer_1.f90 -O1 execution test
XPASS: gfortran.dg/ret_pointer_1.f90 -O2 execution test
XPASS: gfortran.dg/ret_pointer_1.f90 -O3 -fomit-frame-pointer execution test
XPASS: gfortran.dg/ret_pointer_1.f90 -O3 -fomit-frame-pointer -funroll-loops execution test
XPASS: gfortran.dg/ret_pointer_1.f90 -O3 -fomit-frame-pointer -funroll-all-loops -finline-functions execution test
XPASS: gfortran.dg/ret_pointer_1.f90 -O3 -g execution test
XPASS: gfortran.dg/ret_pointer_1.f90 -Os execution test
FAIL: gfortran.dg/g77/cabs.f -O0 execution test
FAIL: gfortran.dg/g77/cabs.f -O1 execution test
FAIL: gfortran.dg/g77/cabs.f -O2 execution test
FAIL: gfortran.dg/g77/cabs.f -O3 -fomit-frame-pointer execution test
FAIL: gfortran.dg/g77/cabs.f -O3 -fomit-frame-pointer -funroll-loops execution test
FAIL: gfortran.dg/g77/cabs.f -O3 -fomit-frame-pointer -funroll-all-loops -finline-functions execution test
FAIL: gfortran.dg/g77/cabs.f -O3 -g execution test
FAIL: gfortran.dg/g77/cabs.f -Os execution test
FAIL: gfortran.fortran-torture/execute/forall_3.f90 execution, -O0
FAIL: gfortran.fortran-torture/execute/forall_3.f90 execution, -O1
FAIL: gfortran.fortran-torture/execute/forall_3.f90 execution, -O2
FAIL: gfortran.fortran-torture/execute/forall_3.f90 execution, -O3 -fomit-frame-pointer
FAIL: gfortran.fortran-torture/execute/forall_3.f90 execution, -O3 -fomit-frame-pointer -funroll-loops
FAIL: gfortran.fortran-torture/execute/forall_3.f90 execution, -O3 -fomit-frame-pointer -funroll-all-loops -finline-functions
FAIL: gfortran.fortran-torture/execute/forall_3.f90 execution, -O3 -g
FAIL: gfortran.fortran-torture/execute/forall_3.f90 execution, -Os
FAIL: gfortran.fortran-torture/execute/intrinsic_abs.f90 execution, -O0
FAIL: gfortran.fortran-torture/execute/intrinsic_abs.f90 execution, -O1
FAIL: gfortran.fortran-torture/execute/intrinsic_abs.f90 execution, -O2
FAIL: gfortran.fortran-torture/execute/intrinsic_abs.f90 execution, -O3 -fomit-frame-pointer
FAIL: gfortran.fortran-torture/execute/intrinsic_abs.f90 execution, -O3 -fomit-frame-pointer -funroll-loops
FAIL: gfortran.fortran-torture/execute/intrinsic_abs.f90 execution, -O3 -fomit-frame-pointer -funroll-all-loops -finline-functions
FAIL: gfortran.fortran-torture/execute/intrinsic_abs.f90 execution, -O3 -g
FAIL: gfortran.fortran-torture/execute/intrinsic_abs.f90 execution, -Os
FAIL: gfortran.fortran-torture/execute/power.f90 execution, -O0
FAIL: gfortran.fortran-torture/execute/power.f90 execution, -O1
FAIL: gfortran.fortran-torture/execute/power.f90 execution, -O2
FAIL: gfortran.fortran-torture/execute/power.f90 execution, -O3 -fomit-frame-pointer
FAIL: gfortran.fortran-torture/execute/power.f90 execution, -O3 -fomit-frame-pointer -funroll-loops
FAIL: gfortran.fortran-torture/execute/power.f90 execution, -O3 -fomit-frame-pointer -funroll-all-loops -finline-functions
FAIL: gfortran.fortran-torture/execute/power.f90 execution, -O3 -g
FAIL: gfortran.fortran-torture/execute/power.f90 execution, -Os
=== gfortran Summary for unix/-m64 ===
# of expected passes 5205
# of unexpected failures 32
# of unexpected successes 8
# of expected failures 18
# of unsupported tests 8
=== gfortran Summary ===
# of expected passes 10437
# of unexpected failures 37
# of unexpected successes 10
# of expected failures 42
# of unsupported tests 16
/home/gccbuild/build/nightly/build-gcc-mline/gcc/testsuite/../gfortran version 4.0.0 20050219 (experimental)
=== objc tests ===
Running target unix/-m32
=== objc Summary for unix/-m32 ===
# of expected passes 1534
# of unsupported tests 10
Running target unix/-m64
=== objc Summary for unix/-m64 ===
# of expected passes 1534
# of unsupported tests 10
=== objc Summary ===
# of expected passes 3068
# of unsupported tests 20
/home/gccbuild/build/nightly/build-gcc-mline/gcc/xgcc version 4.0.0 20050219 (experimental)
=== libffi tests ===
Running target unix/-m32
=== libffi Summary for unix/-m32 ===
# of expected passes 216
# of unsupported tests 2
Running target unix/-m64
FAIL: libffi.call/float3.c execution test
=== libffi Summary for unix/-m64 ===
# of expected passes 215
# of unexpected failures 1
# of unsupported tests 2
=== libffi Summary ===
# of expected passes 431
# of unexpected failures 1
# of unsupported tests 4
=== libjava tests ===
Running target unix/-m32
FAIL: PR242 execution - gij test
FAIL: PR242 execution - gij test
FAIL: PR6085 execution - gij test
FAIL: PR6085 execution - gij test
FAIL: TLtest execution - gij test
FAIL: TLtest execution - gij test
FAIL: TestProxy execution - gij test
FAIL: TestProxy execution - gij test
FAIL: anfi execution - gij test
FAIL: anfi execution - gij test
FAIL: anon execution - gij test
FAIL: anon execution - gij test
FAIL: anon2 execution - gij test
FAIL: anon2 execution - gij test
FAIL: anon3 execution - gij test
FAIL: anon3 execution - gij test
FAIL: anon4 execution - gij test
FAIL: anon4 execution - gij test
FAIL: anon_ctor_itf_arg execution - gij test
FAIL: anon_ctor_itf_arg execution - gij test
FAIL: direct_read execution - gij test
FAIL: direct_read execution - gij test
FAIL: direct_write execution - gij test
FAIL: direct_write execution - gij test
FAIL: final_inner execution - gij test
FAIL: final_inner execution - gij test
FAIL: final_int execution - gij test
FAIL: final_int execution - gij test
FAIL: indirect execution - gij test
FAIL: indirect execution - gij test
FAIL: indirect_read execution - gij test
FAIL: indirect_read execution - gij test
FAIL: indirect_write execution - gij test
FAIL: indirect_write execution - gij test
FAIL: inner1 execution - gij test
FAIL: inner1 execution - gij test
FAIL: inner3 execution - gij test
FAIL: inner3 execution - gij test
FAIL: inner4 execution - gij test
FAIL: inner4 execution - gij test
FAIL: inner_array execution - gij test
FAIL: inner_array execution - gij test
FAIL: inner_interface execution - gij test
FAIL: inner_interface execution - gij test
FAIL: invoke_from_inner execution - gij test
FAIL: invoke_from_inner execution - gij test
FAIL: multiple_finit execution - gij test
FAIL: multiple_finit execution - gij test
FAIL: nested_with_ctor execution - gij test
FAIL: nested_with_ctor execution - gij test
FAIL: private_direct_read execution - gij test
FAIL: private_direct_read execution - gij test
FAIL: search_outer execution - gij test
FAIL: search_outer execution - gij test
FAIL: stub execution - gij test
FAIL: stub execution - gij test
FAIL: tmi execution - gij test
FAIL: tmi execution - gij test
FAIL: tp execution - gij test
FAIL: tp execution - gij test
FAIL: update_outer execution - gij test
FAIL: update_outer execution - gij test
=== libjava Summary for unix/-m32 ===
# of expected passes 3627
# of unexpected failures 62
# of expected failures 14
# of untested testcases 78
Running target unix/-m64
WARNING: program timed out.
FAIL: FileHandleGcTest execution - source compiled test
WARNING: program timed out.
FAIL: FileHandleGcTest execution - bytecode->native test
WARNING: program timed out.
FAIL: FileHandleGcTest -O3 execution - source compiled test
WARNING: program timed out.
FAIL: FileHandleGcTest -O3 execution - bytecode->native test
WARNING: program timed out.
FAIL: PR18699 execution - source compiled test
WARNING: program timed out.
FAIL: PR18699 execution - bytecode->native test
WARNING: program timed out.
FAIL: PR18699 -O3 execution - source compiled test
WARNING: program timed out.
FAIL: PR18699 -O3 execution - bytecode->native test
FAIL: PR242 execution - gij test
FAIL: PR242 execution - gij test
FAIL: PR6085 execution - gij test
FAIL: PR6085 execution - gij test
WARNING: program timed out.
FAIL: Process_3 execution - bytecode->native test
WARNING: program timed out.
FAIL: Process_3 -O3 execution - source compiled test
FAIL: TLtest execution - gij test
FAIL: TLtest execution - gij test
FAIL: TestProxy execution - gij test
FAIL: TestProxy execution - gij test
FAIL: anfi execution - gij test
FAIL: anfi execution - gij test
FAIL: anon execution - gij test
FAIL: anon execution - gij test
FAIL: anon2 execution - gij test
FAIL: anon2 execution - gij test
FAIL: anon3 execution - gij test
FAIL: anon3 execution - gij test
FAIL: anon4 execution - gij test
FAIL: anon4 execution - gij test
FAIL: anon_ctor_itf_arg execution - gij test
FAIL: anon_ctor_itf_arg execution - gij test
FAIL: direct_read execution - gij test
FAIL: direct_read execution - gij test
FAIL: direct_write execution - gij test
FAIL: direct_write execution - gij test
FAIL: final_inner execution - gij test
FAIL: final_inner execution - gij test
FAIL: final_int execution - gij test
FAIL: final_int execution - gij test
FAIL: indirect execution - gij test
FAIL: indirect execution - gij test
FAIL: indirect_read execution - gij test
FAIL: indirect_read execution - gij test
FAIL: indirect_write execution - gij test
FAIL: indirect_write execution - gij test
FAIL: inner1 execution - gij test
FAIL: inner1 execution - gij test
FAIL: inner3 execution - gij test
FAIL: inner3 execution - gij test
FAIL: inner4 execution - gij test
FAIL: inner4 execution - gij test
FAIL: inner_array execution - gij test
FAIL: inner_array execution - gij test
FAIL: inner_interface execution - gij test
FAIL: inner_interface execution - gij test
FAIL: invoke_from_inner execution - gij test
FAIL: invoke_from_inner execution - gij test
FAIL: multiple_finit execution - gij test
FAIL: multiple_finit execution - gij test
FAIL: nested_with_ctor execution - gij test
FAIL: nested_with_ctor execution - gij test
FAIL: private_direct_read execution - gij test
FAIL: private_direct_read execution - gij test
FAIL: search_outer execution - gij test
FAIL: search_outer execution - gij test
FAIL: stub execution - gij test
FAIL: stub execution - gij test
FAIL: tmi execution - gij test
FAIL: tmi execution - gij test
FAIL: tp execution - gij test
FAIL: tp execution - gij test
FAIL: update_outer execution - gij test
FAIL: update_outer execution - gij test
WARNING: program timed out.
FAIL: /home/gccbuild/build/nightly/build-gcc-mline/powerpc64-linux/libjava/testsuite/TestEarlyGC.exe execution - /home/gccbuild/build/nightly/build-gcc-mline/powerpc64-linux/libjava/testsuite/TestEarlyGC.exe
WARNING: program timed out.
FAIL: /home/gccbuild/build/nightly/build-gcc-mline/powerpc64-linux/libjava/testsuite/TestLeak.exe execution - /home/gccbuild/build/nightly/build-gcc-mline/powerpc64-linux/libjava/testsuite/TestLeak.exe
=== libjava Summary for unix/-m64 ===
# of expected passes 3603
# of unexpected failures 74
# of expected failures 14
# of untested testcases 90
=== libjava Summary ===
# of expected passes 7230
# of unexpected failures 136
# of expected failures 28
# of untested testcases 168
=== libmudflap tests ===
Running target unix/-m32
=== libmudflap Summary for unix/-m32 ===
# of expected passes 1288
Running target unix/-m64
FAIL: libmudflap.c/fail27-frag.c output pattern test
FAIL: libmudflap.c/fail27-frag.c (-O2) output pattern test
FAIL: libmudflap.c/fail27-frag.c (-O3) output pattern test
=== libmudflap Summary for unix/-m64 ===
# of expected passes 1285
# of unexpected failures 3
=== libmudflap Summary ===
# of expected passes 2573
# of unexpected failures 3
=== libstdc++-v3 check-abi Summary ===
# of added symbols: 63
# of missing symbols: 0
# of incompatible symbols: 0
using: /home/gccbuild/gcc_mline_anoncvs/gcc/libstdc++-v3/config/abi/powerpc-linux-gnu/baseline_symbols.txt
=== libstdc++ tests ===
Running target unix/-m32
XPASS: 22_locale/locale/cons/12658_thread-1.cc execution test
XPASS: 26_numerics/cmath/c99_classification_macros_c.cc (test for excess errors)
=== libstdc++ Summary for unix/-m32 ===
# of expected passes 3504
# of unexpected successes 2
# of expected failures 6
Running target unix/-m64
XPASS: 22_locale/locale/cons/12658_thread-1.cc execution test
FAIL: 22_locale/messages/members/char/1.cc execution test
FAIL: 22_locale/messages/members/char/2.cc execution test
FAIL: 22_locale/messages/members/char/wrapped_env.cc execution test
FAIL: 22_locale/messages/members/char/wrapped_locale.cc execution test
FAIL: 22_locale/messages_byname/named_equivalence.cc execution test
XPASS: 26_numerics/cmath/c99_classification_macros_c.cc (test for excess errors)
XPASS: 27_io/fpos/14320-1.cc execution test
=== libstdc++ Summary for unix/-m64 ===
# of expected passes 3496
# of unexpected failures 5
# of unexpected successes 3
# of expected failures 8
=== libstdc++ Summary ===
# of expected passes 7000
# of unexpected failures 5
# of unexpected successes 5
# of expected failures 14
Compiler version: 4.0.0 20050219 (experimental)
Platform: powerpc64-unknown-linux-gnu
configure flags: --prefix=/opt/gcc-nightly/mline-20050219 --build=powerpc64-linux --host=powerpc64-linux --target=powerpc64-linux --with-cpu=default32 --with-as=/opt/gcc-nightly/binutils/bin/as --with-ld=/opt/gcc-nightly/binutils/bin/ld --enable-threads=posix --enable-shared --enable-__cxa_atexit --with-mpfr=/opt/gcc-nightly/gmp --enable-languages=c,c++,f95,java,objc
=== Test Framework Summary ===
# of expected passes 2486