This is the mail archive of the
gcc-testresults@gcc.gnu.org
mailing list for the GCC project.
Results for 4.0.0 20050217 (experimental) testsuite on powerpc-unknown-linux-gnu
- From: Aldy Hernandez <aldyh at cure81 dot build dot redhat dot com>
- To: aldyh at redhat dot com, gcc-testresults at gcc dot gnu dot org
- Date: Thu, 17 Feb 2005 05:21:45 -0500
- Subject: Results for 4.0.0 20050217 (experimental) testsuite on powerpc-unknown-linux-gnu
LAST_UPDATED:
Native configuration is powerpc-unknown-linux-gnu
=== g++ tests ===
Running target unix
FAIL: g++.dg/conversion/simd1.C (test for excess errors)
FAIL: g++.dg/ext/attribute-test-1.C (test for excess errors)
WARNING: g++.dg/ext/attribute-test-1.C compilation failed to produce executable
FAIL: g++.dg/ext/attribute-test-2.C (test for excess errors)
WARNING: g++.dg/ext/attribute-test-2.C compilation failed to produce executable
FAIL: g++.dg/ext/attribute-test-3.C (test for excess errors)
WARNING: g++.dg/ext/attribute-test-3.C compilation failed to produce executable
FAIL: g++.dg/ext/attribute-test-4.C (test for excess errors)
WARNING: g++.dg/ext/attribute-test-4.C compilation failed to produce executable
FAIL: g++.old-deja/g++.other/init5.C execution test
=== g++ Summary ===
# of expected passes 10776
# of unexpected failures 6
# of expected failures 69
# of unsupported tests 80
/tmp/aldyh/nightly-builds/powerpc-linux-gnu/cure81.build.redhat.com/gcc/testsuite/../g++ version 4.0.0 20050217 (experimental)
=== gcc tests ===
Running target unix
FAIL: gcc.c-torture/unsorted/USIcmp.c, -O1
FAIL: gcc.c-torture/unsorted/USIcmp.c, -O2
FAIL: gcc.c-torture/unsorted/USIcmp.c, -O3 -fomit-frame-pointer
FAIL: gcc.c-torture/unsorted/USIcmp.c, -O3 -g
FAIL: gcc.c-torture/unsorted/USIcmp.c, -Os
FAIL: gcc.dg/20020103-1.c scan-assembler-not LC
FAIL: gcc.dg/cleanup-10.c execution test
FAIL: gcc.dg/cleanup-11.c execution test
FAIL: gcc.dg/cleanup-9.c execution test
FAIL: gcc.dg/pr19633-1.c (test for excess errors)
WARNING: gcc.dg/pr19633-1.c compilation failed to produce executable
FAIL: gcc.dg/struct-ret-libc.c execution test
=== gcc Summary ===
# of expected passes 34790
# of unexpected failures 11
# of expected failures 99
# of untested testcases 28
# of unsupported tests 419
/tmp/aldyh/nightly-builds/powerpc-linux-gnu/cure81.build.redhat.com/gcc/xgcc version 4.0.0 20050217 (experimental)
=== libmudflap tests ===
Running target unix
=== libmudflap Summary ===
# of expected passes 1288
=== libstdc++-v3 check-abi Summary ===
# of added symbols: 63
# of missing symbols: 0
# of incompatible symbols: 0
using: /tmp/aldyh/untainted-sources/gcc/libstdc++-v3/config/abi/powerpc-linux-gnu/baseline_symbols.txt
=== libstdc++ tests ===
Running target unix
XPASS: 22_locale/locale/cons/12658_thread-1.cc execution test
XPASS: 26_numerics/cmath/c99_classification_macros_c.cc (test for excess errors)
=== libstdc++ Summary ===
# of expected passes 3481
# of unexpected successes 2
# of expected failures 6
Compiler version: 4.0.0 20050217 (experimental)
Platform: powerpc-unknown-linux-gnu
configure flags: --host=powerpc-linux-gnu --enable-languages=c,c++