This is the mail archive of the
gcc-testresults@gcc.gnu.org
mailing list for the GCC project.
Results for 4.0.0 20050130 (experimental) testsuite on i686-pc-cygwin
- From: Tim Prince <tprince at computer dot org>
- To: gcc-testresults at gcc dot gnu dot org
- Date: Sun, 30 Jan 2005 19:47:34 -0800
- Subject: Results for 4.0.0 20050130 (experimental) testsuite on i686-pc-cygwin
LAST_UPDATED: Obtained from CVS: -D2005-01-30 17:43 UTC
Native configuration is i686-pc-cygwin
=== g++ tests ===
Running target unix
FAIL: g++.dg/abi/local1.C execution test
FAIL: g++.dg/abi/rtti1.C scan-assembler-dem-not \\ntypeinfo for A[: \\t\\n]
FAIL: g++.dg/ext/dllexport-MI1.C scan-assembler-not -export:_ZN2D1C2ERKS_
FAIL: g++.dg/ext/dllexport-MI1.C scan-assembler-not -export:_ZN2D1D2Ev
FAIL: g++.dg/ext/dllimport2.C (test for warnings, line 18)
FAIL: g++.dg/ext/dllimport2.C (test for warnings, line 22)
FAIL: g++.dg/ext/dllimport2.C (test for warnings, line 23)
FAIL: g++.dg/ext/dllimport2.C (test for warnings, line 24)
FAIL: g++.dg/ext/dllimport3.C (test for warnings, line 18)
FAIL: g++.dg/opt/vt1.C scan-assembler-not
section[^\\n\\r]*_ZTV1S[^\\n\\r]*"[^w"\\n\\r]*"
FAIL: g++.dg/template/repo1.C (test for excess errors)
FAIL: g++.dg/template/repo3.C (test for excess errors)
ERROR: g++.dg/tree-ssa/pr15791-3.C: error executing dg-final: no files
matched glob pattern "pr15791-3.C.t??.gimple"
UNRESOLVED: g++.dg/tree-ssa/pr15791-3.C: error executing dg-final: no files
matched glob pattern "pr15791-3.C.t??.gimple"
ERROR: g++.dg/tree-ssa/pr15791-4.C: error executing dg-final: no files
matched glob pattern "pr15791-4.C.t??.gimple"
UNRESOLVED: g++.dg/tree-ssa/pr15791-4.C: error executing dg-final: no files
matched glob pattern "pr15791-4.C.t??.gimple"
ERROR: g++.dg/tree-ssa/pr15791-5.C: error executing dg-final: no files
matched glob pattern "pr15791-5.C.t??.gimple"
UNRESOLVED: g++.dg/tree-ssa/pr15791-5.C: error executing dg-final: no files
matched glob pattern "pr15791-5.C.t??.gimple"
FAIL: g++.dg/pch/empty.C (test for excess errors)
FAIL: g++.dg/pch/empty.C (test for excess errors)
FAIL: g++.dg/pch/empty.C (test for excess errors)
FAIL: g++.dg/pch/externc-1.C (test for excess errors)
FAIL: g++.dg/pch/externc-1.C (test for excess errors)
FAIL: g++.dg/pch/externc-1.C (test for excess errors)
FAIL: g++.dg/pch/static-1.C (test for excess errors)
FAIL: g++.dg/pch/static-1.C (test for excess errors)
FAIL: g++.dg/pch/static-1.C (test for excess errors)
FAIL: g++.dg/pch/system-1.C (test for excess errors)
FAIL: g++.dg/pch/system-1.C (test for excess errors)
FAIL: g++.dg/pch/system-1.C (test for excess errors)
FAIL: g++.dg/pch/system-2.C (test for excess errors)
FAIL: g++.dg/pch/system-2.C (test for excess errors)
FAIL: g++.dg/pch/system-2.C (test for excess errors)
FAIL: g++.dg/pch/uninst.C (test for excess errors)
FAIL: g++.dg/pch/uninst.C (test for excess errors)
FAIL: g++.dg/pch/uninst.C (test for excess errors)
FAIL: g++.dg/pch/wchar-1.C (test for excess errors)
FAIL: g++.dg/pch/wchar-1.C (test for excess errors)
FAIL: g++.dg/pch/wchar-1.C (test for excess errors)
FAIL: g++.old-deja/g++.eh/badalloc1.C execution test
XPASS: g++.old-deja/g++.ext/attrib5.C execution test
WARNING: g++.old-deja/g++.mike/p10769a.C compilation failed to produce
executable
FAIL: g++.old-deja/g++.pt/instantiate4.C (test for excess errors)
FAIL: g++.old-deja/g++.pt/instantiate6.C (test for excess errors)
FAIL: g++.old-deja/g++.pt/repo1.C (test for excess errors)
FAIL: g++.old-deja/g++.pt/repo2.C (test for excess errors)
FAIL: g++.old-deja/g++.pt/repo3.C (test for excess errors)
FAIL: g++.old-deja/g++.pt/repo4.C (test for excess errors)
=== g++ Summary ===
# of expected passes 10681
# of unexpected failures 40
# of unexpected successes 1
# of expected failures 72
# of unresolved testcases 3
# of untested testcases 21
# of unsupported tests 106
/cygdrive/c/gnu/gcc-4.0-20041107/xp/gcc/testsuite/../g++ version 4.0.0
20050130 (experimental)
=== gcc tests ===
Running target unix
FAIL: gcc.c-torture/execute/builtins/strlen-3.c compilation, -O1
UNRESOLVED: gcc.c-torture/execute/builtins/strlen-3.c execution, -O1
FAIL: gcc.c-torture/execute/builtins/strlen-3.c compilation, -O1
UNRESOLVED: gcc.c-torture/execute/builtins/strlen-3.c execution, -O1
FAIL: gcc.c-torture/execute/921215-1.c compilation, -O3 -g
UNRESOLVED: gcc.c-torture/execute/921215-1.c execution, -O3 -g
FAIL: gcc.c-torture/execute/ieee/copysign1.c compilation, -O0
UNRESOLVED: gcc.c-torture/execute/ieee/copysign1.c execution, -O0
FAIL: gcc.c-torture/execute/ieee/copysign1.c compilation, -O1
UNRESOLVED: gcc.c-torture/execute/ieee/copysign1.c execution, -O1
FAIL: gcc.c-torture/execute/ieee/copysign1.c compilation, -O2
UNRESOLVED: gcc.c-torture/execute/ieee/copysign1.c execution, -O2
FAIL: gcc.c-torture/execute/ieee/copysign1.c compilation, -O3
-fomit-frame-pointer
UNRESOLVED: gcc.c-torture/execute/ieee/copysign1.c execution, -O3
-fomit-frame-pointer
FAIL: gcc.c-torture/execute/ieee/copysign1.c compilation, -O3
-fomit-frame-pointer -funroll-loops
UNRESOLVED: gcc.c-torture/execute/ieee/copysign1.c execution, -O3
-fomit-frame-pointer -funroll-loops
FAIL: gcc.c-torture/execute/ieee/copysign1.c compilation, -O3
-fomit-frame-pointer -funroll-all-loops -finline-functions
UNRESOLVED: gcc.c-torture/execute/ieee/copysign1.c execution, -O3
-fomit-frame-pointer -funroll-all-loops -finline-functions
FAIL: gcc.c-torture/execute/ieee/copysign1.c compilation, -O3 -g
UNRESOLVED: gcc.c-torture/execute/ieee/copysign1.c execution, -O3 -g
FAIL: gcc.c-torture/execute/ieee/copysign1.c compilation, -Os
UNRESOLVED: gcc.c-torture/execute/ieee/copysign1.c execution, -Os
FAIL: gcc.c-torture/execute/ieee/copysign1.c compilation, -O0
UNRESOLVED: gcc.c-torture/execute/ieee/copysign1.c execution, -O0
FAIL: gcc.c-torture/execute/ieee/copysign1.c compilation, -O1
UNRESOLVED: gcc.c-torture/execute/ieee/copysign1.c execution, -O1
FAIL: gcc.c-torture/execute/ieee/copysign1.c compilation, -O2
UNRESOLVED: gcc.c-torture/execute/ieee/copysign1.c execution, -O2
FAIL: gcc.c-torture/execute/ieee/copysign1.c compilation, -O3
-fomit-frame-pointer
UNRESOLVED: gcc.c-torture/execute/ieee/copysign1.c execution, -O3
-fomit-frame-pointer
FAIL: gcc.c-torture/execute/ieee/copysign1.c compilation, -O3
-fomit-frame-pointer -funroll-loops
UNRESOLVED: gcc.c-torture/execute/ieee/copysign1.c execution, -O3
-fomit-frame-pointer -funroll-loops
FAIL: gcc.c-torture/execute/ieee/copysign1.c compilation, -O3
-fomit-frame-pointer -funroll-all-loops -finline-functions
UNRESOLVED: gcc.c-torture/execute/ieee/copysign1.c execution, -O3
-fomit-frame-pointer -funroll-all-loops -finline-functions
FAIL: gcc.c-torture/execute/ieee/copysign1.c compilation, -O3 -g
UNRESOLVED: gcc.c-torture/execute/ieee/copysign1.c execution, -O3 -g
FAIL: gcc.c-torture/execute/ieee/copysign1.c compilation, -Os
UNRESOLVED: gcc.c-torture/execute/ieee/copysign1.c execution, -Os
FAIL: gcc.dg/cpp/assert4.c (test for excess errors)
FAIL: gcc.dg/20020425-1.c (test for excess errors)
FAIL: gcc.dg/i386-pic-1.c (test for errors, line 10)
FAIL: gcc.dg/pr17957.c (test for excess errors)
FAIL: gcc.dg/pch/common-1.c (test for excess errors)
FAIL: gcc.dg/pch/common-1.c (test for excess errors)
FAIL: gcc.dg/pch/common-1.c (test for excess errors)
FAIL: gcc.dg/pch/common-1.c (test for excess errors)
FAIL: gcc.dg/pch/common-1.c (test for excess errors)
FAIL: gcc.dg/pch/common-1.c (test for excess errors)
FAIL: gcc.dg/pch/common-1.c (test for excess errors)
FAIL: gcc.dg/pch/cpp-1.c (test for excess errors)
FAIL: gcc.dg/pch/cpp-1.c (test for excess errors)
FAIL: gcc.dg/pch/cpp-1.c (test for excess errors)
FAIL: gcc.dg/pch/cpp-1.c (test for excess errors)
FAIL: gcc.dg/pch/cpp-1.c (test for excess errors)
FAIL: gcc.dg/pch/cpp-1.c (test for excess errors)
FAIL: gcc.dg/pch/cpp-1.c (test for excess errors)
FAIL: gcc.dg/pch/cpp-2.c (test for excess errors)
FAIL: gcc.dg/pch/cpp-2.c (test for excess errors)
FAIL: gcc.dg/pch/cpp-2.c (test for excess errors)
FAIL: gcc.dg/pch/cpp-2.c (test for excess errors)
FAIL: gcc.dg/pch/cpp-2.c (test for excess errors)
FAIL: gcc.dg/pch/cpp-2.c (test for excess errors)
FAIL: gcc.dg/pch/cpp-2.c (test for excess errors)
FAIL: gcc.dg/pch/decl-1.c (test for excess errors)
FAIL: gcc.dg/pch/decl-1.c (test for excess errors)
FAIL: gcc.dg/pch/decl-1.c (test for excess errors)
FAIL: gcc.dg/pch/decl-1.c (test for excess errors)
FAIL: gcc.dg/pch/decl-1.c (test for excess errors)
FAIL: gcc.dg/pch/decl-1.c (test for excess errors)
FAIL: gcc.dg/pch/decl-1.c (test for excess errors)
FAIL: gcc.dg/pch/decl-2.c (test for excess errors)
FAIL: gcc.dg/pch/decl-2.c (test for excess errors)
FAIL: gcc.dg/pch/decl-2.c (test for excess errors)
FAIL: gcc.dg/pch/decl-2.c (test for excess errors)
FAIL: gcc.dg/pch/decl-2.c (test for excess errors)
FAIL: gcc.dg/pch/decl-2.c (test for excess errors)
FAIL: gcc.dg/pch/decl-2.c (test for excess errors)
FAIL: gcc.dg/pch/decl-3.c (test for excess errors)
FAIL: gcc.dg/pch/decl-3.c (test for excess errors)
FAIL: gcc.dg/pch/decl-3.c (test for excess errors)
FAIL: gcc.dg/pch/decl-3.c (test for excess errors)
FAIL: gcc.dg/pch/decl-3.c (test for excess errors)
FAIL: gcc.dg/pch/decl-3.c (test for excess errors)
FAIL: gcc.dg/pch/decl-3.c (test for excess errors)
FAIL: gcc.dg/pch/decl-4.c (test for excess errors)
FAIL: gcc.dg/pch/decl-4.c (test for excess errors)
FAIL: gcc.dg/pch/decl-4.c (test for excess errors)
FAIL: gcc.dg/pch/decl-4.c (test for excess errors)
FAIL: gcc.dg/pch/decl-4.c (test for excess errors)
FAIL: gcc.dg/pch/decl-4.c (test for excess errors)
FAIL: gcc.dg/pch/decl-4.c (test for excess errors)
FAIL: gcc.dg/pch/decl-5.c (test for excess errors)
FAIL: gcc.dg/pch/decl-5.c (test for excess errors)
FAIL: gcc.dg/pch/decl-5.c (test for excess errors)
FAIL: gcc.dg/pch/decl-5.c (test for excess errors)
FAIL: gcc.dg/pch/decl-5.c (test for excess errors)
FAIL: gcc.dg/pch/decl-5.c (test for excess errors)
FAIL: gcc.dg/pch/decl-5.c (test for excess errors)
FAIL: gcc.dg/pch/empty.c (test for excess errors)
FAIL: gcc.dg/pch/empty.c (test for excess errors)
FAIL: gcc.dg/pch/empty.c (test for excess errors)
FAIL: gcc.dg/pch/empty.c (test for excess errors)
FAIL: gcc.dg/pch/empty.c (test for excess errors)
FAIL: gcc.dg/pch/empty.c (test for excess errors)
FAIL: gcc.dg/pch/empty.c (test for excess errors)
FAIL: gcc.dg/pch/except-1.c (test for excess errors)
FAIL: gcc.dg/pch/except-1.c (test for excess errors)
FAIL: gcc.dg/pch/except-1.c (test for excess errors)
FAIL: gcc.dg/pch/except-1.c (test for excess errors)
FAIL: gcc.dg/pch/except-1.c (test for excess errors)
FAIL: gcc.dg/pch/except-1.c (test for excess errors)
FAIL: gcc.dg/pch/except-1.c (test for excess errors)
FAIL: gcc.dg/pch/global-1.c (test for excess errors)
FAIL: gcc.dg/pch/global-1.c (test for excess errors)
FAIL: gcc.dg/pch/global-1.c (test for excess errors)
FAIL: gcc.dg/pch/global-1.c (test for excess errors)
FAIL: gcc.dg/pch/global-1.c (test for excess errors)
FAIL: gcc.dg/pch/global-1.c (test for excess errors)
FAIL: gcc.dg/pch/global-1.c (test for excess errors)
FAIL: gcc.dg/pch/import-1.c (test for excess errors)
FAIL: gcc.dg/pch/import-1.c (test for excess errors)
FAIL: gcc.dg/pch/import-1.c (test for excess errors)
FAIL: gcc.dg/pch/import-1.c (test for excess errors)
FAIL: gcc.dg/pch/import-1.c (test for excess errors)
FAIL: gcc.dg/pch/import-1.c (test for excess errors)
FAIL: gcc.dg/pch/import-1.c (test for excess errors)
FAIL: gcc.dg/pch/inline-1.c (test for excess errors)
FAIL: gcc.dg/pch/inline-1.c (test for excess errors)
FAIL: gcc.dg/pch/inline-1.c (test for excess errors)
FAIL: gcc.dg/pch/inline-1.c (test for excess errors)
FAIL: gcc.dg/pch/inline-1.c (test for excess errors)
FAIL: gcc.dg/pch/inline-1.c (test for excess errors)
FAIL: gcc.dg/pch/inline-1.c (test for excess errors)
FAIL: gcc.dg/pch/inline-2.c (test for excess errors)
FAIL: gcc.dg/pch/inline-2.c (test for excess errors)
FAIL: gcc.dg/pch/inline-2.c (test for excess errors)
FAIL: gcc.dg/pch/inline-2.c (test for excess errors)
FAIL: gcc.dg/pch/inline-2.c (test for excess errors)
FAIL: gcc.dg/pch/inline-2.c (test for excess errors)
FAIL: gcc.dg/pch/inline-2.c (test for excess errors)
FAIL: gcc.dg/pch/inline-3.c (test for excess errors)
FAIL: gcc.dg/pch/inline-3.c (test for excess errors)
FAIL: gcc.dg/pch/inline-3.c (test for excess errors)
FAIL: gcc.dg/pch/inline-3.c (test for excess errors)
FAIL: gcc.dg/pch/inline-3.c (test for excess errors)
FAIL: gcc.dg/pch/inline-3.c (test for excess errors)
FAIL: gcc.dg/pch/inline-3.c (test for excess errors)
FAIL: gcc.dg/pch/inline-4.c (test for excess errors)
FAIL: gcc.dg/pch/inline-4.c (test for excess errors)
FAIL: gcc.dg/pch/inline-4.c (test for excess errors)
FAIL: gcc.dg/pch/inline-4.c (test for excess errors)
FAIL: gcc.dg/pch/inline-4.c (test for excess errors)
FAIL: gcc.dg/pch/inline-4.c (test for excess errors)
FAIL: gcc.dg/pch/inline-4.c (test for excess errors)
FAIL: gcc.dg/pch/macro-1.c (test for excess errors)
FAIL: gcc.dg/pch/macro-1.c (test for excess errors)
FAIL: gcc.dg/pch/macro-1.c (test for excess errors)
FAIL: gcc.dg/pch/macro-1.c (test for excess errors)
FAIL: gcc.dg/pch/macro-1.c (test for excess errors)
FAIL: gcc.dg/pch/macro-1.c (test for excess errors)
FAIL: gcc.dg/pch/macro-1.c (test for excess errors)
FAIL: gcc.dg/pch/macro-2.c (test for excess errors)
FAIL: gcc.dg/pch/macro-2.c (test for excess errors)
FAIL: gcc.dg/pch/macro-2.c (test for excess errors)
FAIL: gcc.dg/pch/macro-2.c (test for excess errors)
FAIL: gcc.dg/pch/macro-2.c (test for excess errors)
FAIL: gcc.dg/pch/macro-2.c (test for excess errors)
FAIL: gcc.dg/pch/macro-2.c (test for excess errors)
FAIL: gcc.dg/pch/macro-3.c (test for excess errors)
FAIL: gcc.dg/pch/macro-3.c (test for excess errors)
FAIL: gcc.dg/pch/macro-3.c (test for excess errors)
FAIL: gcc.dg/pch/macro-3.c (test for excess errors)
FAIL: gcc.dg/pch/macro-3.c (test for excess errors)
FAIL: gcc.dg/pch/macro-3.c (test for excess errors)
FAIL: gcc.dg/pch/macro-3.c (test for excess errors)
FAIL: gcc.dg/pch/macro-4.c (test for excess errors)
FAIL: gcc.dg/pch/macro-4.c (test for excess errors)
FAIL: gcc.dg/pch/macro-4.c (test for excess errors)
FAIL: gcc.dg/pch/macro-4.c (test for excess errors)
FAIL: gcc.dg/pch/macro-4.c (test for excess errors)
FAIL: gcc.dg/pch/macro-4.c (test for excess errors)
FAIL: gcc.dg/pch/macro-4.c (test for excess errors)
FAIL: gcc.dg/pch/save-temps-1.c (test for excess errors)
FAIL: gcc.dg/pch/save-temps-1.c (test for excess errors)
FAIL: gcc.dg/pch/save-temps-1.c (test for excess errors)
FAIL: gcc.dg/pch/save-temps-1.c (test for excess errors)
FAIL: gcc.dg/pch/save-temps-1.c (test for excess errors)
FAIL: gcc.dg/pch/save-temps-1.c (test for excess errors)
FAIL: gcc.dg/pch/save-temps-1.c (test for excess errors)
FAIL: gcc.dg/pch/static-1.c (test for excess errors)
FAIL: gcc.dg/pch/static-1.c (test for excess errors)
FAIL: gcc.dg/pch/static-1.c (test for excess errors)
FAIL: gcc.dg/pch/static-1.c (test for excess errors)
FAIL: gcc.dg/pch/static-1.c (test for excess errors)
FAIL: gcc.dg/pch/static-1.c (test for excess errors)
FAIL: gcc.dg/pch/static-1.c (test for excess errors)
FAIL: gcc.dg/pch/static-2.c (test for excess errors)
FAIL: gcc.dg/pch/static-2.c (test for excess errors)
FAIL: gcc.dg/pch/static-2.c (test for excess errors)
FAIL: gcc.dg/pch/static-2.c (test for excess errors)
FAIL: gcc.dg/pch/static-2.c (test for excess errors)
FAIL: gcc.dg/pch/static-2.c (test for excess errors)
FAIL: gcc.dg/pch/static-2.c (test for excess errors)
FAIL: gcc.dg/pch/static-3.c (test for excess errors)
FAIL: gcc.dg/pch/static-3.c (test for excess errors)
FAIL: gcc.dg/pch/static-3.c (test for excess errors)
FAIL: gcc.dg/pch/static-3.c (test for excess errors)
FAIL: gcc.dg/pch/static-3.c (test for excess errors)
FAIL: gcc.dg/pch/static-3.c (test for excess errors)
FAIL: gcc.dg/pch/static-3.c (test for excess errors)
FAIL: gcc.dg/pch/struct-1.c (test for excess errors)
FAIL: gcc.dg/pch/struct-1.c (test for excess errors)
FAIL: gcc.dg/pch/struct-1.c (test for excess errors)
FAIL: gcc.dg/pch/struct-1.c (test for excess errors)
FAIL: gcc.dg/pch/struct-1.c (test for excess errors)
FAIL: gcc.dg/pch/struct-1.c (test for excess errors)
FAIL: gcc.dg/pch/struct-1.c (test for excess errors)
FAIL: gcc.dg/pch/system-1.c (test for excess errors)
FAIL: gcc.dg/pch/system-1.c (test for excess errors)
FAIL: gcc.dg/pch/system-1.c (test for excess errors)
FAIL: gcc.dg/pch/system-1.c (test for excess errors)
FAIL: gcc.dg/pch/system-1.c (test for excess errors)
FAIL: gcc.dg/pch/system-1.c (test for excess errors)
FAIL: gcc.dg/pch/system-1.c (test for excess errors)
FAIL: gcc.dg/pch/valid-1b.c (test for excess errors)
FAIL: gcc.dg/pch/valid-1b.c (test for excess errors)
FAIL: gcc.dg/pch/valid-1b.c (test for excess errors)
FAIL: gcc.dg/pch/valid-1b.c (test for excess errors)
FAIL: gcc.dg/pch/valid-1b.c (test for excess errors)
FAIL: gcc.dg/pch/valid-1b.c (test for excess errors)
FAIL: gcc.dg/pch/valid-1b.c (test for excess errors)
FAIL: gcc.dg/pch/valid-4.c (test for errors, line 5)
FAIL: gcc.dg/pch/valid-4.c (test for excess errors)
FAIL: gcc.dg/pch/valid-4.c (test for errors, line 5)
FAIL: gcc.dg/pch/valid-4.c (test for excess errors)
FAIL: gcc.dg/pch/valid-4.c (test for errors, line 5)
FAIL: gcc.dg/pch/valid-4.c (test for excess errors)
FAIL: gcc.dg/pch/valid-4.c (test for errors, line 5)
FAIL: gcc.dg/pch/valid-4.c (test for excess errors)
FAIL: gcc.dg/pch/valid-4.c (test for errors, line 5)
FAIL: gcc.dg/pch/valid-4.c (test for excess errors)
FAIL: gcc.dg/pch/valid-4.c (test for errors, line 5)
FAIL: gcc.dg/pch/valid-4.c (test for excess errors)
FAIL: gcc.dg/pch/valid-4.c (test for errors, line 5)
FAIL: gcc.dg/pch/valid-4.c (test for excess errors)
FAIL: gcc.dg/pch/valid-5.c (test for excess errors)
FAIL: gcc.dg/pch/valid-5.c (test for excess errors)
FAIL: gcc.dg/pch/valid-5.c (test for excess errors)
FAIL: gcc.dg/pch/valid-5.c (test for excess errors)
FAIL: gcc.dg/pch/valid-5.c (test for excess errors)
FAIL: gcc.dg/pch/valid-5.c (test for excess errors)
FAIL: gcc.dg/pch/valid-5.c (test for excess errors)
FAIL: gcc.dg/pch/valid-6.c (test for excess errors)
FAIL: gcc.dg/pch/valid-6.c -O0 -g assembly comparison
FAIL: gcc.dg/pch/valid-6.c (test for excess errors)
FAIL: gcc.dg/pch/valid-6.c -O0 assembly comparison
FAIL: gcc.dg/pch/valid-6.c (test for excess errors)
FAIL: gcc.dg/pch/valid-6.c -O1 assembly comparison
FAIL: gcc.dg/pch/valid-6.c (test for excess errors)
FAIL: gcc.dg/pch/valid-6.c -O2 assembly comparison
FAIL: gcc.dg/pch/valid-6.c (test for excess errors)
FAIL: gcc.dg/pch/valid-6.c -O3 -fomit-frame-pointer assembly comparison
FAIL: gcc.dg/pch/valid-6.c (test for excess errors)
FAIL: gcc.dg/pch/valid-6.c -O3 -g assembly comparison
FAIL: gcc.dg/pch/valid-6.c (test for excess errors)
FAIL: gcc.dg/pch/valid-6.c -Os assembly comparison
FAIL: largefile.c (test for excess errors)
FAIL: largefile.c (test for excess errors)
FAIL: largefile.c (test for excess errors)
FAIL: largefile.c (test for excess errors)
FAIL: largefile.c (test for excess errors)
FAIL: largefile.c (test for excess errors)
FAIL: largefile.c (test for excess errors)
FAIL: gcc.dg/tree-ssa/loop-1.c scan-assembler-times foo 5
XPASS: gcc.dg/vect/vect-22.c scan-tree-dump-times vectorized 3 loops 1
=== gcc Summary ===
# of expected passes 33542
# of unexpected failures 255
# of unexpected successes 1
# of expected failures 94
# of unresolved testcases 19
# of untested testcases 238
# of unsupported tests 325
/cygdrive/c/gnu/gcc-4.0-20041107/xp/gcc/xgcc version 4.0.0 20050130
(experimental)
=== gfortran tests ===
Running target unix
FAIL: gfortran.dg/complex_write.f90 execution test
FAIL: gfortran.dg/complex_write.f90 execution test
FAIL: gfortran.dg/complex_write.f90 execution test
FAIL: gfortran.dg/complex_write.f90 execution test
FAIL: gfortran.dg/complex_write.f90 execution test
FAIL: gfortran.dg/complex_write.f90 execution test
FAIL: gfortran.dg/complex_write.f90 execution test
FAIL: gfortran.dg/complex_write.f90 execution test
FAIL: gfortran.dg/fmt_read.f90 execution test
FAIL: gfortran.dg/fmt_read.f90 execution test
FAIL: gfortran.dg/fmt_read.f90 execution test
FAIL: gfortran.dg/fmt_read.f90 execution test
FAIL: gfortran.dg/fmt_read.f90 execution test
FAIL: gfortran.dg/fmt_read.f90 execution test
FAIL: gfortran.dg/fmt_read.f90 execution test
FAIL: gfortran.dg/fmt_read.f90 execution test
XPASS: gfortran.dg/ret_pointer_1.f90 execution test
XPASS: gfortran.dg/ret_pointer_1.f90 execution test
XPASS: gfortran.dg/ret_pointer_1.f90 execution test
XPASS: gfortran.dg/ret_pointer_1.f90 execution test
XPASS: gfortran.dg/ret_pointer_1.f90 execution test
FAIL: gfortran.fortran-torture/execute/forall_3.f90 execution, -O1
FAIL: gfortran.fortran-torture/execute/nan_inf_fmt.f90 execution, -O0
FAIL: gfortran.fortran-torture/execute/nan_inf_fmt.f90 execution, -O1
FAIL: gfortran.fortran-torture/execute/nan_inf_fmt.f90 execution, -O2
FAIL: gfortran.fortran-torture/execute/nan_inf_fmt.f90 execution, -O3
-fomit-frame-pointer
FAIL: gfortran.fortran-torture/execute/nan_inf_fmt.f90 execution, -O3
-fomit-frame-pointer -funroll-loops
FAIL: gfortran.fortran-torture/execute/nan_inf_fmt.f90 execution, -O3
-fomit-frame-pointer -funroll-all-loops -finline-functions
FAIL: gfortran.fortran-torture/execute/nan_inf_fmt.f90 execution, -O3 -g
FAIL: gfortran.fortran-torture/execute/nan_inf_fmt.f90 execution, -Os
=== gfortran Summary ===
# of expected passes 5211
# of unexpected failures 25
# of unexpected successes 5
# of expected failures 21
/cygdrive/c/gnu/gcc-4.0-20041107/xp/gcc/testsuite/../gfortran version
4.0.0 20050130 (experimental)
=== objc tests ===
Running target unix
=== objc Summary ===
# of expected passes 1534
# of unsupported tests 10
/cygdrive/c/gnu/gcc-4.0-20041107/xp/gcc/xgcc version 4.0.0 20050130
(experimental)
=== libstdc++ tests ===
Running target unix
FAIL: 22_locale/time_put/put/char/1.cc execution test
FAIL: 22_locale/time_put/put/char/1.cc execution test
FAIL: 22_locale/time_put/put/char/1.cc execution test
FAIL: 22_locale/time_put/put/char/1.cc execution test
FAIL: 26_numerics/cmath/c99_classification_macros_c.cc (test for excess errors)
FAIL: 26_numerics/cmath/c99_classification_macros_c.cc (test for excess errors)
FAIL: 26_numerics/complex/pow.cc execution test
FAIL: 26_numerics/complex/pow.cc execution test
FAIL: 27_io/basic_filebuf/close/char/4879.cc execution test
FAIL: 27_io/basic_filebuf/close/char/4879.cc execution test
FAIL: 27_io/basic_filebuf/close/char/4879.cc execution test
FAIL: 27_io/basic_filebuf/close/char/4879.cc execution test
FAIL: 27_io/basic_filebuf/close/char/9964.cc execution test
FAIL: 27_io/basic_filebuf/close/char/9964.cc execution test
FAIL: 27_io/basic_filebuf/close/char/9964.cc execution test
FAIL: 27_io/basic_filebuf/close/char/9964.cc execution test
FAIL: 27_io/basic_filebuf/seekoff/char/1-io.cc execution test
FAIL: 27_io/basic_filebuf/seekoff/char/1-io.cc execution test
FAIL: 27_io/basic_filebuf/seekoff/char/1-io.cc execution test
FAIL: 27_io/basic_filebuf/seekoff/char/2-io.cc execution test
FAIL: 27_io/basic_filebuf/seekoff/char/2-io.cc execution test
FAIL: 27_io/basic_filebuf/seekoff/char/2-io.cc execution test
FAIL: 27_io/basic_filebuf/seekpos/char/1-io.cc execution test
FAIL: 27_io/basic_filebuf/seekpos/char/1-io.cc execution test
FAIL: 27_io/basic_filebuf/seekpos/char/1-io.cc execution test
FAIL: 27_io/basic_filebuf/seekpos/char/2-io.cc execution test
FAIL: 27_io/basic_filebuf/seekpos/char/2-io.cc execution test
FAIL: 27_io/basic_filebuf/seekpos/char/2-io.cc execution test
FAIL: 27_io/basic_istream/extractors_arithmetic/char/12.cc execution test
FAIL: 27_io/basic_istream/extractors_arithmetic/char/12.cc execution test
FAIL: 27_io/basic_istream/extractors_arithmetic/char/12.cc execution test
FAIL: 27_io/basic_istream/extractors_arithmetic/char/12.cc execution test
=== libstdc++ Summary ===
# of expected passes 7774
# of unexpected failures 32
# of expected failures 11
Compiler version: 4.0.0 20050130 (experimental)
Platform: i686-pc-cygwin
configure flags: --enable-threads=posix --enable-sjlj-exceptions
--disable-libmudflap --disable-shared '--enable-languages=c++ objc f95'
--enable-languages=c,c++,f95,objc
Tim Prince