This is the mail archive of the
gcc-testresults@gcc.gnu.org
mailing list for the GCC project.
Results for 4.0.0 20050128 (experimental) testsuite on sparc64-unknown-linux-gnu
- From: Christian Joensson <chj at foi dot se>
- To: gcc-testresults at gcc dot gnu dot org
- Date: Sun, 30 Jan 2005 19:38:14 +0100
- Subject: Results for 4.0.0 20050128 (experimental) testsuite on sparc64-unknown-linux-gnu
Aurora SPARC Linux release 2.0 (Kashmir FC3) UltraSparc IIi (Sabre) sun4u:
binutils-2.15.92.0.2-5 - sparc
bison-1.875c-2 - sparc
dejagnu-1.4.4-2 - noarch
expect-5.42.1-1 - sparc
gcc-3.4.2-6.fc3 - sparc
gcc4-4.0.0-0.8sparc - sparc
glibc-2.3.3-99 - sparc64
glibc-2.3.3-99 - sparcv9
glibc-headers-2.3.3-99 - sparc64
glibc-kernheaders-2.6-17sparc - sparc
kernel-2.6.10-1.1063sp2 - sparc64
kernel-2.6.10-1.1063sp1 - sparc64
package kernel-smp is not installed
make-3.80-5 - sparc
nptl-devel-2.3.3-99 - sparcv9
tcl-8.4.7-2 - sparc
LAST_UPDATED: Fri Jan 28 08:20:08 UTC 2005
Native configuration is sparc64-unknown-linux-gnu
=== gcc tests ===
Running target unix
WARNING: program timed out.
FAIL: gcc.c-torture/compile/20001226-1.c -O3 -g (test for excess errors)
FAIL: gcc.c-torture/execute/builtins/strlen-3.c compilation, -O1
UNRESOLVED: gcc.c-torture/execute/builtins/strlen-3.c execution, -O1
FAIL: gcc.dg/pch/common-1.c -O0 -g (test for excess errors)
FAIL: gcc.dg/pch/common-1.c -O0 (test for excess errors)
FAIL: gcc.dg/pch/common-1.c -O1 (test for excess errors)
FAIL: gcc.dg/pch/decl-3.c -Os (test for excess errors)
FAIL: gcc.dg/pch/decl-4.c -Os (test for excess errors)
FAIL: gcc.dg/pch/except-1.c -Os (test for excess errors)
FAIL: gcc.dg/pch/global-1.c -O0 -g (test for excess errors)
FAIL: gcc.dg/pch/global-1.c -O0 (test for excess errors)
FAIL: gcc.dg/pch/global-1.c -O1 (test for excess errors)
FAIL: gcc.dg/pch/import-1.c -O0 -g (test for excess errors)
FAIL: gcc.dg/pch/import-1.c -O0 (test for excess errors)
FAIL: gcc.dg/pch/import-1.c -O1 (test for excess errors)
FAIL: gcc.dg/pch/import-1.c -O2 (test for excess errors)
FAIL: gcc.dg/pch/import-1.c -O3 -fomit-frame-pointer (test for excess errors)
FAIL: gcc.dg/pch/import-1.c -O3 -g (test for excess errors)
FAIL: gcc.dg/pch/import-1.c -Os (test for excess errors)
FAIL: gcc.dg/pch/macro-1.c -Os (test for excess errors)
FAIL: gcc.dg/pch/macro-3.c -Os (test for excess errors)
FAIL: gcc.dg/pch/save-temps-1.c -O0 -g (test for excess errors)
FAIL: gcc.dg/pch/save-temps-1.c -O0 (test for excess errors)
FAIL: gcc.dg/pch/save-temps-1.c -O1 (test for excess errors)
FAIL: gcc.dg/pch/static-1.c -O0 -g (test for excess errors)
FAIL: gcc.dg/pch/static-1.c -O0 (test for excess errors)
FAIL: gcc.dg/pch/static-1.c -O1 (test for excess errors)
FAIL: gcc.dg/pch/static-1.c -Os (test for excess errors)
FAIL: gcc.dg/pch/static-2.c -O0 -g (test for excess errors)
FAIL: gcc.dg/pch/static-2.c -O0 (test for excess errors)
FAIL: gcc.dg/pch/static-2.c -O1 (test for excess errors)
FAIL: gcc.dg/pch/static-2.c -Os (test for excess errors)
FAIL: gcc.dg/pch/static-3.c -O0 -g (test for excess errors)
FAIL: gcc.dg/pch/static-3.c -O0 (test for excess errors)
FAIL: gcc.dg/pch/static-3.c -O1 (test for excess errors)
FAIL: gcc.dg/pch/struct-1.c -Os (test for excess errors)
FAIL: gcc.dg/pch/system-1.c -O0 -g (test for excess errors)
FAIL: gcc.dg/pch/system-1.c -O0 (test for excess errors)
FAIL: gcc.dg/pch/system-1.c -O1 (test for excess errors)
FAIL: gcc.dg/pch/system-1.c -O2 (test for excess errors)
FAIL: gcc.dg/pch/system-1.c -O3 -fomit-frame-pointer (test for excess errors)
FAIL: gcc.dg/pch/system-1.c -O3 -g (test for excess errors)
FAIL: gcc.dg/pch/system-1.c -Os (test for excess errors)
FAIL: gcc.dg/special/gcsec-1.c (test for excess errors)
FAIL: gcc.dg/tls/alias-1.c (test for excess errors)
FAIL: gcc.dg/tls/opt-2.c (test for excess errors)
FAIL: gcc.dg/tree-ssa/20030711-2.c scan-tree-dump-times rtmem 1
FAIL: gcc.dg/tree-ssa/20040703-1.c scan-tree-dump-times 0.0 0
FAIL: gcc.misc-tests/linkage.c link
=== gcc Summary ===
# of expected passes 32199
# of unexpected failures 48
# of expected failures 94
# of unresolved testcases 1
# of untested testcases 68
# of unsupported tests 491
/usr/local/src/trunk/objdir64/gcc/xgcc version 4.0.0 20050128 (experimental)
=== gfortran tests ===
Running target unix
XPASS: gfortran.dg/ret_pointer_1.f90 -O0 execution test
XPASS: gfortran.dg/ret_pointer_1.f90 -O1 execution test
XPASS: gfortran.dg/ret_pointer_1.f90 -O2 execution test
XPASS: gfortran.dg/ret_pointer_1.f90 -O3 -fomit-frame-pointer execution test
XPASS: gfortran.dg/ret_pointer_1.f90 -O3 -fomit-frame-pointer -funroll-loops execution test
XPASS: gfortran.dg/ret_pointer_1.f90 -O3 -fomit-frame-pointer -funroll-all-loops -finline-functions execution test
XPASS: gfortran.dg/ret_pointer_1.f90 -O3 -g execution test
XPASS: gfortran.dg/ret_pointer_1.f90 -Os execution test
FAIL: gfortran.dg/g77/f90-intrinsic-bit.f -Os (test for excess errors)
WARNING: gfortran.dg/g77/f90-intrinsic-bit.f -Os compilation failed to produce executable
FAIL: gfortran.fortran-torture/execute/forall_3.f90 execution, -O0
FAIL: gfortran.fortran-torture/execute/forall_3.f90 execution, -O1
=== gfortran Summary ===
# of expected passes 5197
# of unexpected failures 3
# of unexpected successes 8
# of expected failures 18
# of unsupported tests 8
/usr/local/src/trunk/objdir64/gcc/testsuite/../gfortran version 4.0.0 20050128 (experimental)
=== g++ tests ===
Running target unix
FAIL: g++.dg/pch/empty.C -g (test for excess errors)
FAIL: g++.dg/pch/empty.C -O2 -g (test for excess errors)
FAIL: g++.dg/pch/empty.C -O2 (test for excess errors)
FAIL: g++.dg/pch/externc-1.C -g (test for excess errors)
FAIL: g++.dg/pch/externc-1.C -O2 -g (test for excess errors)
FAIL: g++.dg/pch/externc-1.C -O2 (test for excess errors)
FAIL: g++.dg/pch/static-1.C -g (test for excess errors)
FAIL: g++.dg/pch/static-1.C -O2 -g (test for excess errors)
FAIL: g++.dg/pch/static-1.C -O2 (test for excess errors)
FAIL: g++.dg/pch/system-1.C -g (test for excess errors)
FAIL: g++.dg/pch/system-1.C -O2 -g (test for excess errors)
FAIL: g++.dg/pch/system-1.C -O2 (test for excess errors)
FAIL: g++.dg/pch/system-2.C -g (test for excess errors)
FAIL: g++.dg/pch/system-2.C -O2 -g (test for excess errors)
FAIL: g++.dg/pch/system-2.C -O2 (test for excess errors)
FAIL: g++.dg/pch/uninst.C -g (test for excess errors)
FAIL: g++.dg/pch/uninst.C -O2 -g (test for excess errors)
FAIL: g++.dg/pch/uninst.C -O2 (test for excess errors)
FAIL: g++.dg/pch/wchar-1.C -g (test for excess errors)
FAIL: g++.dg/pch/wchar-1.C -O2 -g (test for excess errors)
FAIL: g++.dg/pch/wchar-1.C -O2 (test for excess errors)
WARNING: g++.old-deja/g++.mike/p10769a.C compilation failed to produce executable
XPASS: g++.old-deja/g++.other/init5.C execution test
=== g++ Summary ===
# of expected passes 10461
# of unexpected failures 21
# of unexpected successes 1
# of expected failures 71
# of untested testcases 21
# of unsupported tests 92
/usr/local/src/trunk/objdir64/gcc/testsuite/../g++ version 4.0.0 20050128 (experimental)
=== objc tests ===
Running target unix
=== objc Summary ===
# of expected passes 1534
# of unsupported tests 10
/usr/local/src/trunk/objdir64/gcc/xgcc version 4.0.0 20050128 (experimental)
=== treelang tests ===
Running target unix
=== treelang Summary ===
# of expected passes 22
=== libffi tests ===
Running target unix
=== libffi Summary ===
# of expected passes 216
# of unsupported tests 2
=== libjava tests ===
Running target unix
WARNING: program timed out.
FAIL: Array_3 execution - source compiled test
WARNING: program timed out.
FAIL: Array_3 execution - gij test
WARNING: program timed out.
FAIL: Array_3 execution - bytecode->native test
WARNING: program timed out.
FAIL: Array_3 -O3 execution - source compiled test
WARNING: program timed out.
FAIL: Array_3 execution - gij test
WARNING: program timed out.
FAIL: Array_3 -O3 execution - bytecode->native test
WARNING: program timed out.
FAIL: Invoke_1 execution - source compiled test
WARNING: program timed out.
FAIL: Invoke_1 execution - bytecode->native test
WARNING: program timed out.
FAIL: Invoke_1 -O3 execution - source compiled test
WARNING: program timed out.
FAIL: Invoke_1 -O3 execution - bytecode->native test
WARNING: program timed out.
FAIL: PR218 execution - source compiled test
WARNING: program timed out.
FAIL: PR218 execution - gij test
WARNING: program timed out.
FAIL: PR218 execution - bytecode->native test
WARNING: program timed out.
FAIL: PR218 -O3 execution - source compiled test
WARNING: program timed out.
FAIL: PR218 execution - gij test
WARNING: program timed out.
FAIL: PR218 -O3 execution - bytecode->native test
WARNING: program timed out.
FAIL: Throw_2 execution - source compiled test
WARNING: program timed out.
FAIL: Throw_2 execution - gij test
WARNING: program timed out.
FAIL: Throw_2 execution - bytecode->native test
WARNING: program timed out.
FAIL: Throw_2 -O3 execution - source compiled test
WARNING: program timed out.
FAIL: Throw_2 execution - gij test
WARNING: program timed out.
FAIL: Throw_2 -O3 execution - bytecode->native test
=== libjava Summary ===
# of expected passes 3682
# of unexpected failures 22
# of expected failures 14
# of untested testcases 38
=== libmudflap tests ===
Running target unix
FAIL: libmudflap.c/pass54-frag.c execution test
FAIL: libmudflap.c/pass54-frag.c (-static) execution test
=== libmudflap Summary ===
# of expected passes 1278
# of unexpected failures 2
=== libstdc++-v3 check-abi Summary ===
# of added symbols: 542
# of missing symbols: 501
# of incompatible symbols: 501
using: /usr/local/src/trunk/gcc/libstdc++-v3/config/abi/sparc-linux-gnu/baseline_symbols.txt
=== libstdc++ tests ===
Running target unix
XPASS: 22_locale/locale/cons/12658_thread-1.cc execution test
XPASS: 26_numerics/cmath/c99_classification_macros_c.cc (test for excess errors)
FAIL: 27_io/basic_filebuf/close/char/4879.cc execution test
FAIL: 27_io/basic_filebuf/close/char/9964.cc execution test
FAIL: 27_io/basic_filebuf/imbue/char/13171-2.cc execution test
FAIL: 27_io/basic_filebuf/imbue/wchar_t/14975-2.cc execution test
FAIL: 27_io/basic_filebuf/underflow/char/10097.cc execution test
XPASS: 27_io/fpos/14320-1.cc execution test
FAIL: 27_io/objects/char/7.cc execution test
FAIL: 27_io/objects/char/9661-1.cc execution test
FAIL: 27_io/objects/wchar_t/7.cc execution test
FAIL: 27_io/objects/wchar_t/9661-1.cc execution test
FAIL: ext/array_allocator/2.cc execution test
=== libstdc++ Summary ===
# of expected passes 3462
# of unexpected failures 10
# of unexpected successes 3
# of expected failures 4
Compiler version: 4.0.0 20050128 (experimental)
Platform: sparc64-unknown-linux-gnu
configure flags: sparc64-linux --enable-__cxa_atexit --enable-shared --enable-languages=c,c++,f95,java,objc,treelang
Counting all warnings,
there are 284 warnings in stage0 of this bootstrap.
Number of warnings per file:
56 libmudflap/mf-hooks1.c
35 libiberty/concat.c
21 libiberty/regex.c
19 libjava/java/lang/mprec.c
12 libmudflap/mf-runtime.c
12 libmudflap/mf-hooks3.c
10 ./java/lang/Integer.h
8 libjava/java/lang/strtod.c
8 libjava/java/lang/dtoa.c
8 include/xregex2.h
8 include/gc_config.h
8 include/config.h
6 libjava/java/lang/e_exp.c
4 libiberty/pex-unix.c
4 libgfortran/generated/matmul_r8.c
4 libgfortran/generated/matmul_r4.c
4 libgfortran/generated/matmul_i8.c
4 libgfortran/generated/matmul_i4.c
4 libgfortran/generated/matmul_c8.c
4 libgfortran/generated/matmul_c4.c
4 gcc/boehm-gc/os_dep.c
2 libobjc/thr.c
2 libobjc/sendmsg.c
2 libjava/prims.cc
2 libjava/java/lang/e_rem_pio2.c
2 libjava/java/lang/e_asin.c
2 libjava/gnu/gcj/io/shs.cc
2 libgfortran/generated/transpose_i8.c
2 libgfortran/generated/transpose_i4.c
2 libgfortran/generated/transpose_c8.c
2 libgfortran/generated/transpose_c4.c
2 libgfortran/generated/matmul_l8.c
2 libgfortran/generated/matmul_l4.c
2 libcpp/macro.c
2 java/net/natNetworkInterface.cc
2 include/java-signal.h
2 gnu/java/nio/natPipeImpl.cc
2 gcc/coretypes.h
2 gcc/boehm-gc/mark_rts.c
1 ./runtime-info.h
1 libmath/stubs.c
1 libcpp/pch.c
1 fastjar/jartool.c
1 fastjar/compress.c
Number of warning types:
36 passing argument 1 of 'size0' from incompatible pointer type
35 traditional C rejects ISO C style function definitions
21 signed and unsigned type in conditional expression
12 suggest parentheses around + or - inside shift
10 this is the location of the previous definition
10 this decimal constant is unsigned only in ISO C90
4 '__wrap_realloc' aliased to undefined symbol 'realloc'
4 '__wrap_munmap' aliased to undefined symbol 'munmap'
4 '__wrap_mmap' aliased to undefined symbol 'mmap'
4 '__wrap_malloc' aliased to undefined symbol 'malloc'
4 '__wrap_free' aliased to undefined symbol 'free'
4 '__wrap_calloc' aliased to undefined symbol 'calloc'
4 '__wrap_alloca' aliased to undefined symbol 'alloca'
4 variable 'out' might be clobbered by 'longjmp' or 'vfork'
4 suggest parentheses around assignment used as truth value
4 'sigsetmask' is deprecated (declared at /usr/include/signal.h:184)
4 '__real_realloc' aliased to undefined symbol 'realloc'
4 '__real_munmap' aliased to undefined symbol 'munmap'
4 '__real_mmap' aliased to undefined symbol 'mmap'
4 '__real_malloc' aliased to undefined symbol 'malloc'
4 '__real_free' aliased to undefined symbol 'free'
4 '__real_calloc' aliased to undefined symbol 'calloc'
4 '__real_alloca' aliased to undefined symbol 'alloca'
4 ISO C90 does not support 'static' or type qualifiers in parameter array declarators
4 ISO C90 does not support \`static' or type qualifiers in parameter array declarators
4 format '%06lu' expects type 'long unsigned int', but argument 6 has type '__suseconds_t'
4 format '%06lu' expects type 'long unsigned int', but argument 4 has type '__suseconds_t'
4 format '%06lu' expects type 'long unsigned int', but argument 15 has type '__suseconds_t'
3 suggest parentheses around arithmetic in operand of |
2 'z' is used uninitialized in this function
2 '__wrap_pthread_join' aliased to undefined symbol 'pthread_join'
2 '__wrap_pthread_exit' aliased to undefined symbol 'pthread_exit'
2 '__wrap_pthread_create' aliased to undefined symbol 'pthread_create'
2 'void __rt_sigreturn_stub()' defined but not used
2 'void byteReverse()' declared 'static' but never defined
2 unused parameter 'self'
2 unused parameter '_p'
2 't' may be used uninitialized in this function
2 'spec_case' may be used uninitialized in this function
2 \`rtx' redefined
2 '__real_pthread_join' aliased to undefined symbol 'pthread_join'
2 '__real_pthread_exit' aliased to undefined symbol 'pthread_exit'
2 '__real_pthread_create' aliased to undefined symbol 'pthread_create'
2 \`PACKAGE_VERSION' redefined
2 \`PACKAGE_TARNAME' redefined
2 \`PACKAGE_STRING' redefined
2 \`PACKAGE_NAME' redefined
2 'noreturn' function does return
2 'mlo' may be used uninitialized in this function
2 'lo' may be used uninitialized in this function
2 'k' may be used uninitialized in this function
2 'ilim' may be used uninitialized in this function
2 'ilim1' may be used uninitialized in this function
2 'hi' may be used uninitialized in this function
2 function returns address of local variable
2 'delta' may be used uninitialized in this function
2 comparison between signed and unsigned integer expressions
2 'bs' may be used uninitialized in this function
2 'bd' may be used uninitialized in this function
2 'bb' may be used uninitialized in this function
1 unused parameter 'ze'
1 'struct_forward_array' defined but not used
1 string length \`???' is greater than the length \`???' ISO C89 compilers are required to support
1 pointer targets in passing arg ??? of \`???' differ in signedness
1 incompatible implicit declaration of built-in function 'fabsl'
1 assignment from incompatible pointer type
1 assignment discards qualifiers from pointer target type
Counting all warnings,
there are 21 warnings in stage3 of this bootstrap.
Number of warnings per file:
3 treelang/lex.c
3 gengtype-lex.c
3 gcc/gcc.c
2 gcc/objc/lang-specs.h
2 gcc/java/jcf-io.c
1 include/line-map.h
1 gcc/treelang/parse.y
1 gcc/treelang/lex.l
1 gcc/java/jvspec.c
1 gcc/fortran/trans-common.c
1 gcc/fortran/simplify.c
1 gcc/fortran/resolve.c
1 gcc/fortran/expr.c
Number of warning types:
6 old-style function definition
4 control may reach end of non-void function '__gmpz_get_ui' being inlined
1 this is the location of the previous definition
1 string length '844' is greater than the length '509' ISO C89 compilers are required to support
1 string length '834' is greater than the length '509' ISO C89 compilers are required to support
1 string length '783' is greater than the length '509' ISO C89 compilers are required to support
1 string length '709' is greater than the length '509' ISO C89 compilers are required to support
1 string length '643' is greater than the length '509' ISO C89 compilers are required to support
1 string length '608' is greater than the length '509' ISO C89 compilers are required to support
1 \`LINEMAP_POSITION_FOR_COLUMN' redefined
1 ISO C forbids passing argument 3 of 'scandir' between function pointer and 'void *'
1 ISO C forbids conversion of function pointer to object pointer type
1 control may reach end of non-void function 'check_type_match' being inlined