This is the mail archive of the
gcc-testresults@gcc.gnu.org
mailing list for the GCC project.
Results for 4.0.0 20050126 (experimental) testsuite oni686-pc-linux-gnu
- From: Andris Pavenis <pavenis at latnet dot lv>
- To: gcc-testresults at gcc dot gnu dot org
- Date: Wed, 26 Jan 2005 20:12:02 +0200
- Subject: Results for 4.0.0 20050126 (experimental) testsuite oni686-pc-linux-gnu
Last updated from CVS: 2005 Jan 26 17:31 +0200
System: Linux kernel 2.6.7-adeos
glibc-2.3.3
binutils-2.15.92.0.2 20040927
LAST_UPDATED: Wed Jan 26 15:31:23 UTC 2005
Native configuration is i686-pc-linux-gnu
=== g++ tests ===
Running target unix
WARNING: g++.old-deja/g++.mike/p10769a.C compilation failed to produce executable
FAIL: g++.old-deja/g++.robertl/eb132.C (test for excess errors)
FAIL: g++.old-deja/g++.robertl/eb73.C (test for excess errors)
=== g++ Summary ===
# of expected passes 10620
# of unexpected failures 2
# of expected failures 72
# of unsupported tests 56
/mnt/hd/hda8/cvs/gcc/4.0/build/build.lnx/gcc/testsuite/../g++ version 4.0.0 20050126 (experimental)
=== gcc tests ===
Running target unix
WARNING: program timed out.
FAIL: gcc.c-torture/compile/20001226-1.c -O0 (test for excess errors)
FAIL: gcc.dg/cleanup-10.c execution test
FAIL: gcc.dg/cleanup-11.c execution test
FAIL: gcc.dg/cleanup-8.c execution test
FAIL: gcc.dg/cleanup-9.c execution test
XPASS: gcc.dg/vect/vect-22.c scan-tree-dump-times vectorized 3 loops 1
=== gcc Summary ===
# of expected passes 32759
# of unexpected failures 5
# of unexpected successes 1
# of expected failures 95
# of untested testcases 28
# of unsupported tests 305
/mnt/hd/hda8/cvs/gcc/4.0/build/build.lnx/gcc/xgcc version 4.0.0 20050126 (experimental)
=== objc tests ===
Running target unix
=== objc Summary ===
# of expected passes 1532
# of unsupported tests 10
/mnt/hd/hda8/cvs/gcc/4.0/build/build.lnx/gcc/xgcc version 4.0.0 20050126 (experimental)
=== libffi tests ===
Running target unix
=== libffi Summary ===
# of expected passes 216
# of unsupported tests 2
=== libjava tests ===
Running target unix
=== libjava Summary ===
# of expected passes 3726
# of expected failures 14
# of untested testcases 16
=== libmudflap tests ===
Running target unix
WARNING: program timed out.
FAIL: libmudflap.cth/pass40-frag.c execution test
FAIL: libmudflap.cth/pass40-frag.c output pattern test
WARNING: program timed out.
FAIL: libmudflap.cth/pass40-frag.c (-static -DSTATIC) execution test
FAIL: libmudflap.cth/pass40-frag.c (-static -DSTATIC) output pattern test
WARNING: program timed out.
FAIL: libmudflap.cth/pass40-frag.c (-O3) execution test
FAIL: libmudflap.cth/pass40-frag.c (-O3) output pattern test
=== libmudflap Summary ===
# of expected passes 1274
# of unexpected failures 6
=== libstdc++-v3 check-abi Summary ===
# of added symbols: 54
# of missing symbols: 0
# of incompatible symbols: 0
using: /mnt/hd/hda8/cvs/gcc/4.0/build/gcc/libstdc++-v3/config/abi/i486-linux-gnu/baseline_symbols.txt
=== libstdc++ tests ===
Running target unix
XPASS: 22_locale/locale/cons/12658_thread-1.cc execution test
XPASS: 26_numerics/cmath/c99_classification_macros_c.cc (test for excess errors)
=== libstdc++ Summary ===
# of expected passes 3470
# of unexpected successes 2
# of expected failures 5
Compiler version: 4.0.0 20050126 (experimental)
Platform: i686-pc-linux-gnu
configure flags: --prefix=/disk2/gcc40 --enable-shared --verbose --enable-threads=posix --enable-languages=c,c++,java,objc
Counting all warnings,
there are 20 warnings in stage3 of this bootstrap.
Number of warnings per file:
7 /usr/share/bison/bison.simple
3 gengtype-lex.c
3 gcc/gcc.c
2 gcc/objc/lang-specs.h
2 gcc/java/jcf-io.c
1 insn-conditions.c
1 gcc/java/jvspec.c
1 gcc/config/i386/i386.md
Number of warning types:
8 old-style function definition
2 label 'yyoverflowlab' defined but not used
1 string length '844' is greater than the length '509' ISO C89 compilers are required to support
1 string length '834' is greater than the length '509' ISO C89 compilers are required to support
1 string length '783' is greater than the length '509' ISO C89 compilers are required to support
1 string length '695' is greater than the length '509' ISO C89 compilers are required to support
1 string length '643' is greater than the length '509' ISO C89 compilers are required to support
1 string length '608' is greater than the length '509' ISO C89 compilers are required to support
1 string length '597' is greater than the length '509' ISO C89 compilers are required to support
1 operand 1 missing mode?
1 ISO C forbids passing argument 3 of 'scandir' between function pointer and 'void *'
1 ISO C forbids conversion of function pointer to object pointer type