This is the mail archive of the
gcc-testresults@gcc.gnu.org
mailing list for the GCC project.
Results for 4.0.020050125(experimental) gfortran testsuite on i686-pc-linux-gnu
- From: coudert at quatramaran dot ens dot fr (François-Xavier Coudert)
- To: gcc-testresults at gcc dot gnu dot org
- Date: Tue, 25 Jan 2005 09:48:02 +0100 (CET)
- Subject: Results for 4.0.020050125(experimental) gfortran testsuite on i686-pc-linux-gnu
LAST_UPDATED:
Native configuration is i686-pc-linux-gnu
=== gfortran tests ===
Running target unix
XPASS: gfortran.dg/ret_pointer_1.f90 -O0 execution test
XPASS: gfortran.dg/ret_pointer_1.f90 -O1 execution test
XPASS: gfortran.dg/ret_pointer_1.f90 -O3 -fomit-frame-pointer execution test
XPASS: gfortran.dg/ret_pointer_1.f90 -O3 -fomit-frame-pointer -funroll-loops execution test
XPASS: gfortran.dg/ret_pointer_1.f90 -O3 -fomit-frame-pointer -funroll-all-loops -finline-functions execution test
FAIL: gfortran.fortran-torture/execute/forall_3.f90 execution, -O1
=== gfortran Summary ===
# of expected passes5216
# of unexpected failures1
# of unexpected successes5
# of expected failures21
/tmp/gfortran-20050125/ibin/gcc/testsuite/../gfortran version 4.0.0 20050125 (experimental)
Compiler version: 4.0.020050125(experimental) gfortran
Platform: i686-pc-linux-gnu
configure flags: --prefix=/tmp/gfortran-20050125/irun --enable-languages=c,f95,;t t