This is the mail archive of the
gcc-testresults@gcc.gnu.org
mailing list for the GCC project.
Results for 4.0.0 20050118 (experimental) gfortran testsuite on sparc-sun-solaris2.9
- From: Francois-Xavier Coudert <coudert at lcp dot u-psud dot fr>
- To: gcc-testresults at gcc dot gnu dot org
- Date: Tue, 18 Jan 2005 10:29:27 +0100
- Subject: Results for 4.0.0 20050118 (experimental) gfortran testsuite on sparc-sun-solaris2.9
LAST_UPDATED:
Native configuration is sparc-sun-solaris2.9
=== gfortran tests ===
Running target unix
XPASS: gfortran.dg/ret_pointer_1.f90 -O0 execution test
XPASS: gfortran.dg/ret_pointer_1.f90 -O1 execution test
XPASS: gfortran.dg/ret_pointer_1.f90 -O2 execution test
XPASS: gfortran.dg/ret_pointer_1.f90 -O3 -fomit-frame-pointer execution test
XPASS: gfortran.dg/ret_pointer_1.f90 -O3 -fomit-frame-pointer -funroll-loops execution test
XPASS: gfortran.dg/ret_pointer_1.f90 -O3 -fomit-frame-pointer -funroll-all-loops -finline-functions execution test
XPASS: gfortran.dg/ret_pointer_1.f90 -O3 -g execution test
FAIL: gfortran.dg/write_to_null.f90 -O0 execution test
FAIL: gfortran.dg/write_to_null.f90 -O1 execution test
FAIL: gfortran.dg/write_to_null.f90 -O2 execution test
FAIL: gfortran.dg/write_to_null.f90 -O3 -fomit-frame-pointer execution test
FAIL: gfortran.dg/write_to_null.f90 -O3 -fomit-frame-pointer -funroll-loops execution test
FAIL: gfortran.dg/write_to_null.f90 -O3 -fomit-frame-pointer -funroll-all-loops -finline-functions execution test
FAIL: gfortran.dg/write_to_null.f90 -O3 -g execution test
FAIL: gfortran.dg/write_to_null.f90 -Os execution test
FAIL: gfortran.dg/g77/xformat.f -O Extension: X descriptor (test for warnings, line 3)
FAIL: gfortran.fortran-torture/execute/forall_3.f90 execution, -O1
FAIL: gfortran.fortran-torture/execute/intrinsic_nearest.f90 execution, -O0
FAIL: gfortran.fortran-torture/execute/intrinsic_nearest.f90 execution, -O1
FAIL: gfortran.fortran-torture/execute/intrinsic_nearest.f90 execution, -O2
FAIL: gfortran.fortran-torture/execute/intrinsic_nearest.f90 execution, -O3 -fomit-frame-pointer
FAIL: gfortran.fortran-torture/execute/intrinsic_nearest.f90 execution, -O3 -fomit-frame-pointer -funroll-loops
FAIL: gfortran.fortran-torture/execute/intrinsic_nearest.f90 execution, -O3 -fomit-frame-pointer -funroll-all-loops -finline-functions
FAIL: gfortran.fortran-torture/execute/intrinsic_nearest.f90 execution, -O3 -g
FAIL: gfortran.fortran-torture/execute/intrinsic_nearest.f90 execution, -Os
FAIL: gfortran.fortran-torture/execute/intrinsic_transpose.f90 execution, -O1
=== gfortran Summary ===
# of expected passes4992
# of unexpected failures19
# of unexpected successes7
# of expected failures19
# of unsupported tests8
/var/tmp/gfortran-20050118/ibin/gcc/testsuite/../gfortran version 4.0.0 20050118 (experimental)
Compiler version: 4.0.0 20050118 (experimental) gfortran
Platform: sparc-sun-solaris2.9
configure flags: --prefix=/var/tmp/gfortran-20050118/irun --enable-languages=c,f95,;t t