This is the mail archive of the
gcc-testresults@gcc.gnu.org
mailing list for the GCC project.
Results for 4.0.0 20050115 (experimental) testsuite on i686-pc-linux-gnu
- From: "Kaveh R. Ghazi" <ghazi at caip dot rutgers dot edu>
- To: gcc-testresults at gcc dot gnu dot org
- Date: Sat, 15 Jan 2005 23:46:29 -0500 (EST)
- Subject: Results for 4.0.0 20050115 (experimental) testsuite on i686-pc-linux-gnu
LAST_UPDATED:
Native configuration is i686-pc-linux-gnu
=== gcc tests ===
Running target unix/-fPIC
FAIL: gcc.c-torture/compile/20000804-1.c -O0 (test for excess errors)
FAIL: gcc.c-torture/execute/builtins/strlen-3.c execution, -O2
FAIL: gcc.c-torture/execute/builtins/strlen-3.c execution, -O3 -fomit-frame-pointer
FAIL: gcc.c-torture/execute/builtins/strlen-3.c execution, -O3 -fomit-frame-pointer -funroll-loops
FAIL: gcc.c-torture/execute/builtins/strlen-3.c execution, -O3 -fomit-frame-pointer -funroll-all-loops -finline-functions
FAIL: gcc.c-torture/execute/builtins/strlen-3.c execution, -O3 -g
FAIL: gcc.dg/20020919-1.c (test for errors, line 132)
FAIL: gcc.dg/20020919-1.c (test for errors, line 177)
FAIL: gcc.dg/20020919-1.c (test for errors, line 231)
FAIL: gcc.dg/20020919-1.c (test for errors, line 244)
FAIL: gcc.dg/20020919-1.c (test for excess errors)
FAIL: gcc.dg/assign-warn-3.c (test for warnings, line 9)
FAIL: gcc.dg/assign-warn-3.c (test for warnings, line 13)
FAIL: gcc.dg/clobbers.c (test for excess errors)
WARNING: gcc.dg/clobbers.c compilation failed to produce executable
FAIL: gcc.dg/i386-387-3.c scan-assembler fldpi
FAIL: gcc.dg/i386-387-4.c scan-assembler fldpi
FAIL: gcc.dg/i386-asm-3.c (test for excess errors)
WARNING: gcc.dg/i386-asm-3.c compilation failed to produce executable
FAIL: gcc.dg/i386-cmov1.c scan-assembler sar[^\\\\n]*magic_namea
FAIL: gcc.dg/i386-cmov1.c scan-assembler sar[^\\\\n]*magic_nameb
FAIL: gcc.dg/i386-cmov1.c scan-assembler sar[^\\\\n]*magic_namec
FAIL: gcc.dg/i386-cmov1.c scan-assembler shr[^\\\\n]*magic_named
FAIL: gcc.dg/i386-cmov1.c scan-assembler shr[^\\\\n]*magic_namee
FAIL: gcc.dg/i386-cmov1.c scan-assembler shr[^\\\\n]*magic_namef
FAIL: gcc.dg/i386-local2.c scan-assembler-not sub[^\\\\n]*sp
FAIL: gcc.dg/i386-mul.c scan-assembler and[^\\\\n]*magic
FAIL: gcc.dg/i386-ssetype-1.c scan-assembler andpd[^\\\\n]*magic
FAIL: gcc.dg/i386-ssetype-1.c scan-assembler andnpd[^\\\\n]*magic
FAIL: gcc.dg/i386-ssetype-1.c scan-assembler xorpd[^\\\\n]*magic
FAIL: gcc.dg/i386-ssetype-1.c scan-assembler orpd[^\\\\n]*magic
FAIL: gcc.dg/i386-ssetype-1.c scan-assembler movapd[^\\\\n]*magic
FAIL: gcc.dg/i386-ssetype-3.c scan-assembler andps[^\\\\n]*magic
FAIL: gcc.dg/i386-ssetype-3.c scan-assembler andnps[^\\\\n]*magic
FAIL: gcc.dg/i386-ssetype-3.c scan-assembler xorps[^\\\\n]*magic
FAIL: gcc.dg/i386-ssetype-3.c scan-assembler orps[^\\\\n]*magic
FAIL: gcc.dg/i386-ssetype-3.c scan-assembler movaps[^\\\\n]*magic
FAIL: gcc.dg/i386-ssetype-5.c scan-assembler pand[^\\\\n]*magic
FAIL: gcc.dg/i386-ssetype-5.c scan-assembler pandn[^\\\\n]*magic
FAIL: gcc.dg/i386-ssetype-5.c scan-assembler pxor[^\\\\n]*magic
FAIL: gcc.dg/i386-ssetype-5.c scan-assembler por[^\\\\n]*magic
FAIL: gcc.dg/sibcall-6.c execution test
FAIL: gcc.dg/tree-ssa/ssa-dce-2.c scan-tree-dump-times if 0
XPASS: gcc.dg/vect/vect-22.c scan-tree-dump-times vectorized 3 loops 1
=== gcc Summary for unix/-fPIC ===
# of expected passes 32522
# of unexpected failures 41
# of unexpected successes 1
# of expected failures 99
# of untested testcases 28
# of unsupported tests 316
Running target unix/-fpic
FAIL: gcc.c-torture/compile/20000804-1.c -O0 (test for excess errors)
FAIL: gcc.c-torture/execute/builtins/strlen-3.c execution, -O2
FAIL: gcc.c-torture/execute/builtins/strlen-3.c execution, -O3 -fomit-frame-pointer
FAIL: gcc.c-torture/execute/builtins/strlen-3.c execution, -O3 -fomit-frame-pointer -funroll-loops
FAIL: gcc.c-torture/execute/builtins/strlen-3.c execution, -O3 -fomit-frame-pointer -funroll-all-loops -finline-functions
FAIL: gcc.c-torture/execute/builtins/strlen-3.c execution, -O3 -g
FAIL: gcc.dg/20020919-1.c (test for errors, line 132)
FAIL: gcc.dg/20020919-1.c (test for errors, line 177)
FAIL: gcc.dg/20020919-1.c (test for errors, line 231)
FAIL: gcc.dg/20020919-1.c (test for errors, line 244)
FAIL: gcc.dg/20020919-1.c (test for excess errors)
FAIL: gcc.dg/assign-warn-3.c (test for warnings, line 9)
FAIL: gcc.dg/assign-warn-3.c (test for warnings, line 13)
FAIL: gcc.dg/clobbers.c (test for excess errors)
WARNING: gcc.dg/clobbers.c compilation failed to produce executable
FAIL: gcc.dg/i386-387-3.c scan-assembler fldpi
FAIL: gcc.dg/i386-387-4.c scan-assembler fldpi
FAIL: gcc.dg/i386-asm-3.c (test for excess errors)
WARNING: gcc.dg/i386-asm-3.c compilation failed to produce executable
FAIL: gcc.dg/i386-cmov1.c scan-assembler sar[^\\\\n]*magic_namea
FAIL: gcc.dg/i386-cmov1.c scan-assembler sar[^\\\\n]*magic_nameb
FAIL: gcc.dg/i386-cmov1.c scan-assembler sar[^\\\\n]*magic_namec
FAIL: gcc.dg/i386-cmov1.c scan-assembler shr[^\\\\n]*magic_named
FAIL: gcc.dg/i386-cmov1.c scan-assembler shr[^\\\\n]*magic_namee
FAIL: gcc.dg/i386-cmov1.c scan-assembler shr[^\\\\n]*magic_namef
FAIL: gcc.dg/i386-local2.c scan-assembler-not sub[^\\\\n]*sp
FAIL: gcc.dg/i386-mul.c scan-assembler and[^\\\\n]*magic
FAIL: gcc.dg/i386-ssetype-1.c scan-assembler andpd[^\\\\n]*magic
FAIL: gcc.dg/i386-ssetype-1.c scan-assembler andnpd[^\\\\n]*magic
FAIL: gcc.dg/i386-ssetype-1.c scan-assembler xorpd[^\\\\n]*magic
FAIL: gcc.dg/i386-ssetype-1.c scan-assembler orpd[^\\\\n]*magic
FAIL: gcc.dg/i386-ssetype-1.c scan-assembler movapd[^\\\\n]*magic
FAIL: gcc.dg/i386-ssetype-3.c scan-assembler andps[^\\\\n]*magic
FAIL: gcc.dg/i386-ssetype-3.c scan-assembler andnps[^\\\\n]*magic
FAIL: gcc.dg/i386-ssetype-3.c scan-assembler xorps[^\\\\n]*magic
FAIL: gcc.dg/i386-ssetype-3.c scan-assembler orps[^\\\\n]*magic
FAIL: gcc.dg/i386-ssetype-3.c scan-assembler movaps[^\\\\n]*magic
FAIL: gcc.dg/i386-ssetype-5.c scan-assembler pand[^\\\\n]*magic
FAIL: gcc.dg/i386-ssetype-5.c scan-assembler pandn[^\\\\n]*magic
FAIL: gcc.dg/i386-ssetype-5.c scan-assembler pxor[^\\\\n]*magic
FAIL: gcc.dg/i386-ssetype-5.c scan-assembler por[^\\\\n]*magic
FAIL: gcc.dg/sibcall-6.c execution test
FAIL: gcc.dg/tree-ssa/ssa-dce-2.c scan-tree-dump-times if 0
XPASS: gcc.dg/vect/vect-22.c scan-tree-dump-times vectorized 3 loops 1
=== gcc Summary for unix/-fpic ===
# of expected passes 32522
# of unexpected failures 41
# of unexpected successes 1
# of expected failures 99
# of untested testcases 28
# of unsupported tests 316
Running target unix
XPASS: gcc.dg/vect/vect-22.c scan-tree-dump-times vectorized 3 loops 1
=== gcc Summary for unix ===
# of expected passes 32567
# of unexpected successes 1
# of expected failures 99
# of untested testcases 28
# of unsupported tests 315
=== gcc Summary ===
# of expected passes 97611
# of unexpected failures 82
# of unexpected successes 3
# of expected failures 297
# of untested testcases 84
# of unsupported tests 947
/home/ghazi/gcc-testing/gcc-testing/40/build/gcc/xgcc version 4.0.0 20050115 (experimental)
=== g++ tests ===
Running target unix/-fPIC
FAIL: g++.dg/eh/omit-frame-pointer2.C execution test
WARNING: g++.old-deja/g++.mike/p10769a.C compilation failed to produce executable
=== g++ Summary for unix/-fPIC ===
# of expected passes 10538
# of unexpected failures 1
# of expected failures 72
# of unsupported tests 70
Running target unix/-fpic
FAIL: g++.dg/eh/omit-frame-pointer2.C execution test
WARNING: g++.old-deja/g++.mike/p10769a.C compilation failed to produce executable
=== g++ Summary for unix/-fpic ===
# of expected passes 10538
# of unexpected failures 1
# of expected failures 72
# of unsupported tests 70
Running target unix
WARNING: g++.old-deja/g++.mike/p10769a.C compilation failed to produce executable
=== g++ Summary for unix ===
# of expected passes 10541
# of expected failures 72
# of unsupported tests 68
=== g++ Summary ===
# of expected passes 31617
# of unexpected failures 2
# of expected failures 216
# of unsupported tests 208
/home/ghazi/gcc-testing/gcc-testing/40/build/gcc/testsuite/../g++ version 4.0.0 20050115 (experimental)
=== objc tests ===
Running target unix/-fPIC
=== objc Summary for unix/-fPIC ===
# of expected passes 1528
# of unsupported tests 10
Running target unix/-fpic
=== objc Summary for unix/-fpic ===
# of expected passes 1528
# of unsupported tests 10
Running target unix
=== objc Summary for unix ===
# of expected passes 1528
# of unsupported tests 10
=== objc Summary ===
# of expected passes 4584
# of unsupported tests 30
/home/ghazi/gcc-testing/gcc-testing/40/build/gcc/xgcc version 4.0.0 20050115 (experimental)
=== libffi tests ===
Running target unix/-fPIC
=== libffi Summary for unix/-fPIC ===
# of expected passes 216
# of unsupported tests 2
Running target unix/-fpic
=== libffi Summary for unix/-fpic ===
# of expected passes 216
# of unsupported tests 2
Running target unix
=== libffi Summary for unix ===
# of expected passes 216
# of unsupported tests 2
=== libffi Summary ===
# of expected passes 648
# of unsupported tests 6
=== libjava tests ===
Running target unix/-fPIC
=== libjava Summary for unix/-fPIC ===
# of expected passes 3720
# of expected failures 14
# of untested testcases 16
Running target unix/-fpic
FAIL: Thread_Join execution - gij test
=== libjava Summary for unix/-fpic ===
# of expected passes 3718
# of unexpected failures 1
# of expected failures 14
# of untested testcases 17
Running target unix
=== libjava Summary for unix ===
# of expected passes 3720
# of expected failures 14
# of untested testcases 16
=== libjava Summary ===
# of expected passes 11158
# of unexpected failures 1
# of expected failures 42
# of untested testcases 49
=== libmudflap tests ===
Running target unix/-fPIC
=== libmudflap Summary for unix/-fPIC ===
# of expected passes 1280
Running target unix/-fpic
=== libmudflap Summary for unix/-fpic ===
# of expected passes 1280
Running target unix
=== libmudflap Summary for unix ===
# of expected passes 1280
=== libmudflap Summary ===
# of expected passes 3840
=== libstdc++ tests ===
Running target unix/-fPIC
XPASS: 22_locale/locale/cons/12658_thread-1.cc execution test
=== libstdc++ Summary for unix/-fPIC ===
# of expected passes 3362
# of unexpected successes 1
# of expected failures 6
Running target unix/-fpic
XPASS: 22_locale/locale/cons/12658_thread-1.cc execution test
=== libstdc++ Summary for unix/-fpic ===
# of expected passes 3362
# of unexpected successes 1
# of expected failures 6
Running target unix
XPASS: 26_numerics/cmath/c99_classification_macros_c.cc (test for excess errors)
=== libstdc++ Summary for unix ===
# of expected passes 3362
# of unexpected successes 1
# of expected failures 6
=== libstdc++ Summary ===
# of expected passes 10086
# of unexpected successes 3
# of expected failures 18
Compiler version: 4.0.0 20050115 (experimental)
Platform: i686-pc-linux-gnu
configure flags: --verbose --enable-languages=c,c++,java,objc