This is the mail archive of the
gcc-testresults@gcc.gnu.org
mailing list for the GCC project.
Results for 4.0.0 20050114 (experimental) testsuite on i686-unknown-openbsd3.1
- From: Andrew Thomas Pinski <pinskia at physics dot uc dot edu>
- To: gcc-testresults at gcc dot gnu dot org
- Date: Fri, 14 Jan 2005 04:14:42 -0500 (EST)
- Subject: Results for 4.0.0 20050114 (experimental) testsuite on i686-unknown-openbsd3.1
LAST_UPDATED: Fri Jan 14 05:02:09 UTC 2005
Native configuration is i686-unknown-openbsd3.1
=== g++ tests ===
Running target unix
FAIL: g++.dg/abi/local1.C execution test
FAIL: g++.dg/lookup/new2.C (test for errors, line 7)
FAIL: g++.dg/lookup/new2.C (test for errors, line 10)
FAIL: g++.dg/lookup/new2.C (test for errors, line 11)
FAIL: g++.dg/lookup/scoped8.C (test for errors, line 15)
FAIL: g++.dg/parse/constant1.C (test for errors, line 11)
FAIL: g++.dg/parse/crash11.C (test for errors, line 33)
FAIL: g++.dg/parse/typename7.C (test for errors, line 14)
FAIL: g++.dg/parse/typename7.C (test for errors, line 21)
FAIL: g++.dg/parse/typename7.C (test for errors, line 23)
FAIL: g++.dg/tc1/dr152.C (test for errors, line 32)
FAIL: g++.dg/tc1/dr152.C (test for errors, line 35)
FAIL: g++.dg/template/error10.C (test for errors, line 70)
FAIL: g++.dg/template/memfriend6.C (test for errors, line 11)
FAIL: g++.dg/template/memfriend6.C (test for errors, line 12)
FAIL: g++.dg/template/memfriend6.C (test for errors, line 13)
FAIL: g++.dg/template/memfriend6.C (test for errors, line 21)
FAIL: g++.dg/template/memfriend6.C (test for errors, line 22)
FAIL: g++.dg/template/recurse.C excessive recursion (test for errors, line 21)
FAIL: g++.dg/template/recurse.C (test for excess errors)
FAIL: g++.dg/warn/deprecated.C (test for warnings, line 110)
FAIL: g++.dg/warn/deprecated.C (test for warnings, line 113)
FAIL: g++.dg/warn/missing-field-init-2.C (test for warnings, line 7)
FAIL: g++.dg/warn/missing-field-init-2.C (test for warnings, line 8)
FAIL: g++.old-deja/g++.bugs/900121_01.C (test for errors, line 10)
FAIL: g++.old-deja/g++.bugs/900210_01.C (test for errors, line 91)
FAIL: g++.old-deja/g++.bugs/900210_01.C (test for errors, line 92)
FAIL: g++.old-deja/g++.bugs/900210_01.C (test for errors, line 93)
FAIL: g++.old-deja/g++.bugs/900210_01.C (test for errors, line 94)
FAIL: g++.old-deja/g++.bugs/900210_01.C (test for errors, line 95)
FAIL: g++.old-deja/g++.bugs/900210_01.C (test for errors, line 96)
FAIL: g++.old-deja/g++.bugs/900210_01.C (test for errors, line 97)
FAIL: g++.old-deja/g++.bugs/900210_01.C (test for errors, line 98)
FAIL: g++.old-deja/g++.bugs/900210_01.C (test for errors, line 99)
FAIL: g++.old-deja/g++.bugs/900210_01.C (test for errors, line 100)
FAIL: g++.old-deja/g++.bugs/900210_01.C (test for errors, line 101)
FAIL: g++.old-deja/g++.bugs/900210_01.C (test for errors, line 102)
FAIL: g++.old-deja/g++.bugs/900210_01.C (test for errors, line 103)
FAIL: g++.old-deja/g++.bugs/900210_01.C (test for errors, line 104)
FAIL: g++.old-deja/g++.bugs/900210_01.C (test for errors, line 105)
FAIL: g++.old-deja/g++.bugs/900210_01.C (test for errors, line 106)
FAIL: g++.old-deja/g++.bugs/900210_01.C (test for errors, line 107)
FAIL: g++.old-deja/g++.bugs/900210_01.C (test for errors, line 108)
FAIL: g++.old-deja/g++.bugs/900210_01.C (test for errors, line 109)
FAIL: g++.old-deja/g++.bugs/900210_01.C (test for errors, line 110)
FAIL: g++.old-deja/g++.bugs/900210_02.C (test for errors, line 54)
FAIL: g++.old-deja/g++.bugs/900210_02.C (test for errors, line 55)
FAIL: g++.old-deja/g++.bugs/900210_02.C (test for errors, line 56)
FAIL: g++.old-deja/g++.bugs/900210_02.C (test for errors, line 57)
FAIL: g++.old-deja/g++.bugs/900210_02.C (test for errors, line 58)
FAIL: g++.old-deja/g++.bugs/900210_02.C (test for errors, line 59)
FAIL: g++.old-deja/g++.bugs/900210_02.C (test for errors, line 60)
FAIL: g++.old-deja/g++.bugs/900210_02.C (test for errors, line 61)
FAIL: g++.old-deja/g++.bugs/900210_02.C (test for errors, line 62)
FAIL: g++.old-deja/g++.bugs/900210_02.C (test for errors, line 63)
FAIL: g++.old-deja/g++.bugs/900210_02.C (test for errors, line 64)
FAIL: g++.old-deja/g++.bugs/900210_02.C (test for errors, line 65)
FAIL: g++.old-deja/g++.bugs/900210_02.C (test for errors, line 66)
FAIL: g++.old-deja/g++.bugs/900210_02.C (test for errors, line 67)
FAIL: g++.old-deja/g++.bugs/900210_02.C (test for errors, line 68)
FAIL: g++.old-deja/g++.bugs/900210_02.C (test for errors, line 69)
FAIL: g++.old-deja/g++.bugs/900210_02.C (test for errors, line 70)
FAIL: g++.old-deja/g++.bugs/900210_02.C (test for errors, line 71)
FAIL: g++.old-deja/g++.bugs/900210_02.C (test for errors, line 72)
FAIL: g++.old-deja/g++.bugs/900210_02.C (test for errors, line 73)
FAIL: g++.old-deja/g++.bugs/900210_02.C (test for errors, line 74)
FAIL: g++.old-deja/g++.bugs/900210_02.C (test for errors, line 75)
FAIL: g++.old-deja/g++.bugs/900210_02.C (test for errors, line 76)
FAIL: g++.old-deja/g++.bugs/900210_02.C (test for errors, line 77)
FAIL: g++.old-deja/g++.bugs/900210_02.C (test for errors, line 78)
FAIL: g++.old-deja/g++.bugs/900210_02.C (test for errors, line 79)
FAIL: g++.old-deja/g++.bugs/900210_02.C (test for errors, line 80)
FAIL: g++.old-deja/g++.bugs/900210_02.C (test for errors, line 81)
FAIL: g++.old-deja/g++.bugs/900210_02.C (test for errors, line 82)
FAIL: g++.old-deja/g++.bugs/900210_02.C (test for errors, line 83)
FAIL: g++.old-deja/g++.bugs/900210_02.C (test for errors, line 84)
FAIL: g++.old-deja/g++.bugs/900210_02.C (test for errors, line 85)
FAIL: g++.old-deja/g++.bugs/900210_02.C (test for errors, line 86)
FAIL: g++.old-deja/g++.bugs/900210_02.C (test for errors, line 87)
FAIL: g++.old-deja/g++.bugs/900210_02.C (test for errors, line 88)
FAIL: g++.old-deja/g++.bugs/900210_02.C (test for errors, line 89)
FAIL: g++.old-deja/g++.bugs/900210_02.C (test for errors, line 90)
FAIL: g++.old-deja/g++.bugs/900210_02.C (test for errors, line 91)
FAIL: g++.old-deja/g++.bugs/900210_02.C (test for errors, line 92)
FAIL: g++.old-deja/g++.bugs/900210_02.C (test for errors, line 93)
FAIL: g++.old-deja/g++.bugs/900210_02.C (test for errors, line 94)
FAIL: g++.old-deja/g++.bugs/900210_02.C (test for errors, line 95)
FAIL: g++.old-deja/g++.bugs/900210_02.C (test for errors, line 96)
FAIL: g++.old-deja/g++.bugs/900210_02.C (test for errors, line 97)
FAIL: g++.old-deja/g++.bugs/900210_02.C (test for errors, line 98)
FAIL: g++.old-deja/g++.bugs/900210_02.C (test for errors, line 99)
FAIL: g++.old-deja/g++.bugs/900210_02.C (test for errors, line 100)
FAIL: g++.old-deja/g++.bugs/900210_02.C (test for errors, line 101)
FAIL: g++.old-deja/g++.bugs/900210_02.C (test for errors, line 102)
FAIL: g++.old-deja/g++.bugs/900210_02.C (test for errors, line 103)
FAIL: g++.old-deja/g++.bugs/900210_02.C (test for errors, line 104)
FAIL: g++.old-deja/g++.bugs/900210_02.C (test for errors, line 105)
FAIL: g++.old-deja/g++.bugs/900210_02.C (test for errors, line 106)
FAIL: g++.old-deja/g++.bugs/900210_02.C (test for errors, line 107)
FAIL: g++.old-deja/g++.bugs/900210_02.C (test for errors, line 108)
FAIL: g++.old-deja/g++.bugs/900210_02.C (test for errors, line 109)
FAIL: g++.old-deja/g++.bugs/900210_02.C (test for errors, line 110)
FAIL: g++.old-deja/g++.bugs/900210_02.C (test for errors, line 111)
FAIL: g++.old-deja/g++.law/init5.C (test for errors, line 14)
FAIL: g++.old-deja/g++.law/profile1.C (test for excess errors)
WARNING: g++.old-deja/g++.law/profile1.C compilation failed to produce executable
FAIL: g++.old-deja/g++.mike/net2.C (test for errors, line 6)
FAIL: g++.old-deja/g++.mike/net2.C (test for errors, line 8)
FAIL: g++.old-deja/g++.mike/net2.C (test for errors, line 10)
WARNING: g++.old-deja/g++.mike/p10769a.C compilation failed to produce executable
FAIL: g++.old-deja/g++.mike/p700.C (test for errors, line 646)
FAIL: g++.old-deja/g++.mike/p700.C (test for errors, line 647)
FAIL: g++.old-deja/g++.mike/p700.C (test for errors, line 648)
FAIL: g++.old-deja/g++.mike/p700.C (test for errors, line 649)
FAIL: g++.old-deja/g++.mike/p700.C (test for errors, line 650)
FAIL: g++.old-deja/g++.mike/p700.C (test for errors, line 651)
FAIL: g++.old-deja/g++.mike/p700.C (test for errors, line 652)
FAIL: g++.old-deja/g++.mike/p700.C (test for errors, line 653)
FAIL: g++.old-deja/g++.mike/p700.C (test for errors, line 654)
FAIL: g++.old-deja/g++.mike/p700.C (test for errors, line 655)
FAIL: g++.old-deja/g++.mike/p700.C (test for errors, line 656)
FAIL: g++.old-deja/g++.mike/p700.C (test for errors, line 657)
FAIL: g++.old-deja/g++.mike/p700.C (test for errors, line 658)
FAIL: g++.old-deja/g++.mike/p700.C (test for errors, line 659)
FAIL: g++.old-deja/g++.ns/invalid1.C (test for errors, line 9)
FAIL: g++.old-deja/g++.ns/invalid1.C (test for errors, line 10)
FAIL: g++.old-deja/g++.other/linkage3.C (test for errors, line 4)
FAIL: g++.old-deja/g++.other/redecl1.C (test for errors, line 4)
FAIL: g++.old-deja/g++.other/struct1.C (test for errors, line 10)
FAIL: g++.old-deja/g++.other/struct1.C (test for errors, line 17)
FAIL: g++.old-deja/g++.other/struct1.C (test for errors, line 20)
FAIL: g++.old-deja/g++.other/struct1.C (test for errors, line 24)
FAIL: g++.old-deja/g++.other/struct1.C (test for errors, line 27)
FAIL: g++.old-deja/g++.other/struct1.C (test for errors, line 31)
FAIL: g++.old-deja/g++.other/struct1.C (test for errors, line 34)
FAIL: g++.old-deja/g++.other/struct1.C (test for errors, line 38)
FAIL: g++.old-deja/g++.other/struct1.C (test for errors, line 41)
FAIL: g++.old-deja/g++.pt/ptrmem6.C (test for errors, line 27)
FAIL: g++.old-deja/g++.pt/ptrmem6.C (test for errors, line 28)
FAIL: g++.old-deja/g++.pt/ptrmem6.C (test for errors, line 29)
FAIL: g++.old-deja/g++.pt/ptrmem6.C (test for errors, line 30)
FAIL: g++.old-deja/g++.pt/ptrmem6.C (test for errors, line 31)
FAIL: g++.old-deja/g++.pt/spec5.C (test for errors, line 17)
FAIL: g++.old-deja/g++.pt/typename16.C (test for errors, line 30)
=== g++ Summary ===
# of expected passes 10171
# of unexpected failures 142
# of expected failures 72
# of unsupported tests 96
/export/gates/pinskia/src/gnu/gcc/src/objdir.openbsd/gcc/testsuite/../g++ version 4.0.0 20050114 (experimental)
=== gcc tests ===
Running target unix
FAIL: gcc.c-torture/execute/921215-1.c compilation, -O3 -g
UNRESOLVED: gcc.c-torture/execute/921215-1.c execution, -O3 -g
FAIL: gcc.c-torture/execute/conversion.c execution, -O0
FAIL: gcc.c-torture/execute/conversion.c execution, -O1
FAIL: gcc.c-torture/execute/conversion.c execution, -O2
FAIL: gcc.c-torture/execute/conversion.c execution, -Os
FAIL: gcc.c-torture/execute/ieee/rbug.c execution, -O0
FAIL: gcc.c-torture/execute/ieee/rbug.c execution, -O1
FAIL: gcc.c-torture/execute/ieee/rbug.c execution, -O2
FAIL: tmpdir-gcc.dg-struct-layout-1/t001 c_compat_x_tst.o-c_compat_y_tst.o execute
FAIL: tmpdir-gcc.dg-struct-layout-1/t025 c_compat_x_tst.o-c_compat_y_tst.o execute
FAIL: tmpdir-gcc.dg-struct-layout-1/t027 c_compat_x_tst.o-c_compat_y_tst.o execute
FAIL: tmpdir-gcc.dg-struct-layout-1/t028 c_compat_x_tst.o-c_compat_y_tst.o execute
FAIL: gcc.dg/20021014-1.c (test for excess errors)
WARNING: gcc.dg/20021014-1.c compilation failed to produce executable
FAIL: gcc.dg/i386-3dnow-1.c (test for excess errors)
FAIL: gcc.dg/i386-3dnow-2.c (test for excess errors)
FAIL: gcc.dg/i386-3dnowA-1.c (test for excess errors)
FAIL: gcc.dg/i386-3dnowA-2.c (test for excess errors)
FAIL: gcc.dg/i386-mmx-4.c (test for excess errors)
WARNING: gcc.dg/i386-mmx-4.c compilation failed to produce executable
FAIL: gcc.dg/i386-sse-10.c (test for excess errors)
WARNING: gcc.dg/i386-sse-10.c compilation failed to produce executable
FAIL: gcc.dg/i386-sse-6.c (test for excess errors)
WARNING: gcc.dg/i386-sse-6.c compilation failed to produce executable
FAIL: gcc.dg/i386-sse-7.c (test for excess errors)
WARNING: gcc.dg/i386-sse-7.c compilation failed to produce executable
FAIL: gcc.dg/i386-sse-9.c (test for excess errors)
WARNING: gcc.dg/i386-sse-9.c compilation failed to produce executable
FAIL: gcc.dg/intmax_t-1.c (test for excess errors)
FAIL: gcc.dg/nest.c (test for excess errors)
WARNING: gcc.dg/nest.c compilation failed to produce executable
FAIL: gcc.dg/pr17957.c (test for excess errors)
FAIL: gcc.dg/wchar_t-1.c (test for excess errors)
FAIL: gcc.dg/wint_t-1.c (test for excess errors)
FAIL: largefile.c (test for excess errors)
FAIL: largefile.c (test for excess errors)
FAIL: largefile.c (test for excess errors)
FAIL: largefile.c (test for excess errors)
FAIL: largefile.c (test for excess errors)
FAIL: largefile.c (test for excess errors)
FAIL: largefile.c (test for excess errors)
FAIL: gcc.dg/special/weak-1.c execution test
FAIL: gcc.dg/vect/pr18400.c (test for excess errors)
WARNING: gcc.dg/vect/pr18400.c compilation failed to produce executable
FAIL: gcc.dg/vect/pr18536.c (test for excess errors)
WARNING: gcc.dg/vect/pr18536.c compilation failed to produce executable
FAIL: gcc.dg/vect/vect-11.c (test for excess errors)
WARNING: gcc.dg/vect/vect-11.c compilation failed to produce executable
FAIL: gcc.dg/vect/vect-12.c (test for excess errors)
WARNING: gcc.dg/vect/vect-12.c compilation failed to produce executable
FAIL: gcc.dg/vect/vect-13.c (test for excess errors)
WARNING: gcc.dg/vect/vect-13.c compilation failed to produce executable
FAIL: gcc.dg/vect/vect-16.c (test for excess errors)
WARNING: gcc.dg/vect/vect-16.c compilation failed to produce executable
FAIL: gcc.dg/vect/vect-17.c (test for excess errors)
WARNING: gcc.dg/vect/vect-17.c compilation failed to produce executable
FAIL: gcc.dg/vect/vect-18.c (test for excess errors)
WARNING: gcc.dg/vect/vect-18.c compilation failed to produce executable
FAIL: gcc.dg/vect/vect-19.c (test for excess errors)
WARNING: gcc.dg/vect/vect-19.c compilation failed to produce executable
FAIL: gcc.dg/vect/vect-2.c (test for excess errors)
WARNING: gcc.dg/vect/vect-2.c compilation failed to produce executable
FAIL: gcc.dg/vect/vect-20.c (test for excess errors)
WARNING: gcc.dg/vect/vect-20.c compilation failed to produce executable
FAIL: gcc.dg/vect/vect-21.c (test for excess errors)
WARNING: gcc.dg/vect/vect-21.c compilation failed to produce executable
FAIL: gcc.dg/vect/vect-22.c (test for excess errors)
WARNING: gcc.dg/vect/vect-22.c compilation failed to produce executable
XPASS: gcc.dg/vect/vect-22.c scan-tree-dump-times vectorized 3 loops 1
FAIL: gcc.dg/vect/vect-25.c (test for excess errors)
WARNING: gcc.dg/vect/vect-25.c compilation failed to produce executable
FAIL: gcc.dg/vect/vect-26.c (test for excess errors)
WARNING: gcc.dg/vect/vect-26.c compilation failed to produce executable
FAIL: gcc.dg/vect/vect-27.c (test for excess errors)
WARNING: gcc.dg/vect/vect-27.c compilation failed to produce executable
FAIL: gcc.dg/vect/vect-28.c (test for excess errors)
WARNING: gcc.dg/vect/vect-28.c compilation failed to produce executable
FAIL: gcc.dg/vect/vect-29.c (test for excess errors)
WARNING: gcc.dg/vect/vect-29.c compilation failed to produce executable
FAIL: gcc.dg/vect/vect-3.c (test for excess errors)
WARNING: gcc.dg/vect/vect-3.c compilation failed to produce executable
FAIL: gcc.dg/vect/vect-30.c (test for excess errors)
WARNING: gcc.dg/vect/vect-30.c compilation failed to produce executable
FAIL: gcc.dg/vect/vect-31.c (test for excess errors)
WARNING: gcc.dg/vect/vect-31.c compilation failed to produce executable
FAIL: gcc.dg/vect/vect-32.c (test for excess errors)
WARNING: gcc.dg/vect/vect-32.c compilation failed to produce executable
FAIL: gcc.dg/vect/vect-34.c (test for excess errors)
WARNING: gcc.dg/vect/vect-34.c compilation failed to produce executable
FAIL: gcc.dg/vect/vect-36.c (test for excess errors)
WARNING: gcc.dg/vect/vect-36.c compilation failed to produce executable
FAIL: gcc.dg/vect/vect-38.c (test for excess errors)
WARNING: gcc.dg/vect/vect-38.c compilation failed to produce executable
FAIL: gcc.dg/vect/vect-4.c (test for excess errors)
WARNING: gcc.dg/vect/vect-4.c compilation failed to produce executable
FAIL: gcc.dg/vect/vect-40.c (test for excess errors)
WARNING: gcc.dg/vect/vect-40.c compilation failed to produce executable
FAIL: gcc.dg/vect/vect-42.c (test for excess errors)
WARNING: gcc.dg/vect/vect-42.c compilation failed to produce executable
FAIL: gcc.dg/vect/vect-43.c (test for excess errors)
WARNING: gcc.dg/vect/vect-43.c compilation failed to produce executable
FAIL: gcc.dg/vect/vect-44.c (test for excess errors)
WARNING: gcc.dg/vect/vect-44.c compilation failed to produce executable
FAIL: gcc.dg/vect/vect-46.c (test for excess errors)
WARNING: gcc.dg/vect/vect-46.c compilation failed to produce executable
FAIL: gcc.dg/vect/vect-48.c (test for excess errors)
WARNING: gcc.dg/vect/vect-48.c compilation failed to produce executable
FAIL: gcc.dg/vect/vect-5.c (test for excess errors)
WARNING: gcc.dg/vect/vect-5.c compilation failed to produce executable
FAIL: gcc.dg/vect/vect-50.c (test for excess errors)
WARNING: gcc.dg/vect/vect-50.c compilation failed to produce executable
FAIL: gcc.dg/vect/vect-52.c (test for excess errors)
WARNING: gcc.dg/vect/vect-52.c compilation failed to produce executable
FAIL: gcc.dg/vect/vect-54.c (test for excess errors)
WARNING: gcc.dg/vect/vect-54.c compilation failed to produce executable
FAIL: gcc.dg/vect/vect-56.c (test for excess errors)
WARNING: gcc.dg/vect/vect-56.c compilation failed to produce executable
FAIL: gcc.dg/vect/vect-58.c (test for excess errors)
WARNING: gcc.dg/vect/vect-58.c compilation failed to produce executable
FAIL: gcc.dg/vect/vect-6.c (test for excess errors)
WARNING: gcc.dg/vect/vect-6.c compilation failed to produce executable
FAIL: gcc.dg/vect/vect-60.c (test for excess errors)
WARNING: gcc.dg/vect/vect-60.c compilation failed to produce executable
FAIL: gcc.dg/vect/vect-62.c (test for excess errors)
WARNING: gcc.dg/vect/vect-62.c compilation failed to produce executable
FAIL: gcc.dg/vect/vect-64.c (test for excess errors)
WARNING: gcc.dg/vect/vect-64.c compilation failed to produce executable
FAIL: gcc.dg/vect/vect-65.c (test for excess errors)
WARNING: gcc.dg/vect/vect-65.c compilation failed to produce executable
FAIL: gcc.dg/vect/vect-66.c (test for excess errors)
WARNING: gcc.dg/vect/vect-66.c compilation failed to produce executable
FAIL: gcc.dg/vect/vect-68.c (test for excess errors)
WARNING: gcc.dg/vect/vect-68.c compilation failed to produce executable
FAIL: gcc.dg/vect/vect-69.c (test for excess errors)
WARNING: gcc.dg/vect/vect-69.c compilation failed to produce executable
FAIL: gcc.dg/vect/vect-7.c (test for excess errors)
WARNING: gcc.dg/vect/vect-7.c compilation failed to produce executable
FAIL: gcc.dg/vect/vect-70.c (test for excess errors)
WARNING: gcc.dg/vect/vect-70.c compilation failed to produce executable
FAIL: gcc.dg/vect/vect-72.c (test for excess errors)
WARNING: gcc.dg/vect/vect-72.c compilation failed to produce executable
FAIL: gcc.dg/vect/vect-73.c (test for excess errors)
WARNING: gcc.dg/vect/vect-73.c compilation failed to produce executable
FAIL: gcc.dg/vect/vect-74.c (test for excess errors)
WARNING: gcc.dg/vect/vect-74.c compilation failed to produce executable
FAIL: gcc.dg/vect/vect-75.c (test for excess errors)
WARNING: gcc.dg/vect/vect-75.c compilation failed to produce executable
FAIL: gcc.dg/vect/vect-76.c (test for excess errors)
WARNING: gcc.dg/vect/vect-76.c compilation failed to produce executable
FAIL: gcc.dg/vect/vect-77.c (test for excess errors)
WARNING: gcc.dg/vect/vect-77.c compilation failed to produce executable
FAIL: gcc.dg/vect/vect-78.c (test for excess errors)
WARNING: gcc.dg/vect/vect-78.c compilation failed to produce executable
FAIL: gcc.dg/vect/vect-8.c (test for excess errors)
WARNING: gcc.dg/vect/vect-8.c compilation failed to produce executable
FAIL: gcc.dg/vect/vect-80.c (test for excess errors)
WARNING: gcc.dg/vect/vect-80.c compilation failed to produce executable
FAIL: gcc.dg/vect/vect-86.c (test for excess errors)
WARNING: gcc.dg/vect/vect-86.c compilation failed to produce executable
FAIL: gcc.dg/vect/vect-87.c (test for excess errors)
WARNING: gcc.dg/vect/vect-87.c compilation failed to produce executable
FAIL: gcc.dg/vect/vect-88.c (test for excess errors)
WARNING: gcc.dg/vect/vect-88.c compilation failed to produce executable
FAIL: gcc.dg/vect/vect-89.c (test for excess errors)
WARNING: gcc.dg/vect/vect-89.c compilation failed to produce executable
FAIL: gcc.dg/vect/vect-9.c (test for excess errors)
WARNING: gcc.dg/vect/vect-9.c compilation failed to produce executable
FAIL: gcc.dg/vect/vect-all.c (test for excess errors)
WARNING: gcc.dg/vect/vect-all.c compilation failed to produce executable
=== gcc Summary ===
# of expected passes 32012
# of unexpected failures 98
# of unexpected successes 1
# of expected failures 99
# of unresolved testcases 1
# of untested testcases 35
# of unsupported tests 339
/export/gates/pinskia/src/gnu/gcc/src/objdir.openbsd/gcc/xgcc version 4.0.0 20050114 (experimental)
=== objc tests ===
Running target unix
FAIL: objc.dg/class-protocol-1.m (test for warnings, line 258)
FAIL: objc.dg/class-protocol-1.m (test for warnings, line 288)
FAIL: objc.dg/class-protocol-1.m (test for warnings, line 291)
FAIL: objc.dg/class-protocol-1.m (test for warnings, line 307)
FAIL: objc.dg/class-protocol-1.m (test for warnings, line 308)
FAIL: objc.dg/class-protocol-1.m (test for warnings, line 317)
FAIL: objc.dg/class-protocol-1.m (test for warnings, line 318)
FAIL: objc.dg/class-protocol-1.m (test for warnings, line 325)
FAIL: objc.dg/class-protocol-1.m (test for warnings, line 326)
FAIL: objc.dg/class-protocol-1.m (test for warnings, line 329)
FAIL: objc.dg/class-protocol-1.m (test for warnings, line 330)
FAIL: objc.dg/class-protocol-1.m (test for warnings, line 336)
FAIL: objc.dg/class-protocol-1.m (test for warnings, line 337)
FAIL: objc.dg/class-protocol-1.m (test for warnings, line 343)
FAIL: objc.dg/class-protocol-1.m (test for warnings, line 344)
FAIL: objc.dg/class-protocol-1.m (test for warnings, line 355)
FAIL: objc.dg/class-protocol-1.m (test for warnings, line 356)
FAIL: objc.dg/class-protocol-1.m (test for warnings, line 362)
FAIL: objc.dg/class-protocol-1.m (test for warnings, line 363)
FAIL: objc.dg/class-protocol-1.m (test for warnings, line 367)
FAIL: objc.dg/class-protocol-1.m (test for warnings, line 368)
FAIL: objc.dg/class-protocol-1.m (test for warnings, line 371)
FAIL: objc.dg/class-protocol-1.m (test for warnings, line 374)
FAIL: objc.dg/class-protocol-1.m (test for warnings, line 377)
FAIL: objc.dg/class-protocol-1.m (test for warnings, line 378)
FAIL: objc.dg/class-protocol-1.m (test for warnings, line 385)
FAIL: objc.dg/class-protocol-1.m (test for warnings, line 386)
FAIL: objc.dg/class-protocol-1.m (test for warnings, line 389)
FAIL: objc.dg/class-protocol-1.m (test for warnings, line 390)
FAIL: objc.dg/class-protocol-1.m (test for warnings, line 396)
FAIL: objc.dg/class-protocol-1.m (test for warnings, line 397)
FAIL: objc.dg/class-protocol-1.m (test for warnings, line 400)
FAIL: objc.dg/class-protocol-1.m (test for warnings, line 404)
FAIL: objc.dg/class-protocol-1.m (test for warnings, line 405)
FAIL: objc.dg/class-protocol-1.m (test for warnings, line 407)
FAIL: objc.dg/class-protocol-1.m (test for warnings, line 408)
FAIL: objc.dg/class-protocol-1.m (test for warnings, line 419)
FAIL: objc.dg/class-protocol-1.m (test for warnings, line 420)
FAIL: objc.dg/class-protocol-1.m (test for warnings, line 426)
FAIL: objc.dg/class-protocol-1.m (test for warnings, line 427)
FAIL: objc.dg/comp-types-3.m (test for warnings, line 59)
FAIL: objc.dg/comp-types-3.m (test for warnings, line 60)
FAIL: objc.dg/comp-types-4.m (test for warnings, line 44)
FAIL: objc.dg/comp-types-4.m (test for warnings, line 45)
FAIL: objc.dg/comp-types-4.m (test for warnings, line 47)
FAIL: objc.dg/comp-types-4.m (test for warnings, line 48)
FAIL: objc.dg/comp-types-4.m (test for warnings, line 49)
FAIL: objc.dg/comp-types-4.m (test for warnings, line 50)
FAIL: objc.dg/comp-types-4.m (test for warnings, line 52)
FAIL: objc.dg/comp-types-4.m (test for warnings, line 53)
FAIL: objc.dg/comp-types-4.m (test for warnings, line 54)
FAIL: objc.dg/comp-types-4.m (test for warnings, line 55)
FAIL: objc.dg/comp-types-4.m (test for warnings, line 57)
FAIL: objc.dg/comp-types-4.m (test for warnings, line 58)
FAIL: objc.dg/comp-types-4.m (test for warnings, line 59)
FAIL: objc.dg/comp-types-4.m (test for warnings, line 60)
FAIL: objc.dg/comp-types-4.m (test for warnings, line 62)
FAIL: objc.dg/comp-types-4.m (test for warnings, line 63)
FAIL: objc.dg/comp-types-4.m (test for warnings, line 64)
FAIL: objc.dg/comp-types-4.m (test for warnings, line 65)
FAIL: objc.dg/comp-types-4.m (test for warnings, line 67)
FAIL: objc.dg/comp-types-4.m (test for warnings, line 68)
FAIL: objc.dg/comp-types-4.m (test for warnings, line 69)
FAIL: objc.dg/comp-types-4.m (test for warnings, line 70)
FAIL: objc.dg/stabs-1.m scan-assembler .text"?\\n\\t.stabs.*100,0,0,(\\\\.)?L?Letext[0-9]*\\n(\\\\.)?L?Letext
=== objc Summary ===
# of expected passes 1463
# of unexpected failures 65
# of unsupported tests 10
/export/gates/pinskia/src/gnu/gcc/src/objdir.openbsd/gcc/xgcc version 4.0.0 20050114 (experimental)
=== libstdc++ tests ===
Running target unix
FAIL: 26_numerics/complex/13450.cc (test for excess errors)
WARNING: 26_numerics/complex/13450.cc compilation failed to produce executable
FAIL: 26_numerics/complex/complex_value.cc (test for excess errors)
WARNING: 26_numerics/complex/complex_value.cc compilation failed to produce executable
FAIL: 26_numerics/complex/pow.cc (test for excess errors)
WARNING: 26_numerics/complex/pow.cc compilation failed to produce executable
FAIL: 27_io/basic_filebuf/close/12790-1.cc execution test
FAIL: 27_io/basic_filebuf/close/char/1.cc execution test
FAIL: 27_io/basic_filebuf/close/char/4879.cc execution test
FAIL: 27_io/basic_filebuf/close/char/9964.cc execution test
FAIL: 27_io/basic_filebuf/imbue/char/2.cc execution test
FAIL: 27_io/basic_filebuf/is_open/char/1.cc execution test
FAIL: 27_io/basic_filebuf/open/char/1.cc execution test
WARNING: program timed out.
FAIL: 27_io/basic_filebuf/open/char/9507.cc execution test
FAIL: 27_io/basic_filebuf/sbumpc/char/9825.cc execution test
FAIL: 27_io/basic_filebuf/seekoff/12790-1.cc execution test
FAIL: 27_io/basic_filebuf/seekoff/12790-2.cc execution test
FAIL: 27_io/basic_filebuf/seekoff/12790-3.cc execution test
FAIL: 27_io/basic_filebuf/seekoff/12790-4.cc execution test
FAIL: 27_io/basic_filebuf/seekoff/char/1-in.cc execution test
FAIL: 27_io/basic_filebuf/seekoff/char/1-io.cc execution test
FAIL: 27_io/basic_filebuf/seekoff/char/1-out.cc execution test
FAIL: 27_io/basic_filebuf/seekoff/char/11543.cc execution test
FAIL: 27_io/basic_filebuf/seekoff/char/2-in.cc execution test
FAIL: 27_io/basic_filebuf/seekoff/char/2-io.cc execution test
FAIL: 27_io/basic_filebuf/seekoff/char/2-out.cc execution test
FAIL: 27_io/basic_filebuf/seekoff/char/3-in.cc execution test
FAIL: 27_io/basic_filebuf/seekoff/char/3-io.cc execution test
FAIL: 27_io/basic_filebuf/seekoff/char/3-out.cc execution test
FAIL: 27_io/basic_filebuf/seekpos/12790-1.cc execution test
FAIL: 27_io/basic_filebuf/seekpos/12790-2.cc execution test
FAIL: 27_io/basic_filebuf/seekpos/12790-3.cc execution test
FAIL: 27_io/basic_filebuf/seekpos/char/1-in.cc execution test
FAIL: 27_io/basic_filebuf/seekpos/char/1-io.cc execution test
FAIL: 27_io/basic_filebuf/seekpos/char/1-out.cc execution test
FAIL: 27_io/basic_filebuf/seekpos/char/2-in.cc execution test
FAIL: 27_io/basic_filebuf/seekpos/char/2-io.cc execution test
FAIL: 27_io/basic_filebuf/seekpos/char/2-out.cc execution test
FAIL: 27_io/basic_filebuf/seekpos/char/3-in.cc execution test
FAIL: 27_io/basic_filebuf/seekpos/char/3-io.cc execution test
FAIL: 27_io/basic_filebuf/seekpos/char/3-out.cc execution test
WARNING: program timed out.
FAIL: 27_io/basic_filebuf/showmanyc/char/9533-1.cc execution test
FAIL: 27_io/basic_filebuf/sputbackc/char/1-in.cc execution test
FAIL: 27_io/basic_filebuf/sputbackc/char/1-io.cc execution test
FAIL: 27_io/basic_filebuf/sputbackc/char/2-in.cc execution test
FAIL: 27_io/basic_filebuf/sputbackc/char/2-io.cc execution test
FAIL: 27_io/basic_filebuf/sungetc/char/1-in.cc execution test
FAIL: 27_io/basic_filebuf/sungetc/char/1-io.cc execution test
FAIL: 27_io/basic_filebuf/sungetc/char/2-in.cc execution test
FAIL: 27_io/basic_filebuf/sungetc/char/2-io.cc execution test
FAIL: 27_io/basic_filebuf/underflow/char/10097.cc execution test
FAIL: 27_io/basic_istream/seekg/char/fstream.cc execution test
FAIL: 27_io/basic_istream/tellg/char/1.cc execution test
FAIL: 27_io/basic_istream/tellg/char/fstream.cc execution test
FAIL: 27_io/basic_ostream/seekp/char/2346-fstream.cc execution test
FAIL: 27_io/basic_ostream/tellp/char/1.cc execution test
FAIL: 27_io/basic_streambuf/in_avail/char/9701-3.cc execution test
FAIL: 27_io/objects/char/7.cc execution test
FAIL: 27_io/objects/char/9661-1.cc execution test
=== libstdc++ Summary ===
# of expected passes 2298
# of unexpected failures 56
# of expected failures 4
Compiler version: 4.0.0 20050114 (experimental)
Platform: i686-unknown-openbsd3.1
configure flags: --target=i686-unknown-openbsd3.1 --host=i686-unknown-openbsd3.1 --build=i686-unknown-openbsd3.1 --disable-nls --verbose --enable-cpp --prefix=/home/gates/pinskia/openbsd --enable-shared --disable-libmudflap --enable-languages=c,c++,objc