This is the mail archive of the
gcc-testresults@gcc.gnu.org
mailing list for the GCC project.
Results for 3.4.3 testsuite on alphaev7-dec-osf5.1
- From: Caspar Administrator for NLH <nlhadm at nlh dot no>
- To: gcc-testresults at gcc dot gnu dot org
- Date: Mon, 10 Jan 2005 10:58:21 +0100 (CET)
- Subject: Results for 3.4.3 testsuite on alphaev7-dec-osf5.1
Built on GS1280 Tru64 5.1B-PK4
The compiler works fine, but on linking C++ programs, huge amounts of warnings about
ignored second definitions are shown. The resulting code works fine.LAST_UPDATED: Obtained from CVS: -rgcc_3_4_3_release
Native configuration is alphaev7-dec-osf5.1
=== libstdc++ tests ===
Running target unix
FAIL: 22_locale/collate/compare/wchar_t/2.cc (test for excess errors)
WARNING: 22_locale/collate/compare/wchar_t/2.cc compilation failed to produce executable
FAIL: 22_locale/collate/compare/wchar_t/wrapped_env.cc (test for excess errors)
WARNING: 22_locale/collate/compare/wchar_t/wrapped_env.cc compilation failed to produce executable
FAIL: 22_locale/collate/compare/wchar_t/wrapped_locale.cc (test for excess errors)
WARNING: 22_locale/collate/compare/wchar_t/wrapped_locale.cc compilation failed to produce executable
FAIL: 22_locale/collate/hash/wchar_t/2.cc (test for excess errors)
WARNING: 22_locale/collate/hash/wchar_t/2.cc compilation failed to produce executable
FAIL: 22_locale/collate/hash/wchar_t/wrapped_env.cc (test for excess errors)
WARNING: 22_locale/collate/hash/wchar_t/wrapped_env.cc compilation failed to produce executable
FAIL: 22_locale/collate/hash/wchar_t/wrapped_locale.cc (test for excess errors)
WARNING: 22_locale/collate/hash/wchar_t/wrapped_locale.cc compilation failed to produce executable
FAIL: 22_locale/collate/transform/wchar_t/2.cc (test for excess errors)
WARNING: 22_locale/collate/transform/wchar_t/2.cc compilation failed to produce executable
FAIL: 22_locale/collate/transform/wchar_t/wrapped_env.cc (test for excess errors)
WARNING: 22_locale/collate/transform/wchar_t/wrapped_env.cc compilation failed to produce executable
FAIL: 22_locale/collate/transform/wchar_t/wrapped_locale.cc (test for excess errors)
WARNING: 22_locale/collate/transform/wchar_t/wrapped_locale.cc compilation failed to produce executable
XPASS: 22_locale/locale/cons/12658_thread.cc execution test
WARNING: program timed out.
FAIL: 27_io/basic_filebuf/open/char/9507.cc execution test
WARNING: program timed out.
FAIL: thread/pthread1.cc execution test
=== libstdc++ Summary ===
# of expected passes 2703
# of unexpected failures 11
# of unexpected successes 1
# of expected failures 5
=== g++ tests ===
Running target unix
ERROR: g++.dg/abi/rtti1.C: error executing dg-final: couldn't execute "c++filt": no such file or directory
UNRESOLVED: g++.dg/abi/rtti1.C: error executing dg-final: couldn't execute "c++filt": no such file or directory
FAIL: g++.dg/opt/range-test-1.C (test for excess errors)
XPASS: g++.dg/rtti/tinfo1.C scan-assembler _ZTIP9CTemplateIhE:
XPASS: g++.dg/rtti/tinfo1.C scan-assembler-not .globl[ \\t]+_ZTIP9CTemplateIhE
XPASS: g++.dg/rtti/tinfo1.C scan-assembler-not .section[^\\n\\r]*_ZTIP9CTemplateIhE[^\\n\\r]*
FAIL: g++.dg/pch/system-1.C -g assembly comparison
FAIL: g++.dg/pch/system-2.C -g assembly comparison
WARNING: g++.old-deja/g++.mike/p10769a.C compilation failed to produce executable
WARNING: program timed out.
WARNING: g++.old-deja/g++.other/enum5.C compilation failed to produce executable
WARNING: g++.old-deja/g++.pt/friend44.C compilation failed to produce executable
=== g++ Summary ===
# of expected passes 9633
# of unexpected failures 3
# of unexpected successes 3
# of expected failures 71
# of unresolved testcases 1
# of unsupported tests 83
/scratch/nlhadm/build/gcc-3.4.3.build/gcc/testsuite/../g++ version 3.4.3
=== g77 tests ===
Running target unix
=== g77 Summary ===
# of expected passes 1812
# of unsupported tests 6
/scratch/nlhadm/build/gcc-3.4.3.build/gcc/testsuite/../g77 version 3.4.3
=== gcc tests ===
Running target unix
FAIL: gcc.c-torture/compile/920625-2.c (test for excess errors)
FAIL: gcc.c-torture/compile/labels-3.c (test for excess errors)
FAIL: gcc.c-torture/compile/labels-3.c (test for excess errors)
FAIL: gcc.c-torture/compile/labels-3.c (test for excess errors)
FAIL: gcc.c-torture/compile/labels-3.c (test for excess errors)
FAIL: gcc.c-torture/compile/labels-3.c (test for excess errors)
FAIL: gcc.c-torture/compile/labels-3.c (test for excess errors)
FAIL: gcc.c-torture/execute/regstack-1.c execution, -O1
FAIL: gcc.c-torture/execute/ieee/20010226-1.c execution, -O1
FAIL: gcc.c-torture/execute/ieee/inf-1.c execution, -O1
FAIL: gcc.dg/20040123-1.c scan-assembler abort
FAIL: gcc.dg/array-quals-1.c scan-assembler-not \\\\.data(?!\\\\.rel\\\\.ro)
FAIL: gcc.dg/builtins-18.c (test for excess errors)
FAIL: gcc.dg/range-test-1.c (test for excess errors)
UNRESOLVED: gcc.dg/visibility-1.c
UNRESOLVED: gcc.dg/visibility-2.c
UNRESOLVED: gcc.dg/visibility-3.c
UNRESOLVED: gcc.dg/visibility-4.c
UNRESOLVED: gcc.dg/visibility-5.c
UNRESOLVED: gcc.dg/visibility-6.c
UNRESOLVED: gcc.dg/visibility-7.c
UNRESOLVED: gcc.dg/visibility-8.c
FAIL: gcc.dg/pch/static-1.c -O0 -g assembly comparison
FAIL: gcc.dg/pch/static-2.c -O0 -g assembly comparison
FAIL: gcc.dg/pch/static-3.c -O0 -g assembly comparison
=== gcc Summary ===
# of expected passes 24388
# of unexpected failures 17
# of expected failures 78
# of unresolved testcases 8
# of untested testcases 7
# of unsupported tests 353
/scratch/nlhadm/build/gcc-3.4.3.build/gcc/xgcc version 3.4.3
Compiler version: 3.4.3
Platform: alphaev7-dec-osf5.1
configure flags: --prefix=/opt/nlh/gcc-3.4.3 --enable-languages=c,c++,f77 --enable-threads