This is the mail archive of the
gcc-testresults@gcc.gnu.org
mailing list for the GCC project.
Results for 4.0.0 20050109 (experimental) gfortran testsuite on powerpc-ibm-aix5.1.0.0
- From: Francois-Xavier Coudert <coudert at lcp dot u-psud dot fr>
- To: gcc-testresults at gcc dot gnu dot org
- Date: Mon, 10 Jan 2005 02:17:31 +0100
- Subject: Results for 4.0.0 20050109 (experimental) gfortran testsuite on powerpc-ibm-aix5.1.0.0
LAST_UPDATED:
Native configuration is powerpc-ibm-aix5.1.0.0
=== gfortran tests ===
Running target unix
XPASS: gfortran.dg/ret_pointer_1.f90 -O0 execution test
XPASS: gfortran.dg/ret_pointer_1.f90 -O1 execution test
XPASS: gfortran.dg/ret_pointer_1.f90 -O2 execution test
XPASS: gfortran.dg/ret_pointer_1.f90 -O3 -fomit-frame-pointer execution test
XPASS: gfortran.dg/ret_pointer_1.f90 -O3 -fomit-frame-pointer -funroll-loops execution test
XPASS: gfortran.dg/ret_pointer_1.f90 -O3 -fomit-frame-pointer -funroll-all-loops -finline-functions execution test
XPASS: gfortran.dg/ret_pointer_1.f90 -O3 -g execution test
XPASS: gfortran.dg/ret_pointer_1.f90 -Os execution test
FAIL: gfortran.dg/scale_1.f90 -O0 (test for excess errors)
WARNING: gfortran.dg/scale_1.f90 -O0 compilation failed to produce executable
FAIL: gfortran.dg/scale_1.f90 -O1 (test for excess errors)
WARNING: gfortran.dg/scale_1.f90 -O1 compilation failed to produce executable
FAIL: gfortran.dg/scale_1.f90 -O2 (test for excess errors)
WARNING: gfortran.dg/scale_1.f90 -O2 compilation failed to produce executable
FAIL: gfortran.dg/scale_1.f90 -O3 -fomit-frame-pointer (test for excess errors)
WARNING: gfortran.dg/scale_1.f90 -O3 -fomit-frame-pointer compilation failed to produce executable
FAIL: gfortran.dg/scale_1.f90 -O3 -fomit-frame-pointer -funroll-loops (test for excess errors)
WARNING: gfortran.dg/scale_1.f90 -O3 -fomit-frame-pointer -funroll-loops compilation failed to produce executable
FAIL: gfortran.dg/scale_1.f90 -O3 -fomit-frame-pointer -funroll-all-loops -finline-functions (test for excess errors)
WARNING: gfortran.dg/scale_1.f90 -O3 -fomit-frame-pointer -funroll-all-loops -finline-functions compilation failed to produce executable
FAIL: gfortran.dg/scale_1.f90 -O3 -g (test for excess errors)
WARNING: gfortran.dg/scale_1.f90 -O3 -g compilation failed to produce executable
FAIL: gfortran.dg/scale_1.f90 -Os (test for excess errors)
WARNING: gfortran.dg/scale_1.f90 -Os compilation failed to produce executable
FAIL: gfortran.dg/g77/erfc.f -O0 execution test
FAIL: gfortran.dg/g77/erfc.f -O1 execution test
FAIL: gfortran.dg/g77/erfc.f -O2 execution test
FAIL: gfortran.dg/g77/erfc.f -O3 -fomit-frame-pointer execution test
FAIL: gfortran.dg/g77/erfc.f -O3 -fomit-frame-pointer -funroll-loops execution test
FAIL: gfortran.dg/g77/erfc.f -O3 -fomit-frame-pointer -funroll-all-loops -finline-functions execution test
FAIL: gfortran.dg/g77/erfc.f -O3 -g execution test
FAIL: gfortran.dg/g77/erfc.f -Os execution test
FAIL: gfortran.dg/g77/intrinsic-unix-erf.f -O0 execution test
FAIL: gfortran.dg/g77/intrinsic-unix-erf.f -O1 execution test
FAIL: gfortran.dg/g77/intrinsic-unix-erf.f -O2 execution test
FAIL: gfortran.dg/g77/intrinsic-unix-erf.f -O3 -fomit-frame-pointer execution test
FAIL: gfortran.dg/g77/intrinsic-unix-erf.f -O3 -fomit-frame-pointer -funroll-loops execution test
FAIL: gfortran.dg/g77/intrinsic-unix-erf.f -O3 -fomit-frame-pointer -funroll-all-loops -finline-functions execution test
FAIL: gfortran.dg/g77/intrinsic-unix-erf.f -O3 -g execution test
FAIL: gfortran.dg/g77/intrinsic-unix-erf.f -Os execution test
FAIL: gfortran.fortran-torture/execute/csqrt_1.f90 execution, -O0
FAIL: gfortran.fortran-torture/execute/csqrt_1.f90 execution, -O1
FAIL: gfortran.fortran-torture/execute/csqrt_1.f90 execution, -O2
FAIL: gfortran.fortran-torture/execute/csqrt_1.f90 execution, -O3 -fomit-frame-pointer
FAIL: gfortran.fortran-torture/execute/csqrt_1.f90 execution, -O3 -fomit-frame-pointer -funroll-loops
FAIL: gfortran.fortran-torture/execute/csqrt_1.f90 execution, -O3 -fomit-frame-pointer -funroll-all-loops -finline-functions
FAIL: gfortran.fortran-torture/execute/csqrt_1.f90 execution, -O3 -g
FAIL: gfortran.fortran-torture/execute/csqrt_1.f90 execution, -Os
FAIL: gfortran.fortran-torture/execute/forall_3.f90 execution, -O0
FAIL: gfortran.fortran-torture/execute/forall_3.f90 execution, -O1
FAIL: gfortran.fortran-torture/execute/forall_3.f90 execution, -O2
FAIL: gfortran.fortran-torture/execute/forall_3.f90 execution, -O3 -fomit-frame-pointer
FAIL: gfortran.fortran-torture/execute/forall_3.f90 execution, -O3 -fomit-frame-pointer -funroll-loops
FAIL: gfortran.fortran-torture/execute/forall_3.f90 execution, -O3 -fomit-frame-pointer -funroll-all-loops -finline-functions
FAIL: gfortran.fortran-torture/execute/forall_3.f90 execution, -O3 -g
FAIL: gfortran.fortran-torture/execute/forall_3.f90 execution, -Os
FAIL: gfortran.fortran-torture/execute/intrinsic_aint_anint.f90 execution, -O0
FAIL: gfortran.fortran-torture/execute/intrinsic_aint_anint.f90 execution, -O1
FAIL: gfortran.fortran-torture/execute/intrinsic_aint_anint.f90 execution, -O2
FAIL: gfortran.fortran-torture/execute/intrinsic_aint_anint.f90 execution, -O3 -fomit-frame-pointer
FAIL: gfortran.fortran-torture/execute/intrinsic_aint_anint.f90 execution, -O3 -fomit-frame-pointer -funroll-loops
FAIL: gfortran.fortran-torture/execute/intrinsic_aint_anint.f90 execution, -O3 -fomit-frame-pointer -funroll-all-loops -finline-functions
FAIL: gfortran.fortran-torture/execute/intrinsic_aint_anint.f90 execution, -O3 -g
FAIL: gfortran.fortran-torture/execute/intrinsic_aint_anint.f90 execution, -Os
FAIL: gfortran.fortran-torture/execute/intrinsic_dummy.f90 execution, -O0
FAIL: gfortran.fortran-torture/execute/intrinsic_dummy.f90 execution, -O1
FAIL: gfortran.fortran-torture/execute/intrinsic_dummy.f90 execution, -O2
FAIL: gfortran.fortran-torture/execute/intrinsic_dummy.f90 execution, -O3 -fomit-frame-pointer
FAIL: gfortran.fortran-torture/execute/intrinsic_dummy.f90 execution, -O3 -fomit-frame-pointer -funroll-loops
FAIL: gfortran.fortran-torture/execute/intrinsic_dummy.f90 execution, -O3 -fomit-frame-pointer -funroll-all-loops -finline-functions
FAIL: gfortran.fortran-torture/execute/intrinsic_dummy.f90 execution, -O3 -g
FAIL: gfortran.fortran-torture/execute/intrinsic_dummy.f90 execution, -Os
FAIL: gfortran.fortran-torture/execute/intrinsic_nearest.f90 execution, -O0
FAIL: gfortran.fortran-torture/execute/intrinsic_nearest.f90 execution, -O1
FAIL: gfortran.fortran-torture/execute/intrinsic_nearest.f90 execution, -O2
FAIL: gfortran.fortran-torture/execute/intrinsic_nearest.f90 execution, -O3 -fomit-frame-pointer
FAIL: gfortran.fortran-torture/execute/intrinsic_nearest.f90 execution, -O3 -fomit-frame-pointer -funroll-loops
FAIL: gfortran.fortran-torture/execute/intrinsic_nearest.f90 execution, -O3 -fomit-frame-pointer -funroll-all-loops -finline-functions
FAIL: gfortran.fortran-torture/execute/intrinsic_nearest.f90 execution, -O3 -g
FAIL: gfortran.fortran-torture/execute/intrinsic_nearest.f90 execution, -Os
FAIL: gfortran.fortran-torture/execute/intrinsic_scale.f90 compilation, -O0
FAIL: gfortran.fortran-torture/execute/intrinsic_scale.f90 compilation, -O1
FAIL: gfortran.fortran-torture/execute/intrinsic_scale.f90 compilation, -O2
FAIL: gfortran.fortran-torture/execute/intrinsic_scale.f90 compilation, -O3 -fomit-frame-pointer
FAIL: gfortran.fortran-torture/execute/intrinsic_scale.f90 compilation, -O3 -fomit-frame-pointer -funroll-loops
FAIL: gfortran.fortran-torture/execute/intrinsic_scale.f90 compilation, -O3 -fomit-frame-pointer -funroll-all-loops -finline-functions
FAIL: gfortran.fortran-torture/execute/intrinsic_scale.f90 compilation, -O3 -g
FAIL: gfortran.fortran-torture/execute/intrinsic_scale.f90 compilation, -Os
FAIL: gfortran.fortran-torture/execute/intrinsic_set_exponent.f90 execution, -O0
FAIL: gfortran.fortran-torture/execute/intrinsic_set_exponent.f90 execution, -O1
FAIL: gfortran.fortran-torture/execute/intrinsic_set_exponent.f90 execution, -O2
FAIL: gfortran.fortran-torture/execute/intrinsic_set_exponent.f90 execution, -O3 -fomit-frame-pointer
FAIL: gfortran.fortran-torture/execute/intrinsic_set_exponent.f90 execution, -O3 -fomit-frame-pointer -funroll-loops
FAIL: gfortran.fortran-torture/execute/intrinsic_set_exponent.f90 execution, -O3 -fomit-frame-pointer -funroll-all-loops -finline-functions
FAIL: gfortran.fortran-torture/execute/intrinsic_set_exponent.f90 execution, -O3 -g
FAIL: gfortran.fortran-torture/execute/intrinsic_set_exponent.f90 execution, -Os
FAIL: gfortran.fortran-torture/execute/intrinsic_si_kind.f90 execution, -O0
FAIL: gfortran.fortran-torture/execute/intrinsic_si_kind.f90 execution, -O1
FAIL: gfortran.fortran-torture/execute/intrinsic_si_kind.f90 execution, -O2
FAIL: gfortran.fortran-torture/execute/intrinsic_si_kind.f90 execution, -O3 -fomit-frame-pointer
FAIL: gfortran.fortran-torture/execute/intrinsic_si_kind.f90 execution, -O3 -fomit-frame-pointer -funroll-loops
FAIL: gfortran.fortran-torture/execute/intrinsic_si_kind.f90 execution, -O3 -fomit-frame-pointer -funroll-all-loops -finline-functions
FAIL: gfortran.fortran-torture/execute/intrinsic_si_kind.f90 execution, -O3 -g
FAIL: gfortran.fortran-torture/execute/intrinsic_si_kind.f90 execution, -Os
FAIL: gfortran.fortran-torture/execute/math.f90 execution, -O0
FAIL: gfortran.fortran-torture/execute/math.f90 execution, -O1
FAIL: gfortran.fortran-torture/execute/math.f90 execution, -O2
FAIL: gfortran.fortran-torture/execute/math.f90 execution, -O3 -fomit-frame-pointer
FAIL: gfortran.fortran-torture/execute/math.f90 execution, -O3 -fomit-frame-pointer -funroll-loops
FAIL: gfortran.fortran-torture/execute/math.f90 execution, -O3 -fomit-frame-pointer -funroll-all-loops -finline-functions
FAIL: gfortran.fortran-torture/execute/math.f90 execution, -O3 -g
FAIL: gfortran.fortran-torture/execute/math.f90 execution, -Os
FAIL: gfortran.fortran-torture/execute/power.f90 execution, -O0
FAIL: gfortran.fortran-torture/execute/power.f90 execution, -O1
FAIL: gfortran.fortran-torture/execute/power.f90 execution, -O2
FAIL: gfortran.fortran-torture/execute/power.f90 execution, -O3 -fomit-frame-pointer
FAIL: gfortran.fortran-torture/execute/power.f90 execution, -O3 -fomit-frame-pointer -funroll-loops
FAIL: gfortran.fortran-torture/execute/power.f90 execution, -O3 -fomit-frame-pointer -funroll-all-loops -finline-functions
FAIL: gfortran.fortran-torture/execute/power.f90 execution, -O3 -g
FAIL: gfortran.fortran-torture/execute/power.f90 execution, -Os
FAIL: gfortran.fortran-torture/execute/specifics.f90 execution, -O0
FAIL: gfortran.fortran-torture/execute/specifics.f90 execution, -O1
FAIL: gfortran.fortran-torture/execute/specifics.f90 execution, -O2
FAIL: gfortran.fortran-torture/execute/specifics.f90 execution, -O3 -fomit-frame-pointer
FAIL: gfortran.fortran-torture/execute/specifics.f90 execution, -O3 -fomit-frame-pointer -funroll-loops
FAIL: gfortran.fortran-torture/execute/specifics.f90 execution, -O3 -fomit-frame-pointer -funroll-all-loops -finline-functions
FAIL: gfortran.fortran-torture/execute/specifics.f90 execution, -O3 -g
FAIL: gfortran.fortran-torture/execute/specifics.f90 execution, -Os
=== gfortran Summary ===
# of expected passes 4789
# of unexpected failures 112
# of unexpected successes 8
# of expected failures 18
# of untested testcases 8
# of unsupported tests 8
/tmp/gfortran-20050109/ibin/gcc/testsuite/../gfortran version 4.0.0 20050109 (experimental)
Compiler version: 4.0.0 20050109 (experimental) gfortran
Platform: powerpc-ibm-aix5.1.0.0
configure flags: --prefix=/tmp/gfortran-20050109/irun --enable-languages=c,f95,;t t