This is the mail archive of the
gcc-testresults@gcc.gnu.org
mailing list for the GCC project.
Results for 4.0.0 20050103 (experimental) testsuite on hppa2.0w-hp-hpux11.11
- From: John David Anglin <dave at hiauly3 dot hia dot nrc dot ca>
- To: dave at hiauly3 dot hia dot nrc dot ca, gcc-testresults at gcc dot gnu dot org
- Date: Mon, 3 Jan 2005 13:30:13 -0500 (EST)
- Subject: Results for 4.0.0 20050103 (experimental) testsuite on hppa2.0w-hp-hpux11.11
LAST_UPDATED: Mon Jan 3 04:26:14 UTC 2005
Native configuration is hppa2.0w-hp-hpux11.11
=== g++ tests ===
Running target unix
FAIL: g++.dg/abi/inline1.C scan-assembler-not _ZTV1S
UNRESOLVED: g++.dg/ext/weak1.C
UNRESOLVED: g++.dg/init/init-ref4.C
FAIL: g++.dg/rtti/tinfo1.C scan-assembler _ZTIP9CTemplateIhE[: \\t]
XPASS: g++.dg/warn/Wunused-9.C (test for warnings, line 32)
UNRESOLVED: g++.dg/warn/weak1.C
UNRESOLVED: g++.old-deja/g++.ext/attrib5.C
WARNING: g++.old-deja/g++.mike/p10769a.C compilation failed to produce executable
UNRESOLVED: g++.old-deja/g++.pt/static3.C
=== g++ Summary ===
# of expected passes 10233
# of unexpected failures 2
# of unexpected successes 1
# of expected failures 73
# of unresolved testcases 5
# of unsupported tests 130
/mnt/gnu/gcc-3.3/objdir/gcc/testsuite/../g++ version 4.0.0 20050103 (experimental)
=== gcc tests ===
Running target unix
FAIL: gcc.dg/attr-alias-2.c (test for excess errors)
XPASS: gcc.dg/const-elim-1.c scan-assembler-not L\\\\\$?C[^A-Z]
UNRESOLVED: gcc.dg/darwin-weakimport-1.c
UNRESOLVED: gcc.dg/special/weak-1.c
UNRESOLVED: gcc.dg/special/weak-2.c
UNRESOLVED: gcc.dg/special/wkali-1.c
UNRESOLVED: gcc.dg/special/wkali-2.c
UNRESOLVED: gcc.dg/weak/typeof-2.c
UNRESOLVED: gcc.dg/weak/weak-1.c
UNRESOLVED: gcc.dg/weak/weak-10.c
UNRESOLVED: gcc.dg/weak/weak-11.c
UNRESOLVED: gcc.dg/weak/weak-2.c
UNRESOLVED: gcc.dg/weak/weak-3.c
UNRESOLVED: gcc.dg/weak/weak-4.c
UNRESOLVED: gcc.dg/weak/weak-5.c
UNRESOLVED: gcc.dg/weak/weak-6.c
UNRESOLVED: gcc.dg/weak/weak-7.c
UNRESOLVED: gcc.dg/weak/weak-8.c
UNRESOLVED: gcc.dg/weak/weak-9.c
=== gcc Summary ===
# of expected passes 31225
# of unexpected failures 1
# of unexpected successes 1
# of expected failures 74
# of unresolved testcases 17
# of untested testcases 28
# of unsupported tests 510
/mnt/gnu/gcc-3.3/objdir/gcc/xgcc version 4.0.0 20050103 (experimental)
=== gfortran tests ===
Running target unix
XPASS: gfortran.dg/ret_pointer_1.f90 -O0 execution test
XPASS: gfortran.dg/ret_pointer_1.f90 -O1 execution test
XPASS: gfortran.dg/ret_pointer_1.f90 -O2 execution test
XPASS: gfortran.dg/ret_pointer_1.f90 -O3 -fomit-frame-pointer execution test
XPASS: gfortran.dg/ret_pointer_1.f90 -O3 -fomit-frame-pointer -funroll-loops execution test
XPASS: gfortran.dg/ret_pointer_1.f90 -O3 -fomit-frame-pointer -funroll-all-loops -finline-functions execution test
XPASS: gfortran.dg/ret_pointer_1.f90 -O3 -g execution test
XPASS: gfortran.dg/ret_pointer_1.f90 -Os execution test
FAIL: gfortran.dg/g77/980628-0.f -O0 execution test
FAIL: gfortran.dg/g77/980628-0.f -O1 execution test
FAIL: gfortran.dg/g77/980628-0.f -O2 execution test
FAIL: gfortran.dg/g77/980628-0.f -O3 -fomit-frame-pointer execution test
FAIL: gfortran.dg/g77/980628-0.f -O3 -fomit-frame-pointer -funroll-loops execution test
FAIL: gfortran.dg/g77/980628-0.f -O3 -fomit-frame-pointer -funroll-all-loops -finline-functions execution test
FAIL: gfortran.dg/g77/980628-0.f -O3 -g execution test
FAIL: gfortran.dg/g77/980628-0.f -Os execution test
FAIL: gfortran.dg/g77/980628-1.f -O0 execution test
FAIL: gfortran.dg/g77/980628-1.f -O1 execution test
FAIL: gfortran.dg/g77/980628-1.f -O2 execution test
FAIL: gfortran.dg/g77/980628-1.f -O3 -fomit-frame-pointer execution test
FAIL: gfortran.dg/g77/980628-1.f -O3 -fomit-frame-pointer -funroll-loops execution test
FAIL: gfortran.dg/g77/980628-1.f -O3 -fomit-frame-pointer -funroll-all-loops -finline-functions execution test
FAIL: gfortran.dg/g77/980628-1.f -O3 -g execution test
FAIL: gfortran.dg/g77/980628-1.f -Os execution test
FAIL: gfortran.dg/g77/980628-10.f -O0 execution test
FAIL: gfortran.dg/g77/980628-10.f -O1 execution test
FAIL: gfortran.dg/g77/980628-10.f -O2 execution test
FAIL: gfortran.dg/g77/980628-10.f -O3 -fomit-frame-pointer execution test
FAIL: gfortran.dg/g77/980628-10.f -O3 -fomit-frame-pointer -funroll-loops execution test
FAIL: gfortran.dg/g77/980628-10.f -O3 -fomit-frame-pointer -funroll-all-loops -finline-functions execution test
FAIL: gfortran.dg/g77/980628-10.f -O3 -g execution test
FAIL: gfortran.dg/g77/980628-10.f -Os execution test
FAIL: gfortran.dg/g77/980628-2.f -O0 execution test
FAIL: gfortran.dg/g77/980628-2.f -O1 execution test
FAIL: gfortran.dg/g77/980628-2.f -O2 execution test
FAIL: gfortran.dg/g77/980628-2.f -O3 -fomit-frame-pointer execution test
FAIL: gfortran.dg/g77/980628-2.f -O3 -fomit-frame-pointer -funroll-loops execution test
FAIL: gfortran.dg/g77/980628-2.f -O3 -fomit-frame-pointer -funroll-all-loops -finline-functions execution test
FAIL: gfortran.dg/g77/980628-2.f -O3 -g execution test
FAIL: gfortran.dg/g77/980628-2.f -Os execution test
FAIL: gfortran.dg/g77/980628-3.f -O0 execution test
FAIL: gfortran.dg/g77/980628-3.f -O1 execution test
FAIL: gfortran.dg/g77/980628-3.f -O2 execution test
FAIL: gfortran.dg/g77/980628-3.f -O3 -fomit-frame-pointer execution test
FAIL: gfortran.dg/g77/980628-3.f -O3 -fomit-frame-pointer -funroll-loops execution test
FAIL: gfortran.dg/g77/980628-3.f -O3 -fomit-frame-pointer -funroll-all-loops -finline-functions execution test
FAIL: gfortran.dg/g77/980628-3.f -O3 -g execution test
FAIL: gfortran.dg/g77/980628-3.f -Os execution test
FAIL: gfortran.dg/g77/980628-7.f -O0 execution test
FAIL: gfortran.dg/g77/980628-7.f -O1 execution test
FAIL: gfortran.dg/g77/980628-7.f -O2 execution test
FAIL: gfortran.dg/g77/980628-7.f -O3 -fomit-frame-pointer execution test
FAIL: gfortran.dg/g77/980628-7.f -O3 -fomit-frame-pointer -funroll-loops execution test
FAIL: gfortran.dg/g77/980628-7.f -O3 -fomit-frame-pointer -funroll-all-loops -finline-functions execution test
FAIL: gfortran.dg/g77/980628-7.f -O3 -g execution test
FAIL: gfortran.dg/g77/980628-7.f -Os execution test
FAIL: gfortran.dg/g77/980628-8.f -O0 execution test
FAIL: gfortran.dg/g77/980628-8.f -O1 execution test
FAIL: gfortran.dg/g77/980628-8.f -O2 execution test
FAIL: gfortran.dg/g77/980628-8.f -O3 -fomit-frame-pointer execution test
FAIL: gfortran.dg/g77/980628-8.f -O3 -fomit-frame-pointer -funroll-loops execution test
FAIL: gfortran.dg/g77/980628-8.f -O3 -fomit-frame-pointer -funroll-all-loops -finline-functions execution test
FAIL: gfortran.dg/g77/980628-8.f -O3 -g execution test
FAIL: gfortran.dg/g77/980628-8.f -Os execution test
FAIL: gfortran.dg/g77/980628-9.f -O0 execution test
FAIL: gfortran.dg/g77/980628-9.f -O1 execution test
FAIL: gfortran.dg/g77/980628-9.f -O2 execution test
FAIL: gfortran.dg/g77/980628-9.f -O3 -fomit-frame-pointer execution test
FAIL: gfortran.dg/g77/980628-9.f -O3 -fomit-frame-pointer -funroll-loops execution test
FAIL: gfortran.dg/g77/980628-9.f -O3 -fomit-frame-pointer -funroll-all-loops -finline-functions execution test
FAIL: gfortran.dg/g77/980628-9.f -O3 -g execution test
FAIL: gfortran.dg/g77/980628-9.f -Os execution test
FAIL: gfortran.fortran-torture/execute/forall_3.f90 execution, -O0
FAIL: gfortran.fortran-torture/execute/forall_3.f90 execution, -O1
FAIL: gfortran.fortran-torture/execute/forall_3.f90 execution, -O2
FAIL: gfortran.fortran-torture/execute/forall_3.f90 execution, -O3 -fomit-frame-pointer
FAIL: gfortran.fortran-torture/execute/forall_3.f90 execution, -O3 -fomit-frame-pointer -funroll-loops
FAIL: gfortran.fortran-torture/execute/forall_3.f90 execution, -O3 -fomit-frame-pointer -funroll-all-loops -finline-functions
FAIL: gfortran.fortran-torture/execute/forall_3.f90 execution, -O3 -g
FAIL: gfortran.fortran-torture/execute/forall_3.f90 execution, -Os
=== gfortran Summary ===
# of expected passes 4773
# of unexpected failures 72
# of unexpected successes 8
# of expected failures 18
# of unsupported tests 8
/mnt/gnu/gcc-3.3/objdir/gcc/testsuite/../gfortran version 4.0.0 20050103 (experimental)
=== objc tests ===
Running target unix
FAIL: objc.dg/stabs-1.m scan-assembler .text"?\\n\\t.stabs.*100,0,0,(\\\\.)?L?Letext[0-9]*\\n(\\\\.)?L?Letext
UNRESOLVED: objc.dg/weak-1.m
=== objc Summary ===
# of expected passes 1525
# of unexpected failures 1
# of unresolved testcases 1
# of unsupported tests 11
/mnt/gnu/gcc-3.3/objdir/gcc/xgcc version 4.0.0 20050103 (experimental)
=== libstdc++ tests ===
Running target unix
FAIL: 26_numerics/complex/13450.cc (test for excess errors)
WARNING: 26_numerics/complex/13450.cc compilation failed to produce executable
FAIL: 26_numerics/complex/complex_value.cc (test for excess errors)
WARNING: 26_numerics/complex/complex_value.cc compilation failed to produce executable
FAIL: 26_numerics/complex/pow.cc (test for excess errors)
WARNING: 26_numerics/complex/pow.cc compilation failed to produce executable
=== libstdc++ Summary ===
# of expected passes 3314
# of unexpected failures 3
# of expected failures 5
# of unsupported tests 19
Compiler version: 4.0.0 20050103 (experimental)
Platform: hppa2.0w-hp-hpux11.11
configure flags: --with-gnu-as --with-as=/opt/gnu/bin/as --enable-shared --disable-nls --with-local-prefix=/opt/gnu --prefix=/opt/gnu/gcc/gcc-4.0.0 --enable-debug=no --enable-threads=posix --with-gmp=/opt/gnu --disable-libmudflap --enable-languages=c,c++,f95,java,objc